{"id":760655,"date":"2025-08-28T09:12:41","date_gmt":"2025-08-28T06:12:41","guid":{"rendered":"https:\/\/roveyayinevi.com.tr\/index.php\/urun\/kant-calismalari-dergisi-sayi-2\/"},"modified":"2026-04-16T03:13:30","modified_gmt":"2026-04-16T00:13:30","slug":"kant-calismalari-dergisi-sayi-2","status":"publish","type":"product","link":"https:\/\/roveyayinevi.com.tr\/index.php\/urun\/kant-calismalari-dergisi-sayi-2\/","title":{"rendered":"Kant \u00c7al\u0131\u015fmalar\u0131 Dergisi Say\u0131 2"},"content":{"rendered":"<p>Ayr\u0131 D\u00fcnyalar: \u201cTasar\u0131m Sava\u015flar\u0131\u2019n\u0131n Kant\u00e7\u0131 K\u00f6kleri Worlds Apart: The Kantian roots of the \u201cRepresentation Wars\u201d Adam Rostowski Kant\u2019\u0131n Pratik Felsefesinde \u00d6zg\u00fcrl\u00fck ve Kad\u0131n Bedeni B\u00fckem \u00d6z\u00e7eri \u00dc\u00e7\u00fcnc\u00fc Kriti\u011fin I\u015f\u0131\u011f\u0131nda Kant\u2019\u0131n D\u00fcnya Yurtta\u015f\u00e7\u0131l\u0131\u011f\u0131 Anlay\u0131\u015f\u0131: \u00c7ok K\u00fclt\u00fcrl\u00fc Bir D\u00fcnyada \u0130deal Ahlaki D\u00fcnyay\u0131 Ger\u00e7ekle\u015ftirmek Kant\u2019s Account of Cosmopolitanism in Light of the Third Critique: Realizing the Ideal Moral World in a Multicultural WorldT Turhan Yal\u00e7\u0131n Immanuel Kant\u2019\u0131n Fak\u00fclteler \u00c7at\u0131\u015fmas\u0131 ve Almanya\u2019da \u00dcniversite \u0130desinin Do\u011fu\u015fu Yusuf \u00d6rnek Fak\u00fclteler \u00c7at\u0131\u015fmas\u0131 Immanuel Kant <\/p>\n","protected":false},"excerpt":{"rendered":"<p>Ayr\u0131 D\u00fcnyalar: \u201cTasar\u0131m Sava\u015flar\u0131\u2019n\u0131n Kant\u00e7\u0131 K\u00f6kleri Worlds Apart: The Kantian roots of the \u201cRepresentation Wars\u201d Adam Rostowski Kant\u2019\u0131n Pratik Felsefesinde \u00d6zg\u00fcrl\u00fck ve Kad\u0131n Bedeni B\u00fckem \u00d6z\u00e7eri<span class=\"excerpt-hellip\"> [\u2026]<\/span><\/p>\n","protected":false},"featured_media":0,"template":"","meta":{"_monsterinsights_skip_tracking":false,"_monsterinsights_sitenote_active":false,"_monsterinsights_sitenote_note":"","_monsterinsights_sitenote_category":0},"product_brand":[],"product_cat":[13527],"product_tag":[],"class_list":{"0":"post-760655","1":"product","2":"type-product","3":"status-publish","5":"product_cat-sureli-yayinlar","6":"pa_cilt-ciltsiz","7":"pa_tur-dergi","8":"pa_yayinevi-vakifbank-kultur-yayinlari","9":"pa_yazar-kolektif","11":"first","12":"instock","13":"sale","14":"shipping-taxable","15":"purchasable","16":"product-type-simple"},"_links":{"self":[{"href":"https:\/\/roveyayinevi.com.tr\/index.php\/wp-json\/wp\/v2\/product\/760655","targetHints":{"allow":["GET"]}}],"collection":[{"href":"https:\/\/roveyayinevi.com.tr\/index.php\/wp-json\/wp\/v2\/product"}],"about":[{"href":"https:\/\/roveyayinevi.com.tr\/index.php\/wp-json\/wp\/v2\/types\/product"}],"wp:attachment":[{"href":"https:\/\/roveyayinevi.com.tr\/index.php\/wp-json\/wp\/v2\/media?parent=760655"}],"wp:term":[{"taxonomy":"product_brand","embeddable":true,"href":"https:\/\/roveyayinevi.com.tr\/index.php\/wp-json\/wp\/v2\/product_brand?post=760655"},{"taxonomy":"product_cat","embeddable":true,"href":"https:\/\/roveyayinevi.com.tr\/index.php\/wp-json\/wp\/v2\/product_cat?post=760655"},{"taxonomy":"product_tag","embeddable":true,"href":"https:\/\/roveyayinevi.com.tr\/index.php\/wp-json\/wp\/v2\/product_tag?post=760655"}],"curies":[{"name":"wp","href":"https:\/\/api.w.org\/{rel}","templated":true}]}}

Kant Çalışmaları Dergisi Sayı 2

<p>Ayrı Dünyalar: “Tasarım Savaşları’nın Kantçı Kökleri Worlds Apart: The Kantian roots of the “Representation Wars” Adam Rostowski Kant’ın Pratik Felsefesinde Özgürlük ve Kadın Bedeni Bükem Özçeri Üçüncü Kritiğin Işığında Kant’ın Dünya Yurttaşçılığı Anlayışı: Çok Kültürlü Bir Dünyada İdeal Ahlaki Dünyayı Gerçekleştirmek Kant’s Account of Cosmopolitanism in Light of the Third Critique: Realizing the Ideal Moral World in a Multicultural WorldT Turhan Yalçın Immanuel Kant’ın Fakülteler Çatışması ve Almanya’da Üniversite İdesinin Doğuşu Yusuf Örnek Fakülteler Çatışması Immanuel Kant </p>

<p>Ayrı Dünyalar: “Tasarım Savaşları’nın Kantçı Kökleri Worlds Apart: The Kantian roots of the “Representation Wars” Adam Rostowski Kant’ın Pratik Felsefesinde Özgürlük ve Kadın Bedeni Bükem Özçeri<span class="excerpt-hellip"> […]</span></p>
