{"id":760646,"date":"2025-08-28T09:12:25","date_gmt":"2025-08-28T06:12:25","guid":{"rendered":"https:\/\/roveyayinevi.com.tr\/index.php\/urun\/ogrenme-guclugu-disleksi-dikkat-eksikligi\/"},"modified":"2026-04-16T03:13:30","modified_gmt":"2026-04-16T00:13:30","slug":"ogrenme-guclugu-disleksi-dikkat-eksikligi","status":"publish","type":"product","link":"https:\/\/roveyayinevi.com.tr\/index.php\/urun\/ogrenme-guclugu-disleksi-dikkat-eksikligi\/","title":{"rendered":"\u00d6\u011frenme G\u00fc\u00e7l\u00fc\u011f\u00fc, Disleksi, Dikkat Eksikli\u011fi"},"content":{"rendered":"<p>\u00d6\u011frenme g\u00fc\u00e7l\u00fckleri, zek\u00e2 d\u00fczeyi normal olan \u00e7ocuklar\u0131n okul \u00e7a\u011f\u0131nda ciddi sorunlar ya\u015famalar\u0131na yol a\u00e7maktad\u0131r.  Her 10 ki\u015fiden birini etkileyen \u00f6\u011frenme g\u00fc\u00e7l\u00fckleri, okul \u00e7a\u011f\u0131 \u00e7ocuklar\u0131ndaki \u00f6nemli akademik sorunlar ya\u015famas\u0131na yol a\u00e7arlar. Okuma-yazma ve matematik \u00f6\u011frenmede g\u00fc\u00e7l\u00fck, ders notlar\u0131n\u0131n d\u00fc\u015f\u00fck olmas\u0131, LGS, TYT, AYT gibi s\u0131navlarda istenilen ba\u015far\u0131lar\u0131n elde edilememesi \u00f6\u011frenme g\u00fc\u00e7l\u00fckleri nedeniyle ya\u015fanabilen akademik sorunlard\u0131r. \u00d6\u011frenme g\u00fc\u00e7l\u00fckleri akademik sorunlar\u0131n yan\u0131nda psiko-sosyal sorunlar\u0131n ya\u015fanmas\u0131na da yol a\u00e7abilirler.     \u00b7         Ni\u00e7in baz\u0131 \u00e7ocuklar \u00f6\u011frenme g\u00fc\u00e7l\u00fckleri ya\u015farlar? \u00b7         \u00d6\u011frenme g\u00fc\u00e7l\u00fckleri nas\u0131l fark edilebilir? \u00b7         Disleksi, diskalkuli ve di\u011fer \u00f6\u011frenme g\u00fc\u00e7l\u00fcklerinin tan\u0131s\u0131 nas\u0131l koyulabilir? \u00b7         \u00d6\u011frenme g\u00fc\u00e7l\u00fc\u011f\u00fc olan \u00e7ocuklar\u0131m\u0131za nas\u0131l yard\u0131mc\u0131 olabiliriz? \u00b7         \u00d6\u011frenme g\u00fc\u00e7l\u00fcklerinin a\u015f\u0131lmas\u0131nda ne t\u00fcr y\u00f6ntemler kullan\u0131l\u0131r? \u00b7         E\u011fitim planlamalar\u0131 nas\u0131l olmal\u0131d\u0131r? <\/p>\n","protected":false},"excerpt":{"rendered":"<p>\u00d6\u011frenme g\u00fc\u00e7l\u00fckleri, zek\u00e2 d\u00fczeyi normal olan \u00e7ocuklar\u0131n okul \u00e7a\u011f\u0131nda ciddi sorunlar ya\u015famalar\u0131na yol a\u00e7maktad\u0131r. Her 10 ki\u015fiden birini etkileyen \u00f6\u011frenme g\u00fc\u00e7l\u00fckleri, okul \u00e7a\u011f\u0131 \u00e7ocuklar\u0131ndaki \u00f6nemli akademik<span class=\"excerpt-hellip\"> [\u2026]<\/span><\/p>\n","protected":false},"featured_media":0,"template":"","meta":{"_monsterinsights_skip_tracking":false,"_monsterinsights_sitenote_active":false,"_monsterinsights_sitenote_note":"","_monsterinsights_sitenote_category":0},"product_brand":[],"product_cat":[20502,12357],"product_tag":[],"class_list":{"0":"post-760646","1":"product","2":"type-product","3":"status-publish","5":"product_cat-basvuru-kitaplari-psikoloji","6":"product_cat-psikoloji","7":"pa_cilt-ciltsiz","8":"pa_tur-kitap","9":"pa_yayinevi-psikonet-yayinlari","10":"pa_yazar-olcay-karaca-deniz-tirit-karaca-seray-nur-cinar","12":"first","13":"instock","14":"sale","15":"shipping-taxable","16":"purchasable","17":"product-type-simple"},"_links":{"self":[{"href":"https:\/\/roveyayinevi.com.tr\/index.php\/wp-json\/wp\/v2\/product\/760646","targetHints":{"allow":["GET"]}}],"collection":[{"href":"https:\/\/roveyayinevi.com.tr\/index.php\/wp-json\/wp\/v2\/product"}],"about":[{"href":"https:\/\/roveyayinevi.com.tr\/index.php\/wp-json\/wp\/v2\/types\/product"}],"wp:attachment":[{"href":"https:\/\/roveyayinevi.com.tr\/index.php\/wp-json\/wp\/v2\/media?parent=760646"}],"wp:term":[{"taxonomy":"product_brand","embeddable":true,"href":"https:\/\/roveyayinevi.com.tr\/index.php\/wp-json\/wp\/v2\/product_brand?post=760646"},{"taxonomy":"product_cat","embeddable":true,"href":"https:\/\/roveyayinevi.com.tr\/index.php\/wp-json\/wp\/v2\/product_cat?post=760646"},{"taxonomy":"product_tag","embeddable":true,"href":"https:\/\/roveyayinevi.com.tr\/index.php\/wp-json\/wp\/v2\/product_tag?post=760646"}],"curies":[{"name":"wp","href":"https:\/\/api.w.org\/{rel}","templated":true}]}}