{"id":760611,"date":"2025-08-28T09:10:48","date_gmt":"2025-08-28T06:10:48","guid":{"rendered":"https:\/\/roveyayinevi.com.tr\/index.php\/urun\/haci-aga-3\/"},"modified":"2026-04-16T03:13:29","modified_gmt":"2026-04-16T00:13:29","slug":"haci-aga-3","status":"publish","type":"product","link":"https:\/\/roveyayinevi.com.tr\/index.php\/urun\/haci-aga-3\/","title":{"rendered":"Hac\u0131 A\u011fa"},"content":{"rendered":"<p>Her g\u00fcn avlusunda oturup misafirlerini a\u011f\u0131rlayan, ricac\u0131lar\u0131 dinleyen, ger\u00e7ek bir \u201c\u015fark kurnaz\u0131\u201d ve her d\u00f6nemin adam\u0131 olan Hac\u0131 A\u011fa, \u00e7\u0131karlar\u0131 i\u00e7in her yolu mubah g\u00f6ren mizahi bir karakterdir. Keskin, ger\u00e7ek\u00e7i bir g\u00f6zlemin \u00fcr\u00fcn\u00fc olan Hac\u0131 A\u011fa, toplumsal hiciv niteli\u011finde, sosyo-politik \u00f6zelli\u011fiyle \u00f6ne \u00e7\u0131kan bir romand\u0131r.   Sad\u0131k Hidayet bu b\u00fcy\u00fck romanda okuru \u0130kinci D\u00fcnya Sava\u015f\u0131\u2019n\u0131n b\u00fct\u00fcn \u015fiddetiyle devam etti\u011fi y\u0131llarda \u0130ran toplumunun ve siyasetinin ger\u00e7ek d\u00fcnyas\u0131na g\u00f6t\u00fcr\u00fcr; \u0130ran siyasetinin ve g\u00fcndelik hayat\u0131n\u0131n panoramas\u0131n\u0131 \u00e7izer. D\u00f6nemin \u201c\u015eark d\u00fcnyas\u0131na\u201d ironik bir \u00fcslupla yakla\u015fan Hidayet siyasilerin ve ileri gelenlerin nas\u0131l bir batakl\u0131\u011fa g\u00f6m\u00fcl\u00fcp, halk\u0131 nereye do\u011fru \u00e7ektiklerini g\u00f6zler \u00f6n\u00fcne serer. <\/p>\n","protected":false},"excerpt":{"rendered":"<p>Her g\u00fcn avlusunda oturup misafirlerini a\u011f\u0131rlayan, ricac\u0131lar\u0131 dinleyen, ger\u00e7ek bir \u201c\u015fark kurnaz\u0131\u201d ve her d\u00f6nemin adam\u0131 olan Hac\u0131 A\u011fa, \u00e7\u0131karlar\u0131 i\u00e7in her yolu mubah g\u00f6ren mizahi<span class=\"excerpt-hellip\"> [\u2026]<\/span><\/p>\n","protected":false},"featured_media":0,"template":"","meta":{"_monsterinsights_skip_tracking":false,"_monsterinsights_sitenote_active":false,"_monsterinsights_sitenote_note":"","_monsterinsights_sitenote_category":0},"product_brand":[],"product_cat":[12291,12711],"product_tag":[],"class_list":{"0":"post-760611","1":"product","2":"type-product","3":"status-publish","5":"product_cat-edebiyat","6":"product_cat-roman-oyku","7":"pa_cilt-ciltsiz","8":"pa_tur-kitap","9":"pa_yayinevi-alfa-yayinlari","10":"pa_yazar-sadik-hidayet","12":"first","13":"instock","14":"sale","15":"shipping-taxable","16":"purchasable","17":"product-type-simple"},"_links":{"self":[{"href":"https:\/\/roveyayinevi.com.tr\/index.php\/wp-json\/wp\/v2\/product\/760611","targetHints":{"allow":["GET"]}}],"collection":[{"href":"https:\/\/roveyayinevi.com.tr\/index.php\/wp-json\/wp\/v2\/product"}],"about":[{"href":"https:\/\/roveyayinevi.com.tr\/index.php\/wp-json\/wp\/v2\/types\/product"}],"wp:attachment":[{"href":"https:\/\/roveyayinevi.com.tr\/index.php\/wp-json\/wp\/v2\/media?parent=760611"}],"wp:term":[{"taxonomy":"product_brand","embeddable":true,"href":"https:\/\/roveyayinevi.com.tr\/index.php\/wp-json\/wp\/v2\/product_brand?post=760611"},{"taxonomy":"product_cat","embeddable":true,"href":"https:\/\/roveyayinevi.com.tr\/index.php\/wp-json\/wp\/v2\/product_cat?post=760611"},{"taxonomy":"product_tag","embeddable":true,"href":"https:\/\/roveyayinevi.com.tr\/index.php\/wp-json\/wp\/v2\/product_tag?post=760611"}],"curies":[{"name":"wp","href":"https:\/\/api.w.org\/{rel}","templated":true}]}}