{"id":760610,"date":"2025-08-28T09:10:47","date_gmt":"2025-08-28T06:10:47","guid":{"rendered":"https:\/\/roveyayinevi.com.tr\/index.php\/urun\/dunya-kendi-tarihini-anlatiyor\/"},"modified":"2026-04-16T03:13:29","modified_gmt":"2026-04-16T00:13:29","slug":"dunya-kendi-tarihini-anlatiyor","status":"publish","type":"product","link":"https:\/\/roveyayinevi.com.tr\/index.php\/urun\/dunya-kendi-tarihini-anlatiyor\/","title":{"rendered":"Du\u0308nya Kendi Tarihini Anlat\u0131yor"},"content":{"rendered":"<p>Bir Afrika atas\u00f6z\u00fc der ki, \u201cAslanlar kendi yazarlar\u0131n\u0131 \u00e7\u0131kar\u0131ncaya dek kitaplar avc\u0131lar\u0131 \u00f6vmeye devam edecektir.\u201d Bir gezegen aslanlardan \u00f6nce davrand\u0131. Ad\u0131 D\u00fcnya. Bu kitapta evrenin, kendisinin ve insan\u0131n \u00f6yk\u00fcs\u00fcn\u00fc anlatt\u0131. \u201cKendini benim efendim san\u0131yorsun. Ama de\u011filsin. Benim \u00fczerimde bakteriler kadar bile h\u00fckm\u00fcn yok. Zaten evrenin de benim de varolu\u015f amac\u0131m\u0131z sen de\u011filsin. Asl\u0131nda seni umursam\u0131yoruz bile. Sonsuzlukta kaybolmu\u015f, y\u00fcz milyarlarca galaksi ve trilyonlarca y\u0131ld\u0131zla bezenmi\u015f kozmik bir okyanusta d\u00f6n\u00fcp dola\u015fan k\u00fc\u00e7\u00fcc\u00fck bir gezegen \u00fczerinde ya\u015fayan bir canl\u0131 t\u00fcr\u00fcs\u00fcn. Ya\u015fama \u015fans\u0131n\u0131 bir s\u00fcr\u00fc rastlant\u0131 sonucu elde ettin. Y\u0131ld\u0131z k\u00fcl\u00fcnden yap\u0131ld\u0131n. K\u00f6kenin tesad\u00fcflerle olu\u015fan kozmik olgulara dayan\u0131yor. Kozmos, \u00f6n\u00fcnde a\u00e7\u0131k duran kocaman bir kitap. Onu oku, kendini ke\u015ffet.\u201d D\u00fcnya Kendi Tarihini Anlat\u0131yor evrenin, d\u00fcnyan\u0131n ve insan\u0131n \u00f6yk\u00fcs\u00fcn\u00fc bir nefeste okumak isteyenler i\u00e7in.  <\/p>\n","protected":false},"excerpt":{"rendered":"<p>Bir Afrika atas\u00f6z\u00fc der ki, \u201cAslanlar kendi yazarlar\u0131n\u0131 \u00e7\u0131kar\u0131ncaya dek kitaplar avc\u0131lar\u0131 \u00f6vmeye devam edecektir.\u201d Bir gezegen aslanlardan \u00f6nce davrand\u0131. Ad\u0131 D\u00fcnya. Bu kitapta evrenin, kendisinin<span class=\"excerpt-hellip\"> [\u2026]<\/span><\/p>\n","protected":false},"featured_media":0,"template":"","meta":{"_monsterinsights_skip_tracking":false,"_monsterinsights_sitenote_active":false,"_monsterinsights_sitenote_note":"","_monsterinsights_sitenote_category":0},"product_brand":[],"product_cat":[13005],"product_tag":[],"class_list":{"0":"post-760610","1":"product","2":"type-product","3":"status-publish","5":"product_cat-bilim-muhendislik","6":"pa_cilt-ciltsiz","7":"pa_tur-kitap","8":"pa_yayinevi-say-yayinlari","9":"pa_yazar-huseyin-birinci","11":"first","12":"instock","13":"sale","14":"shipping-taxable","15":"purchasable","16":"product-type-simple"},"_links":{"self":[{"href":"https:\/\/roveyayinevi.com.tr\/index.php\/wp-json\/wp\/v2\/product\/760610","targetHints":{"allow":["GET"]}}],"collection":[{"href":"https:\/\/roveyayinevi.com.tr\/index.php\/wp-json\/wp\/v2\/product"}],"about":[{"href":"https:\/\/roveyayinevi.com.tr\/index.php\/wp-json\/wp\/v2\/types\/product"}],"wp:attachment":[{"href":"https:\/\/roveyayinevi.com.tr\/index.php\/wp-json\/wp\/v2\/media?parent=760610"}],"wp:term":[{"taxonomy":"product_brand","embeddable":true,"href":"https:\/\/roveyayinevi.com.tr\/index.php\/wp-json\/wp\/v2\/product_brand?post=760610"},{"taxonomy":"product_cat","embeddable":true,"href":"https:\/\/roveyayinevi.com.tr\/index.php\/wp-json\/wp\/v2\/product_cat?post=760610"},{"taxonomy":"product_tag","embeddable":true,"href":"https:\/\/roveyayinevi.com.tr\/index.php\/wp-json\/wp\/v2\/product_tag?post=760610"}],"curies":[{"name":"wp","href":"https:\/\/api.w.org\/{rel}","templated":true}]}}