{"id":760588,"date":"2025-08-28T09:10:11","date_gmt":"2025-08-28T06:10:11","guid":{"rendered":"https:\/\/roveyayinevi.com.tr\/index.php\/urun\/ben-akilliyim\/"},"modified":"2026-04-16T03:13:29","modified_gmt":"2026-04-16T00:13:29","slug":"ben-akilliyim","status":"publish","type":"product","link":"https:\/\/roveyayinevi.com.tr\/index.php\/urun\/ben-akilliyim\/","title":{"rendered":"Ben Ak\u0131ll\u0131y\u0131m"},"content":{"rendered":"<p>Ya\u015fam\u0131n ilk y\u0131llar\u0131nda \u00e7ocuklar i\u00e7in ilgi \u00e7ekici konulardan birisi de hayvanlard\u0131r. \u00c7ocuklar hayvan karakterlere, \u00f6zellikle de kendisi gibi k\u00fc\u00e7\u00fck olanlara ilgi g\u00f6sterir. Alya, kendisi gibi \u00f6\u011frenmeyi seven ama her \u015feyi bilmeyen hayvanlarla, v\u00fccut b\u00f6l\u00fcmleri \u00fczerinden e\u011flenceli bir kar\u015f\u0131la\u015ft\u0131rma yap\u0131yor. Ancak Alya\u2019n\u0131n bir \u00fcst\u00fcnl\u00fc\u011f\u00fc var, o kitap okumay\u0131 seviyor. Kitab\u0131m\u0131z\u0131n iyi d\u00fczenlenmi\u015f resim program\u0131 sayesinde, siz \u00e7ocu\u011funuza hik\u00e2yeyi okurken o da g\u00f6rsel okuma ger\u00e7ekle\u015ftirebilecektir. \u015eimdi Alya ile tan\u0131\u015f\u0131n l\u00fctfen&#8230;<\/p>\n","protected":false},"excerpt":{"rendered":"<p>Ya\u015fam\u0131n ilk y\u0131llar\u0131nda \u00e7ocuklar i\u00e7in ilgi \u00e7ekici konulardan birisi de hayvanlard\u0131r. \u00c7ocuklar hayvan karakterlere, \u00f6zellikle de kendisi gibi k\u00fc\u00e7\u00fck olanlara ilgi g\u00f6sterir. Alya, kendisi gibi \u00f6\u011frenmeyi<span class=\"excerpt-hellip\"> [\u2026]<\/span><\/p>\n","protected":false},"featured_media":0,"template":"","meta":{"_monsterinsights_skip_tracking":false,"_monsterinsights_sitenote_active":false,"_monsterinsights_sitenote_note":"","_monsterinsights_sitenote_category":0},"product_brand":[],"product_cat":[12274,12284],"product_tag":[],"class_list":{"0":"post-760588","1":"product","2":"type-product","3":"status-publish","5":"product_cat-cocuk-ve-genclik-kitaplari","6":"product_cat-hikayeler","7":"pa_cilt-ciltsiz","8":"pa_tur-kitap","9":"pa_yayinevi-parmak-cocuk-yayinlari","10":"pa_yazar-aycil-h-fethan","12":"first","13":"instock","14":"sale","15":"shipping-taxable","16":"purchasable","17":"product-type-simple"},"_links":{"self":[{"href":"https:\/\/roveyayinevi.com.tr\/index.php\/wp-json\/wp\/v2\/product\/760588","targetHints":{"allow":["GET"]}}],"collection":[{"href":"https:\/\/roveyayinevi.com.tr\/index.php\/wp-json\/wp\/v2\/product"}],"about":[{"href":"https:\/\/roveyayinevi.com.tr\/index.php\/wp-json\/wp\/v2\/types\/product"}],"wp:attachment":[{"href":"https:\/\/roveyayinevi.com.tr\/index.php\/wp-json\/wp\/v2\/media?parent=760588"}],"wp:term":[{"taxonomy":"product_brand","embeddable":true,"href":"https:\/\/roveyayinevi.com.tr\/index.php\/wp-json\/wp\/v2\/product_brand?post=760588"},{"taxonomy":"product_cat","embeddable":true,"href":"https:\/\/roveyayinevi.com.tr\/index.php\/wp-json\/wp\/v2\/product_cat?post=760588"},{"taxonomy":"product_tag","embeddable":true,"href":"https:\/\/roveyayinevi.com.tr\/index.php\/wp-json\/wp\/v2\/product_tag?post=760588"}],"curies":[{"name":"wp","href":"https:\/\/api.w.org\/{rel}","templated":true}]}}