{"id":760573,"date":"2025-08-28T09:09:47","date_gmt":"2025-08-28T06:09:47","guid":{"rendered":"https:\/\/roveyayinevi.com.tr\/index.php\/urun\/gocmen-balik\/"},"modified":"2026-04-16T03:13:28","modified_gmt":"2026-04-16T00:13:28","slug":"gocmen-balik","status":"publish","type":"product","link":"https:\/\/roveyayinevi.com.tr\/index.php\/urun\/gocmen-balik\/","title":{"rendered":"G\u00f6\u00e7men Bal\u0131k"},"content":{"rendered":"<p>\u201cBu dalga nereye gider?\u201d diye seslendi bal\u0131k. Cevab\u0131 beklemeden atlad\u0131 dalgan\u0131n s\u0131rt\u0131na. Sorusunu duyacak kimse de yoktu ya! Bir nehir elbette akacakt\u0131 daha b\u00fcy\u00fck bir suya. Bizimki b\u0131rakt\u0131 kendini suyun ak\u0131\u015f\u0131na.   Bir dalgan\u0131n s\u0131rt\u0131nda beklenmedik bir maceraya at\u0131lan bu merakl\u0131 bal\u0131k yolda kimlerle kar\u015f\u0131la\u015facak dersiniz? Gizem Darendelio\u011flu&#8217;nun yazd\u0131\u011f\u0131 ve resimledi\u011fi G\u00f6\u00e7men Bal\u0131k reng\u00e2renk, \u00e7ok sesli, macera ve hayat dolu bir yolculuk hik\u00e2yesi&#8230; <\/p>\n","protected":false},"excerpt":{"rendered":"<p>\u201cBu dalga nereye gider?\u201d diye seslendi bal\u0131k. Cevab\u0131 beklemeden atlad\u0131 dalgan\u0131n s\u0131rt\u0131na. Sorusunu duyacak kimse de yoktu ya! Bir nehir elbette akacakt\u0131 daha b\u00fcy\u00fck bir suya.<span class=\"excerpt-hellip\"> [\u2026]<\/span><\/p>\n","protected":false},"featured_media":0,"template":"","meta":{"_monsterinsights_skip_tracking":false,"_monsterinsights_sitenote_active":false,"_monsterinsights_sitenote_note":"","_monsterinsights_sitenote_category":0},"product_brand":[],"product_cat":[12274,12284],"product_tag":[],"class_list":{"0":"post-760573","1":"product","2":"type-product","3":"status-publish","5":"product_cat-cocuk-ve-genclik-kitaplari","6":"product_cat-hikayeler","7":"pa_cilt-ciltsiz","8":"pa_tur-kitap","9":"pa_yayinevi-yapi-kredi-yayinlari","10":"pa_yazar-gizem-darendelioglu","12":"first","13":"instock","14":"sale","15":"shipping-taxable","16":"purchasable","17":"product-type-simple"},"_links":{"self":[{"href":"https:\/\/roveyayinevi.com.tr\/index.php\/wp-json\/wp\/v2\/product\/760573","targetHints":{"allow":["GET"]}}],"collection":[{"href":"https:\/\/roveyayinevi.com.tr\/index.php\/wp-json\/wp\/v2\/product"}],"about":[{"href":"https:\/\/roveyayinevi.com.tr\/index.php\/wp-json\/wp\/v2\/types\/product"}],"wp:attachment":[{"href":"https:\/\/roveyayinevi.com.tr\/index.php\/wp-json\/wp\/v2\/media?parent=760573"}],"wp:term":[{"taxonomy":"product_brand","embeddable":true,"href":"https:\/\/roveyayinevi.com.tr\/index.php\/wp-json\/wp\/v2\/product_brand?post=760573"},{"taxonomy":"product_cat","embeddable":true,"href":"https:\/\/roveyayinevi.com.tr\/index.php\/wp-json\/wp\/v2\/product_cat?post=760573"},{"taxonomy":"product_tag","embeddable":true,"href":"https:\/\/roveyayinevi.com.tr\/index.php\/wp-json\/wp\/v2\/product_tag?post=760573"}],"curies":[{"name":"wp","href":"https:\/\/api.w.org\/{rel}","templated":true}]}}