{"id":760554,"date":"2025-08-28T09:09:18","date_gmt":"2025-08-28T06:09:18","guid":{"rendered":"https:\/\/roveyayinevi.com.tr\/index.php\/urun\/durdurulamaz-zihinsel-ve-fiziksel-ustunlugun-sirlari\/"},"modified":"2026-04-03T03:18:04","modified_gmt":"2026-04-03T00:18:04","slug":"durdurulamaz-zihinsel-ve-fiziksel-ustunlugun-sirlari","status":"publish","type":"product","link":"https:\/\/roveyayinevi.com.tr\/index.php\/urun\/durdurulamaz-zihinsel-ve-fiziksel-ustunlugun-sirlari\/","title":{"rendered":"Durdurulamaz &#8211; Zihinsel ve Fiziksel \u00dcst\u00fcnl\u00fc\u011f\u00fcn S\u0131rlar\u0131"},"content":{"rendered":"<p>\u201cJordan, Kobe ve Dwyane&#8217;in Antren\u00f6r\u00fcnden \u0130lham Verici Bir Rehber\u201d Efsanevi antren\u00f6r Tim S. Grover, yirmi y\u0131l\u0131 a\u015fk\u0131n kariyerinde, aralar\u0131nda Michael Jordan, Kobe Bryant, Dwyane Wade\u2019in de bulundu\u011fu onlarca sporcuyu \u00e7al\u0131\u015ft\u0131r\u0131p hepsini daha da b\u00fcy\u00fck birer isim h\u00e2line getirdi. Art\u0131k onun i\u00e7in s\u0131rada i\u015fin p\u00fcf noktalar\u0131n\u0131 herkesle payla\u015fmak ve daha b\u00fcy\u00fck olmaya giden yolda gerekenleri a\u00e7\u0131klamak var. Son derece net ve ac\u0131mas\u0131z \u00fcslubuyla Grover, elinizdeki kitapta \u201cdurdurulamaz\u201d olmay\u0131 on \u00fc\u00e7 maddede \u00f6zetliyor. Sporda, i\u015f d\u00fcnyas\u0131nda ve hayat\u0131n geri kalan her alan\u0131nda di\u011ferlerinden ayr\u0131\u015fanlar\u0131n, ba\u015far\u0131l\u0131 olanlar\u0131n temel \u00f6zelliklerini detayland\u0131r\u0131yor. Nas\u0131l i\u00e7g\u00fcd\u00fclerinize g\u00fcvenebilece\u011finiz, \u201calana\u201d girebilece\u011finiz, durumu kontrol edebilece\u011finiz ve rakibinizin zay\u0131f noktas\u0131n\u0131 bulabilece\u011finiz Tim Grover\u2019\u0131n kaleminin ard\u0131nda sakl\u0131. \u0130lham veren hik\u00e2yeler bar\u0131nd\u0131ran ve en iyilerin i\u00e7 d\u00fcnyas\u0131na \u0131\u015f\u0131k tutan Durdurulamaz, zihinsel ve fiziksel \u00fcst\u00fcnl\u00fc\u011f\u00fcn s\u0131rlar\u0131n\u0131 sizlere ula\u015ft\u0131r\u0131yor. <\/p>\n","protected":false},"excerpt":{"rendered":"<p>\u201cJordan, Kobe ve Dwyane&#8217;in Antren\u00f6r\u00fcnden \u0130lham Verici Bir Rehber\u201d Efsanevi antren\u00f6r Tim S. Grover, yirmi y\u0131l\u0131 a\u015fk\u0131n kariyerinde, aralar\u0131nda Michael Jordan, Kobe Bryant, Dwyane Wade\u2019in de<span class=\"excerpt-hellip\"> [\u2026]<\/span><\/p>\n","protected":false},"featured_media":0,"template":"","meta":{"_monsterinsights_skip_tracking":false,"_monsterinsights_sitenote_active":false,"_monsterinsights_sitenote_note":"","_monsterinsights_sitenote_category":0},"product_brand":[],"product_cat":[12364,12376],"product_tag":[],"class_list":{"0":"post-760554","1":"product","2":"type-product","3":"status-publish","5":"product_cat-genel-konular","6":"product_cat-kisisel-gelisim","7":"pa_cilt-ciltsiz","8":"pa_tur-kitap","9":"pa_yayinevi-profil-kitap","10":"pa_yazar-tim-s-grover-shari-lesser-wenk","12":"first","13":"instock","14":"sale","15":"shipping-taxable","16":"purchasable","17":"product-type-simple"},"_links":{"self":[{"href":"https:\/\/roveyayinevi.com.tr\/index.php\/wp-json\/wp\/v2\/product\/760554","targetHints":{"allow":["GET"]}}],"collection":[{"href":"https:\/\/roveyayinevi.com.tr\/index.php\/wp-json\/wp\/v2\/product"}],"about":[{"href":"https:\/\/roveyayinevi.com.tr\/index.php\/wp-json\/wp\/v2\/types\/product"}],"wp:attachment":[{"href":"https:\/\/roveyayinevi.com.tr\/index.php\/wp-json\/wp\/v2\/media?parent=760554"}],"wp:term":[{"taxonomy":"product_brand","embeddable":true,"href":"https:\/\/roveyayinevi.com.tr\/index.php\/wp-json\/wp\/v2\/product_brand?post=760554"},{"taxonomy":"product_cat","embeddable":true,"href":"https:\/\/roveyayinevi.com.tr\/index.php\/wp-json\/wp\/v2\/product_cat?post=760554"},{"taxonomy":"product_tag","embeddable":true,"href":"https:\/\/roveyayinevi.com.tr\/index.php\/wp-json\/wp\/v2\/product_tag?post=760554"}],"curies":[{"name":"wp","href":"https:\/\/api.w.org\/{rel}","templated":true}]}}