{"id":760543,"date":"2025-08-28T09:08:57","date_gmt":"2025-08-28T06:08:57","guid":{"rendered":"https:\/\/roveyayinevi.com.tr\/index.php\/urun\/gunesin-gece-hayati\/"},"modified":"2026-04-16T03:13:28","modified_gmt":"2026-04-16T00:13:28","slug":"gunesin-gece-hayati","status":"publish","type":"product","link":"https:\/\/roveyayinevi.com.tr\/index.php\/urun\/gunesin-gece-hayati\/","title":{"rendered":"G\u00fcne\u015fin Gece Hayat\u0131"},"content":{"rendered":"<p>Yine birka\u00e7 sat\u0131r karalarken akl\u0131ma geldi birden. G\u00fcnd\u00fczleri pe\u015fimizde bir g\u00f6lge gibi dola\u015fan g\u00fcne\u015f ne yapar ortadan kaybolunca?   Hi\u00e7 merak etmediniz mi g\u00fcne\u015fin gece hayat\u0131n\u0131?   Soru \u00e7ok basit asl\u0131nda. Cevab\u0131 da\u2026   Yine bir yerlere do\u011fup, bir yerlerde batmakla me\u015fguld\u00fcr herh\u00e2lde.   Peki siz hangi kalplerde do\u011fup hangi kalplerde bat\u0131yorsunuz hi\u00e7 d\u00fc\u015f\u00fcnd\u00fcn\u00fcz m\u00fc?   Ben senin kalbinde ne zaman do\u011fdum ne zaman batt\u0131m bilmiyorum ama sen bende bir do\u011fdun\u2026 Bat\u0131ramad\u0131m g\u00fcne\u015fini\u2026   G\u00fcne\u015ften \u00e7ok da bir fark\u0131m\u0131z yok asl\u0131nda.   Ve \u015funu anlad\u0131m\u2026   Bir insan\u0131n i\u00e7ini \u0131s\u0131tmakla, can\u0131n\u0131 yakmak aras\u0131nda \u00e7ok ince bir \u00e7izgi var\u2026<\/p>\n","protected":false},"excerpt":{"rendered":"<p>Yine birka\u00e7 sat\u0131r karalarken akl\u0131ma geldi birden. G\u00fcnd\u00fczleri pe\u015fimizde bir g\u00f6lge gibi dola\u015fan g\u00fcne\u015f ne yapar ortadan kaybolunca? Hi\u00e7 merak etmediniz mi g\u00fcne\u015fin gece hayat\u0131n\u0131? Soru<span class=\"excerpt-hellip\"> [\u2026]<\/span><\/p>\n","protected":false},"featured_media":0,"template":"","meta":{"_monsterinsights_skip_tracking":false,"_monsterinsights_sitenote_active":false,"_monsterinsights_sitenote_note":"","_monsterinsights_sitenote_category":0},"product_brand":[],"product_cat":[12291,12711],"product_tag":[],"class_list":{"0":"post-760543","1":"product","2":"type-product","3":"status-publish","5":"product_cat-edebiyat","6":"product_cat-roman-oyku","7":"pa_cilt-ciltsiz","8":"pa_tur-kitap","9":"pa_yayinevi-elpis-yayinlari","10":"pa_yazar-onur-kozak","12":"first","13":"instock","14":"sale","15":"shipping-taxable","16":"purchasable","17":"product-type-simple"},"_links":{"self":[{"href":"https:\/\/roveyayinevi.com.tr\/index.php\/wp-json\/wp\/v2\/product\/760543","targetHints":{"allow":["GET"]}}],"collection":[{"href":"https:\/\/roveyayinevi.com.tr\/index.php\/wp-json\/wp\/v2\/product"}],"about":[{"href":"https:\/\/roveyayinevi.com.tr\/index.php\/wp-json\/wp\/v2\/types\/product"}],"wp:attachment":[{"href":"https:\/\/roveyayinevi.com.tr\/index.php\/wp-json\/wp\/v2\/media?parent=760543"}],"wp:term":[{"taxonomy":"product_brand","embeddable":true,"href":"https:\/\/roveyayinevi.com.tr\/index.php\/wp-json\/wp\/v2\/product_brand?post=760543"},{"taxonomy":"product_cat","embeddable":true,"href":"https:\/\/roveyayinevi.com.tr\/index.php\/wp-json\/wp\/v2\/product_cat?post=760543"},{"taxonomy":"product_tag","embeddable":true,"href":"https:\/\/roveyayinevi.com.tr\/index.php\/wp-json\/wp\/v2\/product_tag?post=760543"}],"curies":[{"name":"wp","href":"https:\/\/api.w.org\/{rel}","templated":true}]}}