{"id":760535,"date":"2025-08-28T09:08:45","date_gmt":"2025-08-28T06:08:45","guid":{"rendered":"https:\/\/roveyayinevi.com.tr\/index.php\/urun\/gizemli-orhun-yazitlari\/"},"modified":"2026-04-16T03:13:27","modified_gmt":"2026-04-16T00:13:27","slug":"gizemli-orhun-yazitlari","status":"publish","type":"product","link":"https:\/\/roveyayinevi.com.tr\/index.php\/urun\/gizemli-orhun-yazitlari\/","title":{"rendered":"Gizemli Orhun Yaz\u0131tlar\u0131"},"content":{"rendered":"<p>\u201cBiz ge\u00e7mi\u015fi unutabiliriz ama bu ya\u015fanmad\u0131\u011f\u0131 anlam\u0131na gelmez.\u201d  Bet\u00fcl, Heves ve Batuhan, Okan \u00d6\u011fretmen\u2019le beraber \u00d6t\u00fcken b\u00f6lgesinde bir yolculu\u011fa \u00e7\u0131k\u0131yor. Bu yolculukta yeni arkada\u015flar edinirken ilk T\u00fcrk devletlerini yak\u0131ndan tan\u0131ma f\u0131rsat\u0131 da buluyorlar. Hem de \u00e7ok yak\u0131ndan&#8230; \u00c7\u00fcnk\u00fc Orhun Yaz\u0131tlar\u0131, onlar\u0131 717 y\u0131l\u0131na g\u00f6nderiyor! Kendilerini bamba\u015fka bir evrende bulan kahramanlar\u0131m\u0131z bir yandan ota\u011fda ya\u015fama ayak uydurmaya \u00e7al\u0131\u015f\u0131rken bir yandan da eve d\u00f6nmenin yollar\u0131n\u0131 ara\u015ft\u0131r\u0131yor. Siz de bu maceran\u0131n bir par\u00e7as\u0131 olup ilk T\u00fcrk devletlerinike\u015ffedebilirsiniz!<\/p>\n","protected":false},"excerpt":{"rendered":"<p>\u201cBiz ge\u00e7mi\u015fi unutabiliriz ama bu ya\u015fanmad\u0131\u011f\u0131 anlam\u0131na gelmez.\u201d Bet\u00fcl, Heves ve Batuhan, Okan \u00d6\u011fretmen\u2019le beraber \u00d6t\u00fcken b\u00f6lgesinde bir yolculu\u011fa \u00e7\u0131k\u0131yor. Bu yolculukta yeni arkada\u015flar edinirken ilk<span class=\"excerpt-hellip\"> [\u2026]<\/span><\/p>\n","protected":false},"featured_media":0,"template":"","meta":{"_monsterinsights_skip_tracking":false,"_monsterinsights_sitenote_active":false,"_monsterinsights_sitenote_note":"","_monsterinsights_sitenote_category":0},"product_brand":[],"product_cat":[12274],"product_tag":[],"class_list":{"0":"post-760535","1":"product","2":"type-product","3":"status-publish","5":"product_cat-cocuk-ve-genclik-kitaplari","6":"pa_cilt-ciltsiz","7":"pa_tur-kitap","8":"pa_yayinevi-masalperest-ozel-urun","9":"pa_yazar-tesfire-gunes","11":"first","12":"instock","13":"sale","14":"shipping-taxable","15":"purchasable","16":"product-type-simple"},"_links":{"self":[{"href":"https:\/\/roveyayinevi.com.tr\/index.php\/wp-json\/wp\/v2\/product\/760535","targetHints":{"allow":["GET"]}}],"collection":[{"href":"https:\/\/roveyayinevi.com.tr\/index.php\/wp-json\/wp\/v2\/product"}],"about":[{"href":"https:\/\/roveyayinevi.com.tr\/index.php\/wp-json\/wp\/v2\/types\/product"}],"wp:attachment":[{"href":"https:\/\/roveyayinevi.com.tr\/index.php\/wp-json\/wp\/v2\/media?parent=760535"}],"wp:term":[{"taxonomy":"product_brand","embeddable":true,"href":"https:\/\/roveyayinevi.com.tr\/index.php\/wp-json\/wp\/v2\/product_brand?post=760535"},{"taxonomy":"product_cat","embeddable":true,"href":"https:\/\/roveyayinevi.com.tr\/index.php\/wp-json\/wp\/v2\/product_cat?post=760535"},{"taxonomy":"product_tag","embeddable":true,"href":"https:\/\/roveyayinevi.com.tr\/index.php\/wp-json\/wp\/v2\/product_tag?post=760535"}],"curies":[{"name":"wp","href":"https:\/\/api.w.org\/{rel}","templated":true}]}}