{"id":760530,"date":"2025-08-28T09:08:36","date_gmt":"2025-08-28T06:08:36","guid":{"rendered":"https:\/\/roveyayinevi.com.tr\/index.php\/urun\/agacmisim\/"},"modified":"2026-04-16T03:13:27","modified_gmt":"2026-04-16T00:13:27","slug":"agacmisim","status":"publish","type":"product","link":"https:\/\/roveyayinevi.com.tr\/index.php\/urun\/agacmisim\/","title":{"rendered":"A\u011fa\u00e7m\u0131\u015f\u0131m"},"content":{"rendered":"<p>S\u00f6z\u00fcn \u00f6z\u00fc; \u00e7i\u00e7ek dostum, az\u0131kda\u015f\u0131m, can karde\u015fim, a\u011fa\u00e7lar hep y\u0131\u011far biriktirir, b\u00fcy\u00fcr geli\u015fir \u00f6m\u00fcrleri boyunca. Oysa insanlar sadece \u00e7ocukken b\u00fcy\u00fcy\u00fcp geli\u015febilir, \u00e7ocukken yenilenip gen\u00e7le\u015febilir yaln\u0131zca. O y\u00fczden az\u0131kda\u015f\u0131m t\u00fcm \u00e7ocuklar a\u011fa\u00e7t\u0131r, A\u011fa\u00e7lar da birer ebed\u00ee \u00e7ocuk. Unutma!   \u0130smail Keskin, A\u011fa\u00e7m\u0131\u015f\u0131m\u2019da, \u00e7ocuk edebiyat\u0131nda pek az rastlanan \u015fiirsel hik\u00e2ye dilini kullan\u0131yor. Dizelerinde bir \u00e7ocu\u011fun kalbiyle, bir a\u011fac\u0131n i\u00e7tenli\u011fiyle sevgiyi, vefay\u0131 ve do\u011fan\u0131n dengesini anlat\u0131yor.<\/p>\n","protected":false},"excerpt":{"rendered":"<p>S\u00f6z\u00fcn \u00f6z\u00fc; \u00e7i\u00e7ek dostum, az\u0131kda\u015f\u0131m, can karde\u015fim, a\u011fa\u00e7lar hep y\u0131\u011far biriktirir, b\u00fcy\u00fcr geli\u015fir \u00f6m\u00fcrleri boyunca. Oysa insanlar sadece \u00e7ocukken b\u00fcy\u00fcy\u00fcp geli\u015febilir, \u00e7ocukken yenilenip gen\u00e7le\u015febilir yaln\u0131zca. O<span class=\"excerpt-hellip\"> [\u2026]<\/span><\/p>\n","protected":false},"featured_media":0,"template":"","meta":{"_monsterinsights_skip_tracking":false,"_monsterinsights_sitenote_active":false,"_monsterinsights_sitenote_note":"","_monsterinsights_sitenote_category":0},"product_brand":[],"product_cat":[12274],"product_tag":[],"class_list":{"0":"post-760530","1":"product","2":"type-product","3":"status-publish","5":"product_cat-cocuk-ve-genclik-kitaplari","6":"pa_cilt-ciltsiz","7":"pa_tur-kitap","8":"pa_yayinevi-everest-yayinlari","9":"pa_yazar-ismail-keskin","11":"first","12":"instock","13":"sale","14":"shipping-taxable","15":"purchasable","16":"product-type-simple"},"_links":{"self":[{"href":"https:\/\/roveyayinevi.com.tr\/index.php\/wp-json\/wp\/v2\/product\/760530","targetHints":{"allow":["GET"]}}],"collection":[{"href":"https:\/\/roveyayinevi.com.tr\/index.php\/wp-json\/wp\/v2\/product"}],"about":[{"href":"https:\/\/roveyayinevi.com.tr\/index.php\/wp-json\/wp\/v2\/types\/product"}],"wp:attachment":[{"href":"https:\/\/roveyayinevi.com.tr\/index.php\/wp-json\/wp\/v2\/media?parent=760530"}],"wp:term":[{"taxonomy":"product_brand","embeddable":true,"href":"https:\/\/roveyayinevi.com.tr\/index.php\/wp-json\/wp\/v2\/product_brand?post=760530"},{"taxonomy":"product_cat","embeddable":true,"href":"https:\/\/roveyayinevi.com.tr\/index.php\/wp-json\/wp\/v2\/product_cat?post=760530"},{"taxonomy":"product_tag","embeddable":true,"href":"https:\/\/roveyayinevi.com.tr\/index.php\/wp-json\/wp\/v2\/product_tag?post=760530"}],"curies":[{"name":"wp","href":"https:\/\/api.w.org\/{rel}","templated":true}]}}