{"id":760524,"date":"2025-08-28T09:08:27","date_gmt":"2025-08-28T06:08:27","guid":{"rendered":"https:\/\/roveyayinevi.com.tr\/index.php\/urun\/omr-i-edebi-2\/"},"modified":"2026-04-16T03:13:27","modified_gmt":"2026-04-16T00:13:27","slug":"omr-i-edebi-2","status":"publish","type":"product","link":"https:\/\/roveyayinevi.com.tr\/index.php\/urun\/omr-i-edebi-2\/","title":{"rendered":"\u00d6mr-i Edebi 2"},"content":{"rendered":"<p>par\u00e7a yapt\u0131\u011f\u0131ndan vapura biner binmez yukar\u0131ya \u00e7\u0131kt\u0131m. D\u00f6rt be\u015f saatten beri beynimi yoran gazete s\u00fctunlar\u0131 yerine ba\u015fka manzaralar seyretmeye karar verdim. Fakat kabil mi? Gazete m\u00fcvezzinin [da\u011f\u0131t\u0131c\u0131] biri elime bir \u2018Piti Jurnal\u2019 s\u0131k\u0131\u015ft\u0131rd\u0131. Resimlerine bakt\u0131m, \u015fu konuyu okuyay\u0131m derken Haydarpa\u015fa \u00f6n\u00fcne geldik. Art\u0131k elimden b\u0131rakt\u0131m. K\u00f6y, y\u0131\u011f\u0131n y\u0131\u011f\u0131n haneleri, r\u0131ht\u0131m\u0131 ile manzur oluyordu. Takarr\u00fcp ettik\u00e7e [yakla\u015ft\u0131k\u00e7a] seviniyordum.\u201d On dokuzuncu y\u00fczy\u0131l Osmanl\u0131 matbuat d\u00fcnyas\u0131n\u0131n \u00f6nde gelen isimlerinden biri olan Ahmet Rasim\u2019in \u00d6mr-i Edeb\u00ee adl\u0131 eseri, Latin harfleriyle ilk kez okurla bulu\u015fuyor. \u00d6mr-i Edeb\u00ee\u2019nin \u00fc\u00e7\u00fcnc\u00fc ve d\u00f6rd\u00fcnc\u00fc ciltlerini bir araya getiren bu kitap, modernle\u015fen Osmanl\u0131 toplumunun g\u00fcndelik ya\u015fam\u0131n\u0131 detayl\u0131 bir \u015fekilde ele al\u0131yor. Yazar\u0131n gen\u00e7lik hat\u0131ralar\u0131n\u0131n yan\u0131nda, \u0130stanbul\u2019un manzaralar\u0131 ve semtleriyle edeb\u00ee bir co\u011frafya olarak yer ald\u0131\u011f\u0131 bu eser, g\u00fcndelik hayat\u0131n d\u00f6n\u00fc\u015f\u00fcm s\u00fcre\u00e7lerini, bunun ki\u015filere ve kurumlara nas\u0131l etki etti\u011fini okuyucular\u0131na g\u00f6sterirken, karakterlerin de\u011fil duygular\u0131n derinlemesine i\u015flendi\u011fi bir anlat\u0131 sunuyor. A\u015fk\u0131n ve melankolinin Osmanl\u0131 yaz\u0131n\u0131ndaki yans\u0131malar\u0131na dikkatle e\u011filen kitap, edebiyatseverlere zengin bir deneyim vaat ediyor. D\u00f6nemin ruhunu ve toplumsal dokusunu anlamak isteyen her okura bir pencere a\u00e7an \u00d6mr-i Edeb\u00ee 2, Osmanl\u0131 yaz\u0131n\u0131ndaki t\u00fcrsel \u00e7e\u015fitlili\u011fin \u00f6nemli bir \u00f6rne\u011fi olarak Vak\u0131fBank K\u00fclt\u00fcr Yay\u0131nlar\u0131 etiketiyle okurlar\u0131n\u0131 bekliyor. <\/p>\n","protected":false},"excerpt":{"rendered":"<p>par\u00e7a yapt\u0131\u011f\u0131ndan vapura biner binmez yukar\u0131ya \u00e7\u0131kt\u0131m. D\u00f6rt be\u015f saatten beri beynimi yoran gazete s\u00fctunlar\u0131 yerine ba\u015fka manzaralar seyretmeye karar verdim. Fakat kabil mi? Gazete m\u00fcvezzinin<span class=\"excerpt-hellip\"> [\u2026]<\/span><\/p>\n","protected":false},"featured_media":0,"template":"","meta":{"_monsterinsights_skip_tracking":false,"_monsterinsights_sitenote_active":false,"_monsterinsights_sitenote_note":"","_monsterinsights_sitenote_category":0},"product_brand":[],"product_cat":[18545,12291],"product_tag":[],"class_list":{"0":"post-760524","1":"product","2":"type-product","3":"status-publish","5":"product_cat-anlati","6":"product_cat-edebiyat","7":"pa_cilt-ciltsiz","8":"pa_tur-kitap","9":"pa_yayinevi-vakifbank-kultur-yayinlari","10":"pa_yazar-ahmet-rasim","12":"first","13":"instock","14":"sale","15":"shipping-taxable","16":"purchasable","17":"product-type-simple"},"_links":{"self":[{"href":"https:\/\/roveyayinevi.com.tr\/index.php\/wp-json\/wp\/v2\/product\/760524","targetHints":{"allow":["GET"]}}],"collection":[{"href":"https:\/\/roveyayinevi.com.tr\/index.php\/wp-json\/wp\/v2\/product"}],"about":[{"href":"https:\/\/roveyayinevi.com.tr\/index.php\/wp-json\/wp\/v2\/types\/product"}],"wp:attachment":[{"href":"https:\/\/roveyayinevi.com.tr\/index.php\/wp-json\/wp\/v2\/media?parent=760524"}],"wp:term":[{"taxonomy":"product_brand","embeddable":true,"href":"https:\/\/roveyayinevi.com.tr\/index.php\/wp-json\/wp\/v2\/product_brand?post=760524"},{"taxonomy":"product_cat","embeddable":true,"href":"https:\/\/roveyayinevi.com.tr\/index.php\/wp-json\/wp\/v2\/product_cat?post=760524"},{"taxonomy":"product_tag","embeddable":true,"href":"https:\/\/roveyayinevi.com.tr\/index.php\/wp-json\/wp\/v2\/product_tag?post=760524"}],"curies":[{"name":"wp","href":"https:\/\/api.w.org\/{rel}","templated":true}]}}