{"id":760520,"date":"2025-08-28T09:08:19","date_gmt":"2025-08-28T06:08:19","guid":{"rendered":"https:\/\/roveyayinevi.com.tr\/index.php\/urun\/onyargilarindan-optum-aganin-bakis-acina-selam-soyle\/"},"modified":"2026-04-16T03:13:27","modified_gmt":"2026-04-16T00:13:27","slug":"onyargilarindan-optum-aganin-bakis-acina-selam-soyle","status":"publish","type":"product","link":"https:\/\/roveyayinevi.com.tr\/index.php\/urun\/onyargilarindan-optum-aganin-bakis-acina-selam-soyle\/","title":{"rendered":"\u00d6nyarg\u0131lar\u0131ndan \u00d6pt\u00fcm Aganin Bak\u0131\u015f A\u00e7\u0131na Selam S\u00f6yle"},"content":{"rendered":"<p>Ah \u00f6nyarg\u0131lar! Ba\u015fbelas\u0131 \u00f6nyarg\u0131lar. Bi bitmediler! \u0130nsanlar\u0131n hayatlar\u0131 \u00f6nyarg\u0131lar y\u00fcz\u00fcnden mahvoluyor. \u00d6nyarg\u0131l\u0131 herkes. \u201cDe\u011filim\u201d diyen bile \u00f6nyarg\u0131l\u0131. Ben bile.  Farketmeden onca \u00f6nyarg\u0131m\u0131z var ki, insanlar\u0131 hayata bile k\u00fcst\u00fcrebiliriz. Fark\u0131nda de\u011filiz&#8230;   *Bir \u00f6nyarg\u0131y\u0131 yok etmek, atomu par\u00e7alamaktan daha zordur. Albert Einstein *Empati yap\u0131n. Ba\u015fkalar\u0131n\u0131n a\u00e7t\u0131\u011f\u0131 \u00f6nyarg\u0131 yolundan gitmek zorunda olmad\u0131\u011f\u0131n\u0131z\u0131 bilin. Atoma bile h\u00fckmetmekten bahseden insan, \u00f6nyarg\u0131lar\u0131na neden h\u00fckmedemesin ki? <\/p>\n","protected":false},"excerpt":{"rendered":"<p>Ah \u00f6nyarg\u0131lar! Ba\u015fbelas\u0131 \u00f6nyarg\u0131lar. Bi bitmediler! \u0130nsanlar\u0131n hayatlar\u0131 \u00f6nyarg\u0131lar y\u00fcz\u00fcnden mahvoluyor. \u00d6nyarg\u0131l\u0131 herkes. \u201cDe\u011filim\u201d diyen bile \u00f6nyarg\u0131l\u0131. Ben bile. Farketmeden onca \u00f6nyarg\u0131m\u0131z var ki, insanlar\u0131 hayata<span class=\"excerpt-hellip\"> [\u2026]<\/span><\/p>\n","protected":false},"featured_media":0,"template":"","meta":{"_monsterinsights_skip_tracking":false,"_monsterinsights_sitenote_active":false,"_monsterinsights_sitenote_note":"","_monsterinsights_sitenote_category":0},"product_brand":[],"product_cat":[12777,12291],"product_tag":[],"class_list":{"0":"post-760520","1":"product","2":"type-product","3":"status-publish","5":"product_cat-deneme","6":"product_cat-edebiyat","7":"pa_cilt-ciltsiz","8":"pa_tur-kitap","9":"pa_yayinevi-defne-yayinevi","10":"pa_yazar-salih-guven","12":"first","13":"instock","14":"sale","15":"shipping-taxable","16":"purchasable","17":"product-type-simple"},"_links":{"self":[{"href":"https:\/\/roveyayinevi.com.tr\/index.php\/wp-json\/wp\/v2\/product\/760520","targetHints":{"allow":["GET"]}}],"collection":[{"href":"https:\/\/roveyayinevi.com.tr\/index.php\/wp-json\/wp\/v2\/product"}],"about":[{"href":"https:\/\/roveyayinevi.com.tr\/index.php\/wp-json\/wp\/v2\/types\/product"}],"wp:attachment":[{"href":"https:\/\/roveyayinevi.com.tr\/index.php\/wp-json\/wp\/v2\/media?parent=760520"}],"wp:term":[{"taxonomy":"product_brand","embeddable":true,"href":"https:\/\/roveyayinevi.com.tr\/index.php\/wp-json\/wp\/v2\/product_brand?post=760520"},{"taxonomy":"product_cat","embeddable":true,"href":"https:\/\/roveyayinevi.com.tr\/index.php\/wp-json\/wp\/v2\/product_cat?post=760520"},{"taxonomy":"product_tag","embeddable":true,"href":"https:\/\/roveyayinevi.com.tr\/index.php\/wp-json\/wp\/v2\/product_tag?post=760520"}],"curies":[{"name":"wp","href":"https:\/\/api.w.org\/{rel}","templated":true}]}}