{"id":760498,"date":"2025-08-28T09:07:41","date_gmt":"2025-08-28T06:07:41","guid":{"rendered":"https:\/\/roveyayinevi.com.tr\/index.php\/urun\/araftaki-kendine-yolculuk\/"},"modified":"2026-04-16T03:13:27","modified_gmt":"2026-04-16T00:13:27","slug":"araftaki-kendine-yolculuk","status":"publish","type":"product","link":"https:\/\/roveyayinevi.com.tr\/index.php\/urun\/araftaki-kendine-yolculuk\/","title":{"rendered":"Araftaki Kendine Yolculuk"},"content":{"rendered":"<p>Biliyorum, herkesin kendini anlatt\u0131\u011f\u0131 ve bunun talep g\u00f6rd\u00fc\u011f\u00fc bir devirde \u201cben\u201d ile ba\u015flayan c\u00fcmleler kursam \u00e7ok daha ilgi \u00e7ekici olabilirdi. Oysa sizinle \u201cben\u201dden daha \u00f6nemli bir \u015fey konu\u015fmak istiyorum. Sizi\u2026 Sadece sizi\u2026 Belki de \u015fimdiye kadar kendinizi hep ba\u015fkalar\u0131nda arad\u0131n\u0131z. Harika hayatlar ke\u015ffettiniz ama sadece izleyicisi oldunuz. Unutmay\u0131n ki, siz kendi topra\u011f\u0131n\u0131z\u0131 kazd\u0131\u011f\u0131n\u0131zda, tohum olarak yine kendinizi bulursunuz. Ba\u015fkalar\u0131n\u0131n topra\u011f\u0131n\u0131 kazd\u0131\u011f\u0131n\u0131zda kendinize ait bir \u015feyler bulma \u015fans\u0131n\u0131z yok. \u00d6m\u00fcr sermayenizi, ba\u015fkalar\u0131n\u0131n size \u201chakikat\u201d olarak sundu\u011fu hayatlar\u0131 izlemekle ge\u00e7irmeyin. \u015eimdi, ba\u015fkas\u0131na sormak istedi\u011finiz b\u00fct\u00fcn sorular\u0131n\u0131z\u0131 kendinize sorma vakti. Gelin, kendinizi ke\u015fif yolculu\u011funa beraber \u00e7\u0131kal\u0131m. \u00c7\u00fcnk\u00fc kendinizi bilmeye hakk\u0131n\u0131z var. <\/p>\n","protected":false},"excerpt":{"rendered":"<p>Biliyorum, herkesin kendini anlatt\u0131\u011f\u0131 ve bunun talep g\u00f6rd\u00fc\u011f\u00fc bir devirde \u201cben\u201d ile ba\u015flayan c\u00fcmleler kursam \u00e7ok daha ilgi \u00e7ekici olabilirdi. Oysa sizinle \u201cben\u201dden daha \u00f6nemli bir<span class=\"excerpt-hellip\"> [\u2026]<\/span><\/p>\n","protected":false},"featured_media":0,"template":"","meta":{"_monsterinsights_skip_tracking":false,"_monsterinsights_sitenote_active":false,"_monsterinsights_sitenote_note":"","_monsterinsights_sitenote_category":0},"product_brand":[],"product_cat":[12357],"product_tag":[],"class_list":{"0":"post-760498","1":"product","2":"type-product","3":"status-publish","5":"product_cat-psikoloji","6":"pa_cilt-ciltsiz","7":"pa_tur-kitap","8":"pa_yayinevi-cinaralti-yayinlari","9":"pa_yazar-beria-nur-gurkan","11":"first","12":"instock","13":"sale","14":"shipping-taxable","15":"purchasable","16":"product-type-simple"},"_links":{"self":[{"href":"https:\/\/roveyayinevi.com.tr\/index.php\/wp-json\/wp\/v2\/product\/760498","targetHints":{"allow":["GET"]}}],"collection":[{"href":"https:\/\/roveyayinevi.com.tr\/index.php\/wp-json\/wp\/v2\/product"}],"about":[{"href":"https:\/\/roveyayinevi.com.tr\/index.php\/wp-json\/wp\/v2\/types\/product"}],"wp:attachment":[{"href":"https:\/\/roveyayinevi.com.tr\/index.php\/wp-json\/wp\/v2\/media?parent=760498"}],"wp:term":[{"taxonomy":"product_brand","embeddable":true,"href":"https:\/\/roveyayinevi.com.tr\/index.php\/wp-json\/wp\/v2\/product_brand?post=760498"},{"taxonomy":"product_cat","embeddable":true,"href":"https:\/\/roveyayinevi.com.tr\/index.php\/wp-json\/wp\/v2\/product_cat?post=760498"},{"taxonomy":"product_tag","embeddable":true,"href":"https:\/\/roveyayinevi.com.tr\/index.php\/wp-json\/wp\/v2\/product_tag?post=760498"}],"curies":[{"name":"wp","href":"https:\/\/api.w.org\/{rel}","templated":true}]}}