{"id":760494,"date":"2025-08-28T09:07:33","date_gmt":"2025-08-28T06:07:33","guid":{"rendered":"https:\/\/roveyayinevi.com.tr\/index.php\/urun\/kirmizi-koskun-esrari-2\/"},"modified":"2026-04-16T03:13:26","modified_gmt":"2026-04-16T00:13:26","slug":"kirmizi-koskun-esrari-2","status":"publish","type":"product","link":"https:\/\/roveyayinevi.com.tr\/index.php\/urun\/kirmizi-koskun-esrari-2\/","title":{"rendered":"K\u0131rm\u0131z\u0131 K\u00f6\u015fk\u2019\u00fcn Esrar\u0131"},"content":{"rendered":"<p>\u201cK\u0131rm\u0131z\u0131 K\u00f6\u015fk\u2019\u00fcn Esrar\u0131, ak\u0131llara hayret verecek derecede harikulade vakalar, d\u00fcnyada misli g\u00f6r\u00fclmemi\u015f inceliklerle dolu, \u015feytani  zek\u00e2lar\u0131n b\u00fct\u00fcn kuvvetleriyle birbiriyle \u00e7arp\u0131\u015ft\u0131\u011f\u0131 cinayetlere sahne bir mill\u00ee romand\u0131r.\u201d Kafka Kitap, \u201cBabil Ekspres\u201d dizisiyle d\u00fcnyan\u0131n seslerine kulak kabartmaya devam ediyor, bizim topraklar\u0131m\u0131zdan \u00e7\u0131kan, zaman\u0131 i\u00e7in yepyeni, bug\u00fcnse h\u00e2l\u00e2 taze olma \u00f6zelli\u011fini s\u00fcrd\u00fcren eserleri tarihe terk edilmekten al\u0131koyarak okuruyla bulu\u015fturuyor! Pertev \u015eevket imzas\u0131yla yay\u0131mlanan K\u0131rm\u0131z\u0131 K\u00f6\u015fk\u2019\u00fcn Esrar\u0131, kurgusu olduk\u00e7a hareketli ve de\u011fi\u015fken, kahramanlar\u0131 b\u00f6l\u00fcmden b\u00f6l\u00fcme farkl\u0131la\u015fan, son derece h\u0131zl\u0131 ve ak\u0131c\u0131 bir polisiye roman. Polisiye yaz\u0131n\u0131m\u0131z\u0131n \u00e7ocukluk \u00e7a\u011flar\u0131na rastlayan K\u0131rm\u0131z\u0131 K\u00f6\u015fk\u2019\u00fcn Esrar\u0131, daha sonralar\u0131 kli\u015feler aras\u0131na girecek bir\u00e7oktema ve motifin ilk kez denendi\u011fi metinlerden biri. \u0130stanbul\u2019da ba\u015flayarak \u0130zmir\u2019e s\u0131\u00e7rayan, otomobillerin ve u\u00e7aklar\u0131n dahil oldu\u011fu nefes kesici kovalamaca sahneleriyle tempoyu y\u00fckselten ve s\u00fcrpriz konu\u011fu Sherlock Holmes ile okuru heyecanlara s\u00fcr\u00fckleyen bir macera. Kalabal\u0131k kadrosu, geni\u015f bir co\u011frafyaya yay\u0131lan katmanl\u0131 yap\u0131s\u0131 ve neredeyse hi\u00e7 m\u00fcdahalesiz, kolayl\u0131kla takip edilebilen diliyle K\u0131rm\u0131z\u0131 K\u00f6\u015fk\u2019\u00fcn Esrar\u0131, ger\u00e7ek bir polisiye edebiyat \u015f\u00f6leni.<\/p>\n","protected":false},"excerpt":{"rendered":"<p>\u201cK\u0131rm\u0131z\u0131 K\u00f6\u015fk\u2019\u00fcn Esrar\u0131, ak\u0131llara hayret verecek derecede harikulade vakalar, d\u00fcnyada misli g\u00f6r\u00fclmemi\u015f inceliklerle dolu, \u015feytani zek\u00e2lar\u0131n b\u00fct\u00fcn kuvvetleriyle birbiriyle \u00e7arp\u0131\u015ft\u0131\u011f\u0131 cinayetlere sahne bir mill\u00ee romand\u0131r.\u201d Kafka<span class=\"excerpt-hellip\"> [\u2026]<\/span><\/p>\n","protected":false},"featured_media":0,"template":"","meta":{"_monsterinsights_skip_tracking":false,"_monsterinsights_sitenote_active":false,"_monsterinsights_sitenote_note":"","_monsterinsights_sitenote_category":0},"product_brand":[],"product_cat":[12291,12711],"product_tag":[],"class_list":{"0":"post-760494","1":"product","2":"type-product","3":"status-publish","5":"product_cat-edebiyat","6":"product_cat-roman-oyku","7":"pa_cilt-ciltsiz","8":"pa_tur-kitap","9":"pa_yayinevi-kafka-yayinevi","10":"pa_yazar-pertev-sevket","12":"first","13":"instock","14":"sale","15":"shipping-taxable","16":"purchasable","17":"product-type-simple"},"_links":{"self":[{"href":"https:\/\/roveyayinevi.com.tr\/index.php\/wp-json\/wp\/v2\/product\/760494","targetHints":{"allow":["GET"]}}],"collection":[{"href":"https:\/\/roveyayinevi.com.tr\/index.php\/wp-json\/wp\/v2\/product"}],"about":[{"href":"https:\/\/roveyayinevi.com.tr\/index.php\/wp-json\/wp\/v2\/types\/product"}],"wp:attachment":[{"href":"https:\/\/roveyayinevi.com.tr\/index.php\/wp-json\/wp\/v2\/media?parent=760494"}],"wp:term":[{"taxonomy":"product_brand","embeddable":true,"href":"https:\/\/roveyayinevi.com.tr\/index.php\/wp-json\/wp\/v2\/product_brand?post=760494"},{"taxonomy":"product_cat","embeddable":true,"href":"https:\/\/roveyayinevi.com.tr\/index.php\/wp-json\/wp\/v2\/product_cat?post=760494"},{"taxonomy":"product_tag","embeddable":true,"href":"https:\/\/roveyayinevi.com.tr\/index.php\/wp-json\/wp\/v2\/product_tag?post=760494"}],"curies":[{"name":"wp","href":"https:\/\/api.w.org\/{rel}","templated":true}]}}