{"id":760484,"date":"2025-08-28T09:07:13","date_gmt":"2025-08-28T06:07:13","guid":{"rendered":"https:\/\/roveyayinevi.com.tr\/index.php\/urun\/daginik-arkadasim\/"},"modified":"2026-04-16T03:13:26","modified_gmt":"2026-04-16T00:13:26","slug":"daginik-arkadasim","status":"publish","type":"product","link":"https:\/\/roveyayinevi.com.tr\/index.php\/urun\/daginik-arkadasim\/","title":{"rendered":"Da\u011f\u0131n\u0131k Arkada\u015f\u0131m"},"content":{"rendered":"<p>\u00d6mer a\u011fabey oldu ve kendi odas\u0131na ta\u015f\u0131nd\u0131 ancak odas\u0131nda zaten birinin oldu\u011funu fark etti! Sabahtan ak\u015fama kadar her yeri kar\u0131\u015ft\u0131ran Da\u011f\u0131n\u0131k Arkada\u015f odaya yerle\u015fmi\u015fti! Her yerde oyun k\u00fcpleri, arabalar ve oyuncuklar vard\u0131\u2026 Bu durumla nas\u0131l ba\u015fa \u00e7\u0131kabilece\u011fini bilemeyen \u00d6mer, anne ve babas\u0131ndan yard\u0131m almaya karar verdi. Babas\u0131yla birlikte odas\u0131n\u0131 toparlad\u0131lar ve \u00d6mer oraya nas\u0131l b\u00f6yle d\u00fczenli tutabilece\u011fine dair ipu\u00e7lar\u0131n\u0131 \u00f6\u011frendi. Bu \u00f6\u011frendiklerini Da\u011f\u0131n\u0131k Arkada\u015f\u2019a \u00f6\u011fretmesi gerekiyor! Peki g\u00f6r\u00fcnmez olan birine t\u00fcm bunlar\u0131 nas\u0131l \u00f6\u011fretebilir? <\/p>\n","protected":false},"excerpt":{"rendered":"<p>\u00d6mer a\u011fabey oldu ve kendi odas\u0131na ta\u015f\u0131nd\u0131 ancak odas\u0131nda zaten birinin oldu\u011funu fark etti! Sabahtan ak\u015fama kadar her yeri kar\u0131\u015ft\u0131ran Da\u011f\u0131n\u0131k Arkada\u015f odaya yerle\u015fmi\u015fti! Her yerde<span class=\"excerpt-hellip\"> [\u2026]<\/span><\/p>\n","protected":false},"featured_media":0,"template":"","meta":{"_monsterinsights_skip_tracking":false,"_monsterinsights_sitenote_active":false,"_monsterinsights_sitenote_note":"","_monsterinsights_sitenote_category":0},"product_brand":[],"product_cat":[12274,12518],"product_tag":[],"class_list":{"0":"post-760484","1":"product","2":"type-product","3":"status-publish","5":"product_cat-cocuk-ve-genclik-kitaplari","6":"product_cat-okul-oncesi-kitaplar","7":"pa_cilt-ciltsiz","8":"pa_tur-kitap","9":"pa_yayinevi-bookalemun-yayinevi","10":"pa_yazar-katarzyna-pruszkowska","12":"first","13":"instock","14":"sale","15":"shipping-taxable","16":"purchasable","17":"product-type-simple"},"_links":{"self":[{"href":"https:\/\/roveyayinevi.com.tr\/index.php\/wp-json\/wp\/v2\/product\/760484","targetHints":{"allow":["GET"]}}],"collection":[{"href":"https:\/\/roveyayinevi.com.tr\/index.php\/wp-json\/wp\/v2\/product"}],"about":[{"href":"https:\/\/roveyayinevi.com.tr\/index.php\/wp-json\/wp\/v2\/types\/product"}],"wp:attachment":[{"href":"https:\/\/roveyayinevi.com.tr\/index.php\/wp-json\/wp\/v2\/media?parent=760484"}],"wp:term":[{"taxonomy":"product_brand","embeddable":true,"href":"https:\/\/roveyayinevi.com.tr\/index.php\/wp-json\/wp\/v2\/product_brand?post=760484"},{"taxonomy":"product_cat","embeddable":true,"href":"https:\/\/roveyayinevi.com.tr\/index.php\/wp-json\/wp\/v2\/product_cat?post=760484"},{"taxonomy":"product_tag","embeddable":true,"href":"https:\/\/roveyayinevi.com.tr\/index.php\/wp-json\/wp\/v2\/product_tag?post=760484"}],"curies":[{"name":"wp","href":"https:\/\/api.w.org\/{rel}","templated":true}]}}