{"id":760480,"date":"2025-08-28T09:07:06","date_gmt":"2025-08-28T06:07:06","guid":{"rendered":"https:\/\/roveyayinevi.com.tr\/index.php\/urun\/arkadasim-ayi-ile-bilimsel-deneyler-yapiyoruz\/"},"modified":"2026-04-16T03:13:26","modified_gmt":"2026-04-16T00:13:26","slug":"arkadasim-ayi-ile-bilimsel-deneyler-yapiyoruz","status":"publish","type":"product","link":"https:\/\/roveyayinevi.com.tr\/index.php\/urun\/arkadasim-ayi-ile-bilimsel-deneyler-yapiyoruz\/","title":{"rendered":"Arkada\u015f\u0131m Ay\u0131 ile Bilimsel Deneyler Yap\u0131yoruz"},"content":{"rendered":"<p>Hem e\u011flenceli, hem de \u00f6\u011fretici bir kitap! \u0130lk laboratuvar dersinin vakti geldi ama \u00f6\u011frenciler yapacaklar\u0131 ilk deneyin ne olaca\u011f\u0131na karar veremiyorlar. Ancak Ay\u0131 oradayken ve onlara yard\u0131m edecekken neden sadece deney yaps\u0131nlar? Ay\u0131\u2019n\u0131n yard\u0131m\u0131yla bir ders s\u00fcresinde tam\u0131 tam\u0131na d\u00f6rt tane deney yap\u0131yorlar. Bu deneylerin ne oldu\u011funu \u00f6\u011frenmek ister misiniz? <\/p>\n","protected":false},"excerpt":{"rendered":"<p>Hem e\u011flenceli, hem de \u00f6\u011fretici bir kitap! \u0130lk laboratuvar dersinin vakti geldi ama \u00f6\u011frenciler yapacaklar\u0131 ilk deneyin ne olaca\u011f\u0131na karar veremiyorlar. Ancak Ay\u0131 oradayken ve onlara<span class=\"excerpt-hellip\"> [\u2026]<\/span><\/p>\n","protected":false},"featured_media":0,"template":"","meta":{"_monsterinsights_skip_tracking":false,"_monsterinsights_sitenote_active":false,"_monsterinsights_sitenote_note":"","_monsterinsights_sitenote_category":0},"product_brand":[],"product_cat":[12274,12518],"product_tag":[],"class_list":{"0":"post-760480","1":"product","2":"type-product","3":"status-publish","5":"product_cat-cocuk-ve-genclik-kitaplari","6":"product_cat-okul-oncesi-kitaplar","7":"pa_cilt-ciltsiz","8":"pa_tur-kitap","9":"pa_yayinevi-bookalemun-yayinevi","10":"pa_yazar-carmen-oliver","12":"first","13":"instock","14":"sale","15":"shipping-taxable","16":"purchasable","17":"product-type-simple"},"_links":{"self":[{"href":"https:\/\/roveyayinevi.com.tr\/index.php\/wp-json\/wp\/v2\/product\/760480","targetHints":{"allow":["GET"]}}],"collection":[{"href":"https:\/\/roveyayinevi.com.tr\/index.php\/wp-json\/wp\/v2\/product"}],"about":[{"href":"https:\/\/roveyayinevi.com.tr\/index.php\/wp-json\/wp\/v2\/types\/product"}],"wp:attachment":[{"href":"https:\/\/roveyayinevi.com.tr\/index.php\/wp-json\/wp\/v2\/media?parent=760480"}],"wp:term":[{"taxonomy":"product_brand","embeddable":true,"href":"https:\/\/roveyayinevi.com.tr\/index.php\/wp-json\/wp\/v2\/product_brand?post=760480"},{"taxonomy":"product_cat","embeddable":true,"href":"https:\/\/roveyayinevi.com.tr\/index.php\/wp-json\/wp\/v2\/product_cat?post=760480"},{"taxonomy":"product_tag","embeddable":true,"href":"https:\/\/roveyayinevi.com.tr\/index.php\/wp-json\/wp\/v2\/product_tag?post=760480"}],"curies":[{"name":"wp","href":"https:\/\/api.w.org\/{rel}","templated":true}]}}