{"id":760478,"date":"2025-08-28T09:07:04","date_gmt":"2025-08-28T06:07:04","guid":{"rendered":"https:\/\/roveyayinevi.com.tr\/index.php\/urun\/kilikia-arkeolojisi-serisi-1\/"},"modified":"2026-04-16T03:13:26","modified_gmt":"2026-04-16T00:13:26","slug":"kilikia-arkeolojisi-serisi-1","status":"publish","type":"product","link":"https:\/\/roveyayinevi.com.tr\/index.php\/urun\/kilikia-arkeolojisi-serisi-1\/","title":{"rendered":"Kilikia Arkeolojisi Serisi 1"},"content":{"rendered":"<p>Karakabakl\u0131 ve I\u015f\u0131kkale antik yerle\u015fimleri Mersin iline ba\u011fl\u0131 Silifke il\u00e7esi s\u0131n\u0131rlar\u0131 i\u00e7erisindeki Susano\u011flu sahil kasabas\u0131n\u0131n yakla\u015f\u0131k 8 km. kuzey bat\u0131s\u0131nda yer al\u0131r. Bu kitapta, her iki yerle\u015fimin sahip oldu\u011fu iyi korunmu\u015f arkeolojik buluntular\u0131n bir araya getirilmesi ve de\u011ferlendirilmesi ama\u00e7lanmaktad\u0131r. Bu iki yerle\u015fimin sahip oldu\u011fu k\u0131rsal karakter, yerle\u015fimlerin kentlerle olan ili\u015fkilerini de tart\u0131\u015fmay\u0131 zorunlu k\u0131lar. Ayr\u0131ca, Karakabakl\u0131 ve I\u015f\u0131kkale\u2019de antik cadde, an\u0131tsal kap\u0131lar, kiliseler gibi \u00e7ok say\u0131da kentsel mimari \u00f6zellik g\u00f6steren yap\u0131n\u0131n varl\u0131\u011f\u0131 nedeniyle b\u00f6lgedeki k\u0131rsal yerle\u015fimlerde g\u00f6r\u00fclen kentsel mimarinin sebepleri \u00fczerine de\u011ferlendirmeler de yap\u0131lacakt\u0131r. <\/p>\n","protected":false},"excerpt":{"rendered":"<p>Karakabakl\u0131 ve I\u015f\u0131kkale antik yerle\u015fimleri Mersin iline ba\u011fl\u0131 Silifke il\u00e7esi s\u0131n\u0131rlar\u0131 i\u00e7erisindeki Susano\u011flu sahil kasabas\u0131n\u0131n yakla\u015f\u0131k 8 km. kuzey bat\u0131s\u0131nda yer al\u0131r. Bu kitapta, her iki<span class=\"excerpt-hellip\"> [\u2026]<\/span><\/p>\n","protected":false},"featured_media":0,"template":"","meta":{"_monsterinsights_skip_tracking":false,"_monsterinsights_sitenote_active":false,"_monsterinsights_sitenote_note":"","_monsterinsights_sitenote_category":0},"product_brand":[],"product_cat":[52477,52478],"product_tag":[],"class_list":{"0":"post-760478","1":"product","2":"type-product","3":"status-publish","5":"product_cat-arastirma","6":"product_cat-arkeoloji","7":"pa_cilt-ciltsiz","8":"pa_tur-kitap","9":"pa_yayinevi-bilgin-kultur-sanat","10":"pa_yazar-umit-aydinoglu","12":"first","13":"instock","14":"sale","15":"shipping-taxable","16":"purchasable","17":"product-type-simple"},"_links":{"self":[{"href":"https:\/\/roveyayinevi.com.tr\/index.php\/wp-json\/wp\/v2\/product\/760478","targetHints":{"allow":["GET"]}}],"collection":[{"href":"https:\/\/roveyayinevi.com.tr\/index.php\/wp-json\/wp\/v2\/product"}],"about":[{"href":"https:\/\/roveyayinevi.com.tr\/index.php\/wp-json\/wp\/v2\/types\/product"}],"wp:attachment":[{"href":"https:\/\/roveyayinevi.com.tr\/index.php\/wp-json\/wp\/v2\/media?parent=760478"}],"wp:term":[{"taxonomy":"product_brand","embeddable":true,"href":"https:\/\/roveyayinevi.com.tr\/index.php\/wp-json\/wp\/v2\/product_brand?post=760478"},{"taxonomy":"product_cat","embeddable":true,"href":"https:\/\/roveyayinevi.com.tr\/index.php\/wp-json\/wp\/v2\/product_cat?post=760478"},{"taxonomy":"product_tag","embeddable":true,"href":"https:\/\/roveyayinevi.com.tr\/index.php\/wp-json\/wp\/v2\/product_tag?post=760478"}],"curies":[{"name":"wp","href":"https:\/\/api.w.org\/{rel}","templated":true}]}}