{"id":760471,"date":"2025-08-28T09:06:54","date_gmt":"2025-08-28T06:06:54","guid":{"rendered":"https:\/\/roveyayinevi.com.tr\/index.php\/urun\/ataturkun-hatira-mulakatlari-2-vahdettin-ve-birinci-dunya-savasi-ile-ilgili\/"},"modified":"2026-04-16T03:13:26","modified_gmt":"2026-04-16T00:13:26","slug":"ataturkun-hatira-mulakatlari-2-vahdettin-ve-birinci-dunya-savasi-ile-ilgili","status":"publish","type":"product","link":"https:\/\/roveyayinevi.com.tr\/index.php\/urun\/ataturkun-hatira-mulakatlari-2-vahdettin-ve-birinci-dunya-savasi-ile-ilgili\/","title":{"rendered":"Atat\u00fcrk\u2019\u00fcn Hat\u0131ra M\u00fclakatlar\u0131-2- Vahdettin ve Birinci D\u00fcnya Sava\u015f\u0131 ile \u0130lgili"},"content":{"rendered":"<p>Atat\u00fcrk\u2019\u00fcn Hayat\u0131\u2019n\u0131n, Cumhuriyet tarihimiz ile kesi\u015fti\u011fi bir ger\u00e7ek. Bu itibarla onun anlat\u0131p, yazd\u0131klar\u0131, bizim i\u00e7in, hem kendi hayat\u0131, hem de Cumhuriyet tarihimiz a\u00e7\u0131s\u0131ndan, birincil nitelikte bir kaynak te\u015fkil ediyor. Atat\u00fcrk\u2019\u00fcn titiz \u00e7al\u0131\u015fma \u00fcslubu ve yaz\u0131p, anlatt\u0131klar\u0131n\u0131 belgeleriyle ortaya koymas\u0131 ise tarihi a\u00e7\u0131dan da bunlar\u0131 ayr\u0131ca de\u011ferli k\u0131l\u0131yor.  M\u00fclakatlar da bu vas\u0131fta. Atat\u00fcrk, bu m\u00fclakatlarda tarihimizin \u00f6nemli olaylar\u0131na \u0131\u015f\u0131k tutup, mu\u011flak hususlar\u0131 ayd\u0131nlat\u0131yor ve merak edilen hususlar\u0131 a\u00e7\u0131kl\u0131yor; bu elbette bizim i\u00e7in \u00e7ok de\u011ferli. 1926 y\u0131l\u0131nda, Siirt Mebusu Mahmut ve Falih R\u0131fk\u0131\u2019n\u0131n, Ankara&#8217;da \u00e7\u0131kan &#8220;H\u00e2kimiyeti Milliye&#8221; ile \u0130stanbul&#8217;daki &#8220;Milliyet&#8221; gazeteleri i\u00e7in Atat\u00fcrk\u2019\u00fcn hat\u0131ralar\u0131 ile ilgili yapm\u0131\u015f olduklar\u0131 m\u00fclakat ve Ahmet Emin\u2019in \u201cVakit Gazetesi\u201d i\u00e7in 1922 y\u0131l\u0131nda Atat\u00fcrk\u2019\u00fcn hayat\u0131 ile ilgili yapm\u0131\u015f oldu\u011fu m\u00fclakat da bu nitelikte. Bu iki \u00f6nemli m\u00fclakat, ilk kez bu kitapta bir arada sunuluyor okuyucuya. Daha \u00f6nce yay\u0131nevimiz taraf\u0131ndan, \u201cMatru\u015fka Kitaplar: Bir Kitap \u0130ki Eser\u201d serisinin ilk kitab\u0131 olarak yay\u0131mlanan, \u201cAtat\u00fcrk\u2019\u00fcn Hat\u0131ra Defterleri-Birinci D\u00fcnya Sava\u015f\u0131\u2019ndaki Hat\u0131ra Defteri-Karlsbad Hat\u0131ralar\u0131\u201d ile bu konudaki kaynaklara okuyucunun bir arada ve daha kolay ula\u015fmas\u0131 i\u00e7in ilk ad\u0131m\u0131 atm\u0131\u015ft\u0131k. Yine ayn\u0131 serinin \u00fc\u00e7\u00fcnc\u00fc kitab\u0131 olarak \u201cAtat\u00fcrk\u2019\u00fcn Hat\u0131ra M\u00fclakatlar\u0131-\u00c7anakkale Sava\u015f\u0131 Hat\u0131ralar\u0131-19 May\u0131s\u2019a Do\u011fru\u201d ad\u0131n\u0131 verdi\u011fimiz kitab\u0131m\u0131z\u0131 yay\u0131mlam\u0131\u015ft\u0131k. Bu serinin be\u015finci kitab\u0131 olarak yay\u0131mlad\u0131\u011f\u0131m\u0131z ve \u201cAtat\u00fcrk\u2019\u00fcn Hat\u0131ra M\u00fclakatlar\u0131-2-Vahdettin ve Birinci D\u00fcnya Sava\u015f\u0131 ile \u0130lgili Hat\u0131ralar-Atat\u00fcrk\u2019\u00fcn Kendi Anlat\u0131m\u0131yla Tarih\u00e7e-i Hayat\u0131\u201d ad\u0131n\u0131 verdi\u011fimiz, elinizdeki bu kitap ile yak\u0131n tarihimize dair m\u00fcphem noktalar\u0131, birinci tan\u0131\u011f\u0131 olan B\u00fcy\u00fck \u00d6nder Atat\u00fcrk\u2019\u00fcn anlat\u0131m\u0131yla ayd\u0131nlat\u0131yor ve iki kayna\u011f\u0131 daha, kolay eri\u015filir k\u0131larak ve okuyucular\u0131m\u0131zla birlikte \u00e7\u0131kt\u0131\u011f\u0131m\u0131z, do\u011fru rota ile yeni ufuklara yolculu\u011fumuza devam ediyoruz. <\/p>\n","protected":false},"excerpt":{"rendered":"<p>Atat\u00fcrk\u2019\u00fcn Hayat\u0131\u2019n\u0131n, Cumhuriyet tarihimiz ile kesi\u015fti\u011fi bir ger\u00e7ek. Bu itibarla onun anlat\u0131p, yazd\u0131klar\u0131, bizim i\u00e7in, hem kendi hayat\u0131, hem de Cumhuriyet tarihimiz a\u00e7\u0131s\u0131ndan, birincil nitelikte bir<span class=\"excerpt-hellip\"> [\u2026]<\/span><\/p>\n","protected":false},"featured_media":0,"template":"","meta":{"_monsterinsights_skip_tracking":false,"_monsterinsights_sitenote_active":false,"_monsterinsights_sitenote_note":"","_monsterinsights_sitenote_category":0},"product_brand":[],"product_cat":[12530,12304],"product_tag":[],"class_list":{"0":"post-760471","1":"product","2":"type-product","3":"status-publish","5":"product_cat-mustafa-kemal-ataturk","6":"product_cat-tarih","7":"pa_cilt-ciltsiz","8":"pa_tur-kitap","9":"pa_yayinevi-kaptan-kitap","10":"pa_yazar-mustafa-kemal-ataturk","12":"first","13":"instock","14":"sale","15":"shipping-taxable","16":"purchasable","17":"product-type-simple"},"_links":{"self":[{"href":"https:\/\/roveyayinevi.com.tr\/index.php\/wp-json\/wp\/v2\/product\/760471","targetHints":{"allow":["GET"]}}],"collection":[{"href":"https:\/\/roveyayinevi.com.tr\/index.php\/wp-json\/wp\/v2\/product"}],"about":[{"href":"https:\/\/roveyayinevi.com.tr\/index.php\/wp-json\/wp\/v2\/types\/product"}],"wp:attachment":[{"href":"https:\/\/roveyayinevi.com.tr\/index.php\/wp-json\/wp\/v2\/media?parent=760471"}],"wp:term":[{"taxonomy":"product_brand","embeddable":true,"href":"https:\/\/roveyayinevi.com.tr\/index.php\/wp-json\/wp\/v2\/product_brand?post=760471"},{"taxonomy":"product_cat","embeddable":true,"href":"https:\/\/roveyayinevi.com.tr\/index.php\/wp-json\/wp\/v2\/product_cat?post=760471"},{"taxonomy":"product_tag","embeddable":true,"href":"https:\/\/roveyayinevi.com.tr\/index.php\/wp-json\/wp\/v2\/product_tag?post=760471"}],"curies":[{"name":"wp","href":"https:\/\/api.w.org\/{rel}","templated":true}]}}