{"id":760468,"date":"2025-08-28T09:06:49","date_gmt":"2025-08-28T06:06:49","guid":{"rendered":"https:\/\/roveyayinevi.com.tr\/index.php\/urun\/cocuk-klasikleri-seksen-gunde-devrialem-ciltli\/"},"modified":"2026-04-16T03:13:26","modified_gmt":"2026-04-16T00:13:26","slug":"cocuk-klasikleri-seksen-gunde-devrialem-ciltli","status":"publish","type":"product","link":"https:\/\/roveyayinevi.com.tr\/index.php\/urun\/cocuk-klasikleri-seksen-gunde-devrialem-ciltli\/","title":{"rendered":"\u00c7ocuk Klasikleri: Seksen G\u00fcnde Devrialem (Ciltli)"},"content":{"rendered":"<p>Tepeden t\u0131rna\u011fa tam bir beyefendi olan Phileas Fogg, d\u00fcnyay\u0131 seksen g\u00fcnde dola\u015faca\u011f\u0131na dair arkada\u015flar\u0131yla servetinin yar\u0131s\u0131 \u00fczerine bahse girer. O g\u00fcne dek sessiz sakin bir ya\u015fam s\u00fcren bu titiz beyefendiyi ve u\u015fa\u011f\u0131n\u0131, seksen g\u00fcn s\u00fcrecek olan heyecan dolu bir yolculuk beklemektedir. <\/p>\n","protected":false},"excerpt":{"rendered":"<p>Tepeden t\u0131rna\u011fa tam bir beyefendi olan Phileas Fogg, d\u00fcnyay\u0131 seksen g\u00fcnde dola\u015faca\u011f\u0131na dair arkada\u015flar\u0131yla servetinin yar\u0131s\u0131 \u00fczerine bahse girer. O g\u00fcne dek sessiz sakin bir ya\u015fam<span class=\"excerpt-hellip\"> [\u2026]<\/span><\/p>\n","protected":false},"featured_media":0,"template":"","meta":{"_monsterinsights_skip_tracking":false,"_monsterinsights_sitenote_active":false,"_monsterinsights_sitenote_note":"","_monsterinsights_sitenote_category":0},"product_brand":[],"product_cat":[12274,12467],"product_tag":[],"class_list":{"0":"post-760468","1":"product","2":"type-product","3":"status-publish","5":"product_cat-cocuk-ve-genclik-kitaplari","6":"product_cat-dunya-klasikleri","7":"pa_cilt-ciltli","8":"pa_tur-kitap","9":"pa_yayinevi-beyaz-balina-yayinlari","10":"pa_yazar-jules-verne","12":"first","13":"instock","14":"sale","15":"shipping-taxable","16":"purchasable","17":"product-type-simple"},"_links":{"self":[{"href":"https:\/\/roveyayinevi.com.tr\/index.php\/wp-json\/wp\/v2\/product\/760468","targetHints":{"allow":["GET"]}}],"collection":[{"href":"https:\/\/roveyayinevi.com.tr\/index.php\/wp-json\/wp\/v2\/product"}],"about":[{"href":"https:\/\/roveyayinevi.com.tr\/index.php\/wp-json\/wp\/v2\/types\/product"}],"wp:attachment":[{"href":"https:\/\/roveyayinevi.com.tr\/index.php\/wp-json\/wp\/v2\/media?parent=760468"}],"wp:term":[{"taxonomy":"product_brand","embeddable":true,"href":"https:\/\/roveyayinevi.com.tr\/index.php\/wp-json\/wp\/v2\/product_brand?post=760468"},{"taxonomy":"product_cat","embeddable":true,"href":"https:\/\/roveyayinevi.com.tr\/index.php\/wp-json\/wp\/v2\/product_cat?post=760468"},{"taxonomy":"product_tag","embeddable":true,"href":"https:\/\/roveyayinevi.com.tr\/index.php\/wp-json\/wp\/v2\/product_tag?post=760468"}],"curies":[{"name":"wp","href":"https:\/\/api.w.org\/{rel}","templated":true}]}}