{"id":760467,"date":"2025-08-28T09:06:47","date_gmt":"2025-08-28T06:06:47","guid":{"rendered":"https:\/\/roveyayinevi.com.tr\/index.php\/urun\/cocuk-klasikleri-pinokyo-ciltli\/"},"modified":"2026-04-16T03:13:26","modified_gmt":"2026-04-16T00:13:26","slug":"cocuk-klasikleri-pinokyo-ciltli","status":"publish","type":"product","link":"https:\/\/roveyayinevi.com.tr\/index.php\/urun\/cocuk-klasikleri-pinokyo-ciltli\/","title":{"rendered":"\u00c7ocuk Klasikleri: Pinokyo (Ciltli)"},"content":{"rendered":"<p>Babas\u0131 Geppetto Usta\u2019n\u0131n \u00f6\u011f\u00fctlerine kulak asmayan tahta kukla Pinokyo, ger\u00e7ek bir \u00e7ocuk olma hayalinin pe\u015finde maceradan maceraya ko\u015fuyor. Acaba Pinokyo bir g\u00fcn bu hayaline kavu\u015fabilecek mi?<\/p>\n","protected":false},"excerpt":{"rendered":"<p>Babas\u0131 Geppetto Usta\u2019n\u0131n \u00f6\u011f\u00fctlerine kulak asmayan tahta kukla Pinokyo, ger\u00e7ek bir \u00e7ocuk olma hayalinin pe\u015finde maceradan maceraya ko\u015fuyor. Acaba Pinokyo bir g\u00fcn bu hayaline kavu\u015fabilecek mi?<\/p>\n","protected":false},"featured_media":0,"template":"","meta":{"_monsterinsights_skip_tracking":false,"_monsterinsights_sitenote_active":false,"_monsterinsights_sitenote_note":"","_monsterinsights_sitenote_category":0},"product_brand":[],"product_cat":[12274,12467],"product_tag":[],"class_list":{"0":"post-760467","1":"product","2":"type-product","3":"status-publish","5":"product_cat-cocuk-ve-genclik-kitaplari","6":"product_cat-dunya-klasikleri","7":"pa_cilt-ciltli","8":"pa_tur-kitap","9":"pa_yayinevi-beyaz-balina-yayinlari","10":"pa_yazar-carlo-collodi","12":"first","13":"instock","14":"sale","15":"shipping-taxable","16":"purchasable","17":"product-type-simple"},"_links":{"self":[{"href":"https:\/\/roveyayinevi.com.tr\/index.php\/wp-json\/wp\/v2\/product\/760467","targetHints":{"allow":["GET"]}}],"collection":[{"href":"https:\/\/roveyayinevi.com.tr\/index.php\/wp-json\/wp\/v2\/product"}],"about":[{"href":"https:\/\/roveyayinevi.com.tr\/index.php\/wp-json\/wp\/v2\/types\/product"}],"wp:attachment":[{"href":"https:\/\/roveyayinevi.com.tr\/index.php\/wp-json\/wp\/v2\/media?parent=760467"}],"wp:term":[{"taxonomy":"product_brand","embeddable":true,"href":"https:\/\/roveyayinevi.com.tr\/index.php\/wp-json\/wp\/v2\/product_brand?post=760467"},{"taxonomy":"product_cat","embeddable":true,"href":"https:\/\/roveyayinevi.com.tr\/index.php\/wp-json\/wp\/v2\/product_cat?post=760467"},{"taxonomy":"product_tag","embeddable":true,"href":"https:\/\/roveyayinevi.com.tr\/index.php\/wp-json\/wp\/v2\/product_tag?post=760467"}],"curies":[{"name":"wp","href":"https:\/\/api.w.org\/{rel}","templated":true}]}}