{"id":760452,"date":"2025-08-28T09:06:21","date_gmt":"2025-08-28T06:06:21","guid":{"rendered":"https:\/\/roveyayinevi.com.tr\/index.php\/urun\/ask-bitti-yapi-paydos\/"},"modified":"2026-04-16T03:13:26","modified_gmt":"2026-04-16T00:13:26","slug":"ask-bitti-yapi-paydos","status":"publish","type":"product","link":"https:\/\/roveyayinevi.com.tr\/index.php\/urun\/ask-bitti-yapi-paydos\/","title":{"rendered":"A\u015fk Bitti Yap\u0131 Paydos"},"content":{"rendered":"<p>Medeniyetimizin yap\u0131 ta\u015f\u0131 \u201ca\u015fk\u201dt\u0131r ve a\u015fks\u0131z kald\u0131k\u00e7a gerek birbirimizle gerek e\u015fya ile ili\u015fkilerimiz bozulmaktad\u0131r. Bu ili\u015fkileri ayakta tutan temel \u00f6l\u00e7\u00fct kaybolduktan sonra g\u00fcn y\u00fcz\u00fcne \u00e7\u0131kan \u201csorunlar\u201d ise asl\u0131nda birer semptomdan ibarettir. K\u00f6k mesele \u00e7\u00f6z\u00fclmedik\u00e7e, meseleler zaman\u0131n ruhuna g\u00f6re yeni k\u0131l\u0131klara b\u00fcr\u00fcnerek kar\u015f\u0131m\u0131za \u00e7\u0131kacak ve toplumsal in\u015fa s\u00fcrecimiz akamete u\u011framaya devam edecektir.   Fatmanur Altun, A\u015fk Bitti Yap\u0131 Paydos\u2019ta g\u00fcn\u00fcm\u00fcz d\u00fcnyas\u0131nda kar\u015f\u0131 kar\u015f\u0131ya kald\u0131\u011f\u0131m\u0131z toplumsal problemlerin kayna\u011f\u0131na \u0131\u015f\u0131k tutuyor. \u201cA\u015fk yoksunlu\u011fu\u201d olarak da ifade edebilece\u011fimiz ba\u015flang\u0131\u00e7 noktas\u0131ndan yola \u00e7\u0131kan yazar, insan ili\u015fkilerini bir sevgi, ba\u011fl\u0131l\u0131k ve destek a\u011f\u0131 olmaktan \u00e7\u0131kar\u0131p \u015fik\u00e2yet ve ele\u015ftiri kayna\u011f\u0131na d\u00f6n\u00fc\u015ft\u00fcren geli\u015fmeleri konu ediniyor. Ya\u015fam ko\u015fullar\u0131, ge\u00e7im s\u0131k\u0131nt\u0131s\u0131, g\u00fcndelik hayat\u0131n me\u015fgalesi, s\u00fcrekli pompalanan t\u00fcketim \u00e7\u0131lg\u0131nl\u0131\u011f\u0131, durup d\u00fc\u015f\u00fcnmeye f\u0131rsat b\u0131rakmayan medya ara\u00e7lar\u0131 derken kaybetti\u011fimiz ufuk \u00e7izgisini yeniden bulmaya \u00e7al\u0131\u015f\u0131yor. Fertlerin i\u00e7 d\u00fcnyas\u0131ndan ba\u015flayarak kad\u0131n-erkek ili\u015fkilerine ard\u0131ndan yuvaya, aileye ve \u00e7ocuklara, en nihayetinde modern hayat\u0131n i\u015fleyi\u015fine ve insan\u0131n bu kurgu i\u00e7inde var olma \u00e7abas\u0131na odaklan\u0131yor. Bunu yaparken de ezberden konu\u015fmuyor, \u201cEski g\u00fcnler ne g\u00fczeldi!\u201d kolayc\u0131l\u0131\u011f\u0131na ka\u00e7m\u0131yor. <\/p>\n","protected":false},"excerpt":{"rendered":"<p>Medeniyetimizin yap\u0131 ta\u015f\u0131 \u201ca\u015fk\u201dt\u0131r ve a\u015fks\u0131z kald\u0131k\u00e7a gerek birbirimizle gerek e\u015fya ile ili\u015fkilerimiz bozulmaktad\u0131r. Bu ili\u015fkileri ayakta tutan temel \u00f6l\u00e7\u00fct kaybolduktan sonra g\u00fcn y\u00fcz\u00fcne \u00e7\u0131kan \u201csorunlar\u201d<span class=\"excerpt-hellip\"> [\u2026]<\/span><\/p>\n","protected":false},"featured_media":0,"template":"","meta":{"_monsterinsights_skip_tracking":false,"_monsterinsights_sitenote_active":false,"_monsterinsights_sitenote_note":"","_monsterinsights_sitenote_category":0},"product_brand":[],"product_cat":[12324],"product_tag":[],"class_list":{"0":"post-760452","1":"product","2":"type-product","3":"status-publish","5":"product_cat-sosyoloji","6":"pa_cilt-ciltsiz","7":"pa_tur-kitap","8":"pa_yayinevi-paradigma-yayinlari","9":"pa_yazar-fatmanur-altun","11":"first","12":"instock","13":"sale","14":"shipping-taxable","15":"purchasable","16":"product-type-simple"},"_links":{"self":[{"href":"https:\/\/roveyayinevi.com.tr\/index.php\/wp-json\/wp\/v2\/product\/760452","targetHints":{"allow":["GET"]}}],"collection":[{"href":"https:\/\/roveyayinevi.com.tr\/index.php\/wp-json\/wp\/v2\/product"}],"about":[{"href":"https:\/\/roveyayinevi.com.tr\/index.php\/wp-json\/wp\/v2\/types\/product"}],"wp:attachment":[{"href":"https:\/\/roveyayinevi.com.tr\/index.php\/wp-json\/wp\/v2\/media?parent=760452"}],"wp:term":[{"taxonomy":"product_brand","embeddable":true,"href":"https:\/\/roveyayinevi.com.tr\/index.php\/wp-json\/wp\/v2\/product_brand?post=760452"},{"taxonomy":"product_cat","embeddable":true,"href":"https:\/\/roveyayinevi.com.tr\/index.php\/wp-json\/wp\/v2\/product_cat?post=760452"},{"taxonomy":"product_tag","embeddable":true,"href":"https:\/\/roveyayinevi.com.tr\/index.php\/wp-json\/wp\/v2\/product_tag?post=760452"}],"curies":[{"name":"wp","href":"https:\/\/api.w.org\/{rel}","templated":true}]}}