{"id":760449,"date":"2025-08-28T09:06:17","date_gmt":"2025-08-28T06:06:17","guid":{"rendered":"https:\/\/roveyayinevi.com.tr\/index.php\/urun\/geleneksel-ve-tamamlayici-tipta-ari-urunleri\/"},"modified":"2026-04-16T03:13:25","modified_gmt":"2026-04-16T00:13:25","slug":"geleneksel-ve-tamamlayici-tipta-ari-urunleri","status":"publish","type":"product","link":"https:\/\/roveyayinevi.com.tr\/index.php\/urun\/geleneksel-ve-tamamlayici-tipta-ari-urunleri\/","title":{"rendered":"Geleneksel ve Tamamlay\u0131c\u0131 T\u0131pta Ar\u0131 \u00dcr\u00fcnler\u0131"},"content":{"rendered":"<p>Ar\u0131lar d\u00fcnyan\u0131n en \u00e7al\u0131\u015fkan canl\u0131lar\u0131 aras\u0131ndad\u0131r. K\u00fc\u00e7\u00fcc\u00fck kanatlar\u0131na ra\u011fmen b\u00fcy\u00fck bedenlere sahip olan bu canl\u0131lar, v\u00fccutlar\u0131n\u0131 ta\u015f\u0131yabilmek i\u00e7in dakikada 11.400 kez kanat \u00e7\u0131rpacak kadar enerjiktirler. Bilim adamlar\u0131na g\u00f6re biz yokken bile ar\u0131lar yery\u00fcz\u00fcndeydi. D\u00fcnyada bilinen ilk ar\u0131 fosili yakla\u015f\u0131k 100 milyon ya\u015f\u0131nda iken, biz insanlara ait olan ilk fosil ise yakla\u015f\u0131k 300 bin ya\u015f\u0131ndayd\u0131. Bu canl\u0131lar\u0131n 6 baca\u011f\u0131, 5 g\u00f6z\u00fc, 2 \u00e7ift kanad\u0131 ve yar\u0131m kilo bal kar\u015f\u0131l\u0131\u011f\u0131nda 2 milyon \u00e7i\u00e7e\u011fe \u201cmerhaba\u201d diyen 170 koku al\u0131c\u0131s\u0131 vard\u0131r. Bu canl\u0131lar\u0131n do\u011fadan ve s\u00fcre\u00e7ten toplad\u0131klar\u0131 her \u015fey sa\u011fl\u0131\u011f\u0131n korunmas\u0131 ve tedavisinde kullan\u0131lmaktad\u0131r. Bu kitap, \u00fczerinde en fazla bilimsel ara\u015ft\u0131rma yap\u0131lan propolis ba\u015fta olmak \u00fczere ar\u0131 \u00fcr\u00fcnlerinin baz\u0131 hastal\u0131klar\u0131n tedavisinde nas\u0131l ba\u015far\u0131yla kullan\u0131ld\u0131\u011f\u0131n\u0131 en son bilimsel kan\u0131tlarla g\u00f6stermektedir. \u00dclkemizde y\u00fcr\u00fcrl\u00fc\u011fe giren \u201cGeleneksel ve Tamamlay\u0131c\u0131 T\u0131p Uygulamalar\u0131 Hakk\u0131nda Y\u00f6netmelik\u201d sonras\u0131nda ar\u0131 \u00fcr\u00fcnlerinin g\u0131da ve sa\u011fl\u0131kta kullan\u0131m\u0131na olan ilginin artaca\u011f\u0131n\u0131 d\u00fc\u015f\u00fcn\u00fcyoruz. Ancak \u015funu da unutmamak gerekir ki, t\u00fcm ar\u0131 \u00fcr\u00fcnlerini i\u015fleyebilmek ve \u00f6zellikle sa\u011fl\u0131k alan\u0131nda kullan\u0131labilmesi i\u00e7in \u00f6ncelikle yetkin, sonra bilgili ar\u0131c\u0131lara ihtiyac\u0131m\u0131z var. \u201cAr\u0131c\u0131lar \u0130\u00e7in T\u0131bbi Ar\u0131c\u0131l\u0131k \u201c adl\u0131 AB projesi kapsam\u0131nda sade ve anla\u015f\u0131l\u0131r bir \u00fcslupla yaz\u0131lan bu kitab\u0131n, okumay\u0131 ve ara\u015ft\u0131rmay\u0131 sevenlere faydal\u0131 olmas\u0131n\u0131 diliyorum. <\/p>\n","protected":false},"excerpt":{"rendered":"<p>Ar\u0131lar d\u00fcnyan\u0131n en \u00e7al\u0131\u015fkan canl\u0131lar\u0131 aras\u0131ndad\u0131r. K\u00fc\u00e7\u00fcc\u00fck kanatlar\u0131na ra\u011fmen b\u00fcy\u00fck bedenlere sahip olan bu canl\u0131lar, v\u00fccutlar\u0131n\u0131 ta\u015f\u0131yabilmek i\u00e7in dakikada 11.400 kez kanat \u00e7\u0131rpacak kadar enerjiktirler. Bilim<span class=\"excerpt-hellip\"> [\u2026]<\/span><\/p>\n","protected":false},"featured_media":0,"template":"","meta":{"_monsterinsights_skip_tracking":false,"_monsterinsights_sitenote_active":false,"_monsterinsights_sitenote_note":"","_monsterinsights_sitenote_category":0},"product_brand":[],"product_cat":[12573,12566],"product_tag":[],"class_list":{"0":"post-760449","1":"product","2":"type-product","3":"status-publish","5":"product_cat-akademik-kitaplar","6":"product_cat-egitim","7":"pa_cilt-ciltsiz","8":"pa_tur-kitap","9":"pa_yayinevi-soncag-akademik-kitaplar","10":"pa_yazar-kolektif","12":"first","13":"instock","14":"sale","15":"shipping-taxable","16":"purchasable","17":"product-type-simple"},"_links":{"self":[{"href":"https:\/\/roveyayinevi.com.tr\/index.php\/wp-json\/wp\/v2\/product\/760449","targetHints":{"allow":["GET"]}}],"collection":[{"href":"https:\/\/roveyayinevi.com.tr\/index.php\/wp-json\/wp\/v2\/product"}],"about":[{"href":"https:\/\/roveyayinevi.com.tr\/index.php\/wp-json\/wp\/v2\/types\/product"}],"wp:attachment":[{"href":"https:\/\/roveyayinevi.com.tr\/index.php\/wp-json\/wp\/v2\/media?parent=760449"}],"wp:term":[{"taxonomy":"product_brand","embeddable":true,"href":"https:\/\/roveyayinevi.com.tr\/index.php\/wp-json\/wp\/v2\/product_brand?post=760449"},{"taxonomy":"product_cat","embeddable":true,"href":"https:\/\/roveyayinevi.com.tr\/index.php\/wp-json\/wp\/v2\/product_cat?post=760449"},{"taxonomy":"product_tag","embeddable":true,"href":"https:\/\/roveyayinevi.com.tr\/index.php\/wp-json\/wp\/v2\/product_tag?post=760449"}],"curies":[{"name":"wp","href":"https:\/\/api.w.org\/{rel}","templated":true}]}}