{"id":760445,"date":"2025-08-28T09:06:11","date_gmt":"2025-08-28T06:06:11","guid":{"rendered":"https:\/\/roveyayinevi.com.tr\/index.php\/urun\/azade-prometheus-ciltli\/"},"modified":"2026-04-16T03:13:25","modified_gmt":"2026-04-16T00:13:25","slug":"azade-prometheus-ciltli","status":"publish","type":"product","link":"https:\/\/roveyayinevi.com.tr\/index.php\/urun\/azade-prometheus-ciltli\/","title":{"rendered":"Azade Prometheus (Ciltli)"},"content":{"rendered":"<p>Azade Prometheus (Prometheus Unbound), \u0130ngiliz Romantik \u015fiirinin en \u00f6nemli temsilcilerinden kabul edilen Percy Bysshe Shelley\u2019nin 1820\u2019de yay\u0131mlanan d\u00f6rt perdelik lirik dramas\u0131d\u0131r ve bir\u00e7ok ele\u015ftirmene g\u00f6re onun ba\u015fyap\u0131t\u0131d\u0131r. Konusunu, Klasik Yunan mitolojik kahraman\u0131 Prometheus\u2019un tanr\u0131lara meydan okuyup insanl\u0131\u011fa ate\u015fi getirmesi sonucu Zeus\u2019un kendisini ebed\u00ee cezaya \u00e7arpt\u0131rmas\u0131ndan al\u0131r. Shelley oyunu yazarken Aeschylus\u2019a ait klasik oyun \u00fc\u00e7lemesi Prometheia\u2019dan esinlenmi\u015ftir. Shelley\u2019nin oyunu da Prometheus\u2019un esaretten kurtulu\u015fuyla ilgilidir, ancak Aeschylus\u2019un versiyonundan farkl\u0131 olarak bu oyunun sonunda Prometheus ile J\u00fcpiter (Zeus) aras\u0131nda bir uzla\u015fma olmaz. Bunun yerine J\u00fcpiter taht\u0131ndan ala\u015fa\u011f\u0131 edilir, Prometheus bu \u015fekilde serbest kal\u0131r.<\/p>\n","protected":false},"excerpt":{"rendered":"<p>Azade Prometheus (Prometheus Unbound), \u0130ngiliz Romantik \u015fiirinin en \u00f6nemli temsilcilerinden kabul edilen Percy Bysshe Shelley\u2019nin 1820\u2019de yay\u0131mlanan d\u00f6rt perdelik lirik dramas\u0131d\u0131r ve bir\u00e7ok ele\u015ftirmene g\u00f6re onun<span class=\"excerpt-hellip\"> [\u2026]<\/span><\/p>\n","protected":false},"featured_media":0,"template":"","meta":{"_monsterinsights_skip_tracking":false,"_monsterinsights_sitenote_active":false,"_monsterinsights_sitenote_note":"","_monsterinsights_sitenote_category":0},"product_brand":[],"product_cat":[12291,15566],"product_tag":[],"class_list":{"0":"post-760445","1":"product","2":"type-product","3":"status-publish","5":"product_cat-edebiyat","6":"product_cat-oyun","7":"pa_cilt-ciltli","8":"pa_tur-kitap","9":"pa_yayinevi-otuken-nesriyat","10":"pa_yazar-percy-bysshe-shelley","12":"first","13":"instock","14":"sale","15":"shipping-taxable","16":"purchasable","17":"product-type-simple"},"_links":{"self":[{"href":"https:\/\/roveyayinevi.com.tr\/index.php\/wp-json\/wp\/v2\/product\/760445","targetHints":{"allow":["GET"]}}],"collection":[{"href":"https:\/\/roveyayinevi.com.tr\/index.php\/wp-json\/wp\/v2\/product"}],"about":[{"href":"https:\/\/roveyayinevi.com.tr\/index.php\/wp-json\/wp\/v2\/types\/product"}],"wp:attachment":[{"href":"https:\/\/roveyayinevi.com.tr\/index.php\/wp-json\/wp\/v2\/media?parent=760445"}],"wp:term":[{"taxonomy":"product_brand","embeddable":true,"href":"https:\/\/roveyayinevi.com.tr\/index.php\/wp-json\/wp\/v2\/product_brand?post=760445"},{"taxonomy":"product_cat","embeddable":true,"href":"https:\/\/roveyayinevi.com.tr\/index.php\/wp-json\/wp\/v2\/product_cat?post=760445"},{"taxonomy":"product_tag","embeddable":true,"href":"https:\/\/roveyayinevi.com.tr\/index.php\/wp-json\/wp\/v2\/product_tag?post=760445"}],"curies":[{"name":"wp","href":"https:\/\/api.w.org\/{rel}","templated":true}]}}