{"id":760438,"date":"2025-08-28T09:05:59","date_gmt":"2025-08-28T06:05:59","guid":{"rendered":"https:\/\/roveyayinevi.com.tr\/index.php\/urun\/dustuk-hasretin-kalbine\/"},"modified":"2026-04-16T03:13:25","modified_gmt":"2026-04-16T00:13:25","slug":"dustuk-hasretin-kalbine","status":"publish","type":"product","link":"https:\/\/roveyayinevi.com.tr\/index.php\/urun\/dustuk-hasretin-kalbine\/","title":{"rendered":"D\u00fc\u015ft\u00fck Hasretin Kalbine"},"content":{"rendered":"<p>SEN D\u00d6K\u00dcLD\u00dcN Ald\u0131m kalemi elime Sen d\u00f6k\u00fcld\u00fcn ka\u011f\u0131tlara Yazamad\u0131m bir kelime Sen d\u00f6k\u00fcld\u00fcn ka\u011f\u0131tlara Bir an dald\u0131m hayallere G\u00f6zya\u015f\u0131m d\u00f6nd\u00fc sellere Diyemedim y\u00e2d ellere Sen d\u00f6k\u00fcld\u00fcn ka\u011f\u0131tlara Ba\u015f\u0131m\u0131 kald\u0131r\u0131p bakt\u0131m Co\u015fkun seller gibi akt\u0131m Duvarda resmine \u00e7att\u0131m Sen d\u00f6k\u00fcld\u00fcn ka\u011f\u0131tlara Yutkundum ac\u0131y\u0131 yuttum Hasretinle derde batt\u0131m \u015eu g\u00f6nl\u00fcm\u00fc zor avuttum Sen d\u00f6k\u00fcld\u00fcn ka\u011f\u0131tlara Neden b\u0131rak\u0131pta gittin Yaln\u0131zl\u0131\u011fa mahk\u00fbm ettin Latife der cana yettin Sen d\u00f6k\u00fcld\u00fcn ka\u011f\u0131tlara <\/p>\n","protected":false},"excerpt":{"rendered":"<p>SEN D\u00d6K\u00dcLD\u00dcN Ald\u0131m kalemi elime Sen d\u00f6k\u00fcld\u00fcn ka\u011f\u0131tlara Yazamad\u0131m bir kelime Sen d\u00f6k\u00fcld\u00fcn ka\u011f\u0131tlara Bir an dald\u0131m hayallere G\u00f6zya\u015f\u0131m d\u00f6nd\u00fc sellere Diyemedim y\u00e2d ellere Sen d\u00f6k\u00fcld\u00fcn<span class=\"excerpt-hellip\"> [\u2026]<\/span><\/p>\n","protected":false},"featured_media":0,"template":"","meta":{"_monsterinsights_skip_tracking":false,"_monsterinsights_sitenote_active":false,"_monsterinsights_sitenote_note":"","_monsterinsights_sitenote_category":0},"product_brand":[],"product_cat":[12291,12509],"product_tag":[],"class_list":{"0":"post-760438","1":"product","2":"type-product","3":"status-publish","5":"product_cat-edebiyat","6":"product_cat-siir","7":"pa_cilt-ciltsiz","8":"pa_tur-kitap","9":"pa_yayinevi-vaveyla-yayincilik","10":"pa_yazar-latife-ozcan","12":"first","13":"instock","14":"sale","15":"shipping-taxable","16":"purchasable","17":"product-type-simple"},"_links":{"self":[{"href":"https:\/\/roveyayinevi.com.tr\/index.php\/wp-json\/wp\/v2\/product\/760438","targetHints":{"allow":["GET"]}}],"collection":[{"href":"https:\/\/roveyayinevi.com.tr\/index.php\/wp-json\/wp\/v2\/product"}],"about":[{"href":"https:\/\/roveyayinevi.com.tr\/index.php\/wp-json\/wp\/v2\/types\/product"}],"wp:attachment":[{"href":"https:\/\/roveyayinevi.com.tr\/index.php\/wp-json\/wp\/v2\/media?parent=760438"}],"wp:term":[{"taxonomy":"product_brand","embeddable":true,"href":"https:\/\/roveyayinevi.com.tr\/index.php\/wp-json\/wp\/v2\/product_brand?post=760438"},{"taxonomy":"product_cat","embeddable":true,"href":"https:\/\/roveyayinevi.com.tr\/index.php\/wp-json\/wp\/v2\/product_cat?post=760438"},{"taxonomy":"product_tag","embeddable":true,"href":"https:\/\/roveyayinevi.com.tr\/index.php\/wp-json\/wp\/v2\/product_tag?post=760438"}],"curies":[{"name":"wp","href":"https:\/\/api.w.org\/{rel}","templated":true}]}}