{"id":760433,"date":"2025-08-28T09:05:50","date_gmt":"2025-08-28T06:05:50","guid":{"rendered":"https:\/\/roveyayinevi.com.tr\/index.php\/urun\/7-tanrica-7-ruya-kadin-bilincini-sifanlandirma-yolculugu\/"},"modified":"2026-04-16T03:13:25","modified_gmt":"2026-04-16T00:13:25","slug":"7-tanrica-7-ruya-kadin-bilincini-sifanlandirma-yolculugu","status":"publish","type":"product","link":"https:\/\/roveyayinevi.com.tr\/index.php\/urun\/7-tanrica-7-ruya-kadin-bilincini-sifanlandirma-yolculugu\/","title":{"rendered":"7 Tanr\u0131\u00e7a 7 R\u00fcya Kad\u0131n Bilincini \u015eifanland\u0131rma Yolculu\u011fu"},"content":{"rendered":"<p>7 R\u00fcya, 7 Tanr\u0131\u00e7a&#8221; kitab\u0131, &#8220;7 \u00c7akra 7 R\u00fcya&#8221; kitab\u0131n\u0131n devam\u0131 niteli\u011fini ta\u015f\u0131maktad\u0131r. Bu kitap, Maya&#8217;n\u0131n 7 r\u00fcyas\u0131n\u0131 7 tanr\u0131\u00e7a enerjisiyle birle\u015ftirerek, sizi mitolojik bir masal\u0131n i\u00e7ine davet ediyor. Kad\u0131n bilincine dokunarak derin ke\u015fifler sunuyor ve tanr\u0131\u00e7a enerjilerinin yolculu\u011funu sizinle payla\u015f\u0131yor. Kendinizden pek \u00e7ok \u015fey bulacak, di\u015fil g\u00fcc\u00fcn\u00fcz\u00fc ke\u015ffedecek ve di\u015fil enerjinizin \u015fifas\u0131na do\u011fru ad\u0131m atacaks\u0131n\u0131z. Bu kitab\u0131n size ilham vermesini ve kad\u0131n bilincine \u00f6nemli bir katk\u0131 sa\u011flamas\u0131n\u0131 diliyorum.<\/p>\n","protected":false},"excerpt":{"rendered":"<p>7 R\u00fcya, 7 Tanr\u0131\u00e7a&#8221; kitab\u0131, &#8220;7 \u00c7akra 7 R\u00fcya&#8221; kitab\u0131n\u0131n devam\u0131 niteli\u011fini ta\u015f\u0131maktad\u0131r. Bu kitap, Maya&#8217;n\u0131n 7 r\u00fcyas\u0131n\u0131 7 tanr\u0131\u00e7a enerjisiyle birle\u015ftirerek, sizi mitolojik bir masal\u0131n<span class=\"excerpt-hellip\"> [\u2026]<\/span><\/p>\n","protected":false},"featured_media":0,"template":"","meta":{"_monsterinsights_skip_tracking":false,"_monsterinsights_sitenote_active":false,"_monsterinsights_sitenote_note":"","_monsterinsights_sitenote_category":0},"product_brand":[],"product_cat":[12364,12376],"product_tag":[],"class_list":{"0":"post-760433","1":"product","2":"type-product","3":"status-publish","5":"product_cat-genel-konular","6":"product_cat-kisisel-gelisim","7":"pa_cilt-ciltsiz","8":"pa_tur-kitap","9":"pa_yayinevi-kitap-muptelasi-yayinlari","10":"pa_yazar-seda-oz","12":"first","13":"instock","14":"sale","15":"shipping-taxable","16":"purchasable","17":"product-type-simple"},"_links":{"self":[{"href":"https:\/\/roveyayinevi.com.tr\/index.php\/wp-json\/wp\/v2\/product\/760433","targetHints":{"allow":["GET"]}}],"collection":[{"href":"https:\/\/roveyayinevi.com.tr\/index.php\/wp-json\/wp\/v2\/product"}],"about":[{"href":"https:\/\/roveyayinevi.com.tr\/index.php\/wp-json\/wp\/v2\/types\/product"}],"wp:attachment":[{"href":"https:\/\/roveyayinevi.com.tr\/index.php\/wp-json\/wp\/v2\/media?parent=760433"}],"wp:term":[{"taxonomy":"product_brand","embeddable":true,"href":"https:\/\/roveyayinevi.com.tr\/index.php\/wp-json\/wp\/v2\/product_brand?post=760433"},{"taxonomy":"product_cat","embeddable":true,"href":"https:\/\/roveyayinevi.com.tr\/index.php\/wp-json\/wp\/v2\/product_cat?post=760433"},{"taxonomy":"product_tag","embeddable":true,"href":"https:\/\/roveyayinevi.com.tr\/index.php\/wp-json\/wp\/v2\/product_tag?post=760433"}],"curies":[{"name":"wp","href":"https:\/\/api.w.org\/{rel}","templated":true}]}}