{"id":760419,"date":"2025-08-28T09:04:57","date_gmt":"2025-08-28T06:04:57","guid":{"rendered":"https:\/\/roveyayinevi.com.tr\/index.php\/urun\/irade-icgudusu\/"},"modified":"2026-04-08T03:21:43","modified_gmt":"2026-04-08T00:21:43","slug":"irade-icgudusu","status":"publish","type":"product","link":"https:\/\/roveyayinevi.com.tr\/index.php\/urun\/irade-icgudusu\/","title":{"rendered":"\u0130rade \u0130\u00e7g\u00fcd\u00fcs\u00fc"},"content":{"rendered":"<p>Hissetti\u011finiz \u015feyi hissedin ama d\u00fc\u015f\u00fcnd\u00fc\u011f\u00fcn\u00fcz her \u015feye inanmay\u0131n.   Psikoloji, ekonomi, sinirbilim ve t\u0131p alan\u0131ndaki en g\u00fcncel ara\u015ft\u0131rmalar\u0131 bir araya getiren \u0130rade \u0130\u00e7g\u00fcd\u00fcs\u00fc, kilo vermekten daha sab\u0131rl\u0131 bir ebeveyn olmaya, daha az ertelemeye, daha sa\u011fl\u0131kl\u0131 ve verimli olmaya kadar \u00e7e\u015fitli hedefleri ger\u00e7ekle\u015ftirmenizde hayat\u0131n\u0131z\u0131 de\u011fi\u015ftirecek tavsiyeleri okurla bulu\u015fturuyor. Stanford \u00dcniversitesi\u2019nden Kelly McGonigal\u2019\u0131n son derece ra\u011fbet g\u00f6ren \u0130rade Bilimi dersine dayanan bu kitab\u0131n\u0131 okurken \u00f6zdenetimden nas\u0131l yararlanaca\u011f\u0131n\u0131z\u0131 a\u015fama a\u015fama \u00f6\u011frenecek, toksik al\u0131\u015fkanl\u0131klar\u0131n\u0131zdan kurtulup \u00f6zg\u00fcrle\u015feceksiniz. \u201cBu kitap, irade g\u00fcc\u00fcn\u00fcn s\u0131n\u0131rlar\u0131n\u0131n fark\u0131na varmak, hedeflerine etkili bir \u015fekilde ula\u015fmay\u0131 \u00f6\u011frenmek isteyen herkes i\u00e7in muazzam \u00f6nem ta\u015f\u0131yor.\u201d\u2014Jeffrey M. Schwartz, MD<\/p>\n","protected":false},"excerpt":{"rendered":"<p>Hissetti\u011finiz \u015feyi hissedin ama d\u00fc\u015f\u00fcnd\u00fc\u011f\u00fcn\u00fcz her \u015feye inanmay\u0131n. Psikoloji, ekonomi, sinirbilim ve t\u0131p alan\u0131ndaki en g\u00fcncel ara\u015ft\u0131rmalar\u0131 bir araya getiren \u0130rade \u0130\u00e7g\u00fcd\u00fcs\u00fc, kilo vermekten daha sab\u0131rl\u0131<span class=\"excerpt-hellip\"> [\u2026]<\/span><\/p>\n","protected":false},"featured_media":0,"template":"","meta":{"_monsterinsights_skip_tracking":false,"_monsterinsights_sitenote_active":false,"_monsterinsights_sitenote_note":"","_monsterinsights_sitenote_category":0},"product_brand":[],"product_cat":[12364,12376],"product_tag":[],"class_list":{"0":"post-760419","1":"product","2":"type-product","3":"status-publish","5":"product_cat-genel-konular","6":"product_cat-kisisel-gelisim","7":"pa_cilt-ciltsiz","8":"pa_tur-kitap","9":"pa_yayinevi-serenad-yayinevi","10":"pa_yazar-kelly-mcgonigal","12":"first","13":"instock","14":"sale","15":"shipping-taxable","16":"purchasable","17":"product-type-simple"},"_links":{"self":[{"href":"https:\/\/roveyayinevi.com.tr\/index.php\/wp-json\/wp\/v2\/product\/760419","targetHints":{"allow":["GET"]}}],"collection":[{"href":"https:\/\/roveyayinevi.com.tr\/index.php\/wp-json\/wp\/v2\/product"}],"about":[{"href":"https:\/\/roveyayinevi.com.tr\/index.php\/wp-json\/wp\/v2\/types\/product"}],"wp:attachment":[{"href":"https:\/\/roveyayinevi.com.tr\/index.php\/wp-json\/wp\/v2\/media?parent=760419"}],"wp:term":[{"taxonomy":"product_brand","embeddable":true,"href":"https:\/\/roveyayinevi.com.tr\/index.php\/wp-json\/wp\/v2\/product_brand?post=760419"},{"taxonomy":"product_cat","embeddable":true,"href":"https:\/\/roveyayinevi.com.tr\/index.php\/wp-json\/wp\/v2\/product_cat?post=760419"},{"taxonomy":"product_tag","embeddable":true,"href":"https:\/\/roveyayinevi.com.tr\/index.php\/wp-json\/wp\/v2\/product_tag?post=760419"}],"curies":[{"name":"wp","href":"https:\/\/api.w.org\/{rel}","templated":true}]}}