{"id":760408,"date":"2025-08-28T09:04:38","date_gmt":"2025-08-28T06:04:38","guid":{"rendered":"https:\/\/roveyayinevi.com.tr\/index.php\/urun\/yaratilis\/"},"modified":"2026-04-16T03:13:10","modified_gmt":"2026-04-16T00:13:10","slug":"yaratilis","status":"publish","type":"product","link":"https:\/\/roveyayinevi.com.tr\/index.php\/urun\/yaratilis\/","title":{"rendered":"Yarat\u0131l\u0131\u015f"},"content":{"rendered":"<p>\u0130nsano\u011flu \u00e7ocukluk evresini bitirdikten sonra, \u201cNeden, ni\u00e7in yarat\u0131ld\u0131m?\u201d diye kendine sormaya ba\u015flar. Bu merak ve aray\u0131\u015f, i\u00e7ini t\u0131rmalay\u0131p durur. \u0130lk \u00f6nce ebeveyninden, sonra \u00f6\u011fretmeninden ve zaman ilerledik\u00e7e \u00e7evresinden bilgi almaya y\u00f6nelir.   \u0130nsano\u011flu yarat\u0131l\u0131\u015f itibar\u0131yla \u00f6\u011frenmeye, sorgulamaya, ara\u015ft\u0131rmaya meyillidir. E\u011fer ki do\u011fru kaynaklardan ve do\u011fru insanlardan istifade edemezse kalbinde bir tak\u0131nt\u0131 kalacakt\u0131r. \u0130nsan\u0131n yarat\u0131l\u0131\u015f\u0131n\u0131n; hayvanlar\u0131n, bitkilerin, D\u00fcnya\u2019n\u0131n, G\u00fcne\u015f Sistemi\u2019nin ve evrenin nas\u0131l ve neden var oldu\u011fu sorusu insan\u0131n kafas\u0131nda ve kalbinde her zaman kendine yer bulacakt\u0131r. Hayatta \u00e7\u00f6z\u00fclemeyen sorular ve tak\u0131nt\u0131lar da insanlar\u0131 isyanlara ve kaosa s\u00fcr\u00fckler.   Ben \u00e2ciz de, insan\u0131n merak ve aray\u0131\u015f\u0131n\u0131n surlar\u0131nda k\u00fc\u00e7\u00fck de olsa bir gedik a\u00e7mak istedim. Kalemimin d\u00f6nd\u00fc\u011f\u00fc kadar\u0131yla kalplere ve zihinlere ila\u00e7 olmak i\u00e7in, yarat\u0131l\u0131\u015f ile ilgili merak edilen konular\u0131 tek bir kitap h\u00e2linde toplad\u0131m. -Mehmet \u00d6zer<\/p>\n","protected":false},"excerpt":{"rendered":"<p>\u0130nsano\u011flu \u00e7ocukluk evresini bitirdikten sonra, \u201cNeden, ni\u00e7in yarat\u0131ld\u0131m?\u201d diye kendine sormaya ba\u015flar. Bu merak ve aray\u0131\u015f, i\u00e7ini t\u0131rmalay\u0131p durur. \u0130lk \u00f6nce ebeveyninden, sonra \u00f6\u011fretmeninden ve zaman<span class=\"excerpt-hellip\"> [\u2026]<\/span><\/p>\n","protected":false},"featured_media":0,"template":"","meta":{"_monsterinsights_skip_tracking":false,"_monsterinsights_sitenote_active":false,"_monsterinsights_sitenote_note":"","_monsterinsights_sitenote_category":0},"product_brand":[],"product_cat":[52477],"product_tag":[],"class_list":{"0":"post-760408","1":"product","2":"type-product","3":"status-publish","5":"product_cat-arastirma","6":"pa_cilt-ciltsiz","7":"pa_tur-kitap","8":"pa_yayinevi-luna-yayinlari","9":"pa_yazar-mehmet-ozer","11":"first","12":"instock","13":"sale","14":"shipping-taxable","15":"purchasable","16":"product-type-simple"},"_links":{"self":[{"href":"https:\/\/roveyayinevi.com.tr\/index.php\/wp-json\/wp\/v2\/product\/760408","targetHints":{"allow":["GET"]}}],"collection":[{"href":"https:\/\/roveyayinevi.com.tr\/index.php\/wp-json\/wp\/v2\/product"}],"about":[{"href":"https:\/\/roveyayinevi.com.tr\/index.php\/wp-json\/wp\/v2\/types\/product"}],"wp:attachment":[{"href":"https:\/\/roveyayinevi.com.tr\/index.php\/wp-json\/wp\/v2\/media?parent=760408"}],"wp:term":[{"taxonomy":"product_brand","embeddable":true,"href":"https:\/\/roveyayinevi.com.tr\/index.php\/wp-json\/wp\/v2\/product_brand?post=760408"},{"taxonomy":"product_cat","embeddable":true,"href":"https:\/\/roveyayinevi.com.tr\/index.php\/wp-json\/wp\/v2\/product_cat?post=760408"},{"taxonomy":"product_tag","embeddable":true,"href":"https:\/\/roveyayinevi.com.tr\/index.php\/wp-json\/wp\/v2\/product_tag?post=760408"}],"curies":[{"name":"wp","href":"https:\/\/api.w.org\/{rel}","templated":true}]}}