{"id":760396,"date":"2025-08-28T09:04:17","date_gmt":"2025-08-28T06:04:17","guid":{"rendered":"https:\/\/roveyayinevi.com.tr\/index.php\/urun\/iddiayla-baslayan-veda-aski-1\/"},"modified":"2026-04-13T03:20:57","modified_gmt":"2026-04-13T00:20:57","slug":"iddiayla-baslayan-veda-aski-1","status":"publish","type":"product","link":"https:\/\/roveyayinevi.com.tr\/index.php\/urun\/iddiayla-baslayan-veda-aski-1\/","title":{"rendered":"\u0130ddiayla Ba\u015flayan Veda A\u015fk\u0131 1"},"content":{"rendered":"<p>&#8220;SEN YAPARSIN! BUZLARIN DEM\u0130R LEYD\u0130S\u0130N\u0130 TAVLA!&#8221;   So\u011fuk ve i\u015fini ciddiyetle yapan Nao Yoshinaga i\u015fyerinde &#8220;Buzlar\u0131n Demir Leydisi&#8221; olarak bilinmektedir. Bir g\u00fcn Nao, platonik a\u015fk\u0131 Satomura&#8217;n\u0131n zorla kendisiyle ilgili bir iddiaya dahil oldu\u011funa tan\u0131kl\u0131k eder!   &#8220;Ama bu benim i\u00e7in bir \u015fans de\u011fil mi?&#8221;   \u0130kilinin bir iddiayla ba\u015flayan a\u015fk\u0131nda neler olacak? <\/p>\n","protected":false},"excerpt":{"rendered":"<p>&#8220;SEN YAPARSIN! BUZLARIN DEM\u0130R LEYD\u0130S\u0130N\u0130 TAVLA!&#8221; So\u011fuk ve i\u015fini ciddiyetle yapan Nao Yoshinaga i\u015fyerinde &#8220;Buzlar\u0131n Demir Leydisi&#8221; olarak bilinmektedir. Bir g\u00fcn Nao, platonik a\u015fk\u0131 Satomura&#8217;n\u0131n zorla<span class=\"excerpt-hellip\"> [\u2026]<\/span><\/p>\n","protected":false},"featured_media":0,"template":"","meta":{"_monsterinsights_skip_tracking":false,"_monsterinsights_sitenote_active":false,"_monsterinsights_sitenote_note":"","_monsterinsights_sitenote_category":0},"product_brand":[],"product_cat":[12416,12291],"product_tag":[],"class_list":{"0":"post-760396","1":"product","2":"type-product","3":"status-publish","5":"product_cat-cizgi-roman","6":"product_cat-edebiyat","7":"pa_cilt-ciltsiz","8":"pa_tur-kitap","9":"pa_yayinevi-athica-yayinlari","10":"pa_yazar-porun","12":"first","13":"instock","14":"sale","15":"shipping-taxable","16":"purchasable","17":"product-type-simple"},"_links":{"self":[{"href":"https:\/\/roveyayinevi.com.tr\/index.php\/wp-json\/wp\/v2\/product\/760396","targetHints":{"allow":["GET"]}}],"collection":[{"href":"https:\/\/roveyayinevi.com.tr\/index.php\/wp-json\/wp\/v2\/product"}],"about":[{"href":"https:\/\/roveyayinevi.com.tr\/index.php\/wp-json\/wp\/v2\/types\/product"}],"wp:attachment":[{"href":"https:\/\/roveyayinevi.com.tr\/index.php\/wp-json\/wp\/v2\/media?parent=760396"}],"wp:term":[{"taxonomy":"product_brand","embeddable":true,"href":"https:\/\/roveyayinevi.com.tr\/index.php\/wp-json\/wp\/v2\/product_brand?post=760396"},{"taxonomy":"product_cat","embeddable":true,"href":"https:\/\/roveyayinevi.com.tr\/index.php\/wp-json\/wp\/v2\/product_cat?post=760396"},{"taxonomy":"product_tag","embeddable":true,"href":"https:\/\/roveyayinevi.com.tr\/index.php\/wp-json\/wp\/v2\/product_tag?post=760396"}],"curies":[{"name":"wp","href":"https:\/\/api.w.org\/{rel}","templated":true}]}}