{"id":760376,"date":"2025-08-28T09:03:45","date_gmt":"2025-08-28T06:03:45","guid":{"rendered":"https:\/\/roveyayinevi.com.tr\/index.php\/urun\/define-adasi-22\/"},"modified":"2026-04-16T03:13:09","modified_gmt":"2026-04-16T00:13:09","slug":"define-adasi-22","status":"publish","type":"product","link":"https:\/\/roveyayinevi.com.tr\/index.php\/urun\/define-adasi-22\/","title":{"rendered":"Define Adas\u0131"},"content":{"rendered":"<p>Sessiz sakin bir ya\u015fam s\u00fcren Jim Hawkins&#8217;in hayat\u0131, i\u015flettikleri hana Billy Bones adl\u0131 bir kaptan\u0131n gel- mesiyle alt \u00fcst olur. \u00dcnl\u00fc ac\u0131mas\u0131z Kaptan Flint&#8217;in ikinci kaptan\u0131 olan Billy Bones, Flint&#8217;in y\u0131llar \u00f6nce g\u00f6md\u00fc\u011f\u00fc hazinenin haritas\u0131n\u0131 sand\u0131\u011f\u0131nda saklamaktad\u0131r ve bu hazinenin pe\u015finde olan ba\u015fkalar\u0131 da vard\u0131r: Tek bacakl\u0131 John Silver. Kaptan Bones&#8217;un \u00f6lmesiyle birlikte haritay\u0131 bulan Jim, Doktor Livesey, Bay Trelawney, onun iki adam\u0131, John Siluer&#8217;la birlikte yirmi alt\u0131 adamla hazine pe\u015fine d\u00fc\u015ferler. Daha Defi- ne Adas\u0131&#8217;na ula\u015fmadan Siluer ve adamlar\u0131 isyan eder ve gemiyi ele ge\u00e7irirler. Peki, hazine kimin olacak; Joh Silver ve adamlar\u0131n\u0131n m\u0131, yoksa Jim Hawkins ve dostlar\u0131n\u0131n m\u0131? <\/p>\n","protected":false},"excerpt":{"rendered":"<p>Sessiz sakin bir ya\u015fam s\u00fcren Jim Hawkins&#8217;in hayat\u0131, i\u015flettikleri hana Billy Bones adl\u0131 bir kaptan\u0131n gel- mesiyle alt \u00fcst olur. \u00dcnl\u00fc ac\u0131mas\u0131z Kaptan Flint&#8217;in ikinci kaptan\u0131<span class=\"excerpt-hellip\"> [\u2026]<\/span><\/p>\n","protected":false},"featured_media":0,"template":"","meta":{"_monsterinsights_skip_tracking":false,"_monsterinsights_sitenote_active":false,"_monsterinsights_sitenote_note":"","_monsterinsights_sitenote_category":0},"product_brand":[],"product_cat":[12274],"product_tag":[],"class_list":{"0":"post-760376","1":"product","2":"type-product","3":"status-publish","5":"product_cat-cocuk-ve-genclik-kitaplari","6":"pa_cilt-ciltsiz","7":"pa_tur-kitap","8":"pa_yayinevi-pars-yayinlari","9":"pa_yazar-robert-l-stevenson","11":"first","12":"instock","13":"sale","14":"shipping-taxable","15":"purchasable","16":"product-type-simple"},"_links":{"self":[{"href":"https:\/\/roveyayinevi.com.tr\/index.php\/wp-json\/wp\/v2\/product\/760376","targetHints":{"allow":["GET"]}}],"collection":[{"href":"https:\/\/roveyayinevi.com.tr\/index.php\/wp-json\/wp\/v2\/product"}],"about":[{"href":"https:\/\/roveyayinevi.com.tr\/index.php\/wp-json\/wp\/v2\/types\/product"}],"wp:attachment":[{"href":"https:\/\/roveyayinevi.com.tr\/index.php\/wp-json\/wp\/v2\/media?parent=760376"}],"wp:term":[{"taxonomy":"product_brand","embeddable":true,"href":"https:\/\/roveyayinevi.com.tr\/index.php\/wp-json\/wp\/v2\/product_brand?post=760376"},{"taxonomy":"product_cat","embeddable":true,"href":"https:\/\/roveyayinevi.com.tr\/index.php\/wp-json\/wp\/v2\/product_cat?post=760376"},{"taxonomy":"product_tag","embeddable":true,"href":"https:\/\/roveyayinevi.com.tr\/index.php\/wp-json\/wp\/v2\/product_tag?post=760376"}],"curies":[{"name":"wp","href":"https:\/\/api.w.org\/{rel}","templated":true}]}}