{"id":760348,"date":"2025-08-28T09:02:54","date_gmt":"2025-08-28T06:02:54","guid":{"rendered":"https:\/\/roveyayinevi.com.tr\/index.php\/urun\/buz-kristali-magarasi\/"},"modified":"2026-04-12T03:17:00","modified_gmt":"2026-04-12T00:17:00","slug":"buz-kristali-magarasi","status":"publish","type":"product","link":"https:\/\/roveyayinevi.com.tr\/index.php\/urun\/buz-kristali-magarasi\/","title":{"rendered":"Buz Kristali Ma\u011faras\u0131"},"content":{"rendered":"<p>Set i\u00e7eri\u011fi 1 adet hikaye kitab\u0131 1 adet (3 boyutlu hikaye ile uyumlu maket) 1 adet (2 boyutlu hikaye ile uyumlu maket) 3 adet \u015eekil maketleri Benim Hikaye Kitab\u0131m Defteri   Hikayeni Tamamlama serisi \u00e7ocuklar\u0131m\u0131za hikaye yazd\u0131rma sistemidir. Hikayeler 3 ayn\u0131 ba\u015flang\u0131\u00e7 ile 3 ayr\u0131 hikaye vermektedir ve d\u00f6rd\u00fcnc\u00fc hikayeyi \u00e7ocuklar\u0131m\u0131z\u0131n yazmas\u0131n\u0131 beklemektedir. Bu sistem ile \u00e7ocuklar\u0131m\u0131z kolayca hikaye yaz\u0131p hayal g\u00fc\u00e7lerini g\u00fc\u00e7lendirmektedir. Bunun yan\u0131 s\u0131ra her hikaye ile uyumlu maket setler ile hikaye yazma konusunda ve hayal g\u00fcc\u00fc konusunda daha  etkili bir yol \u00e7izmektedir. El becerilerini geli\u015ftirmektedir. G\u00fczel zaman ge\u00e7irmek ve e\u011flenmek i\u00e7in maketleri boyay\u0131p renklendire bilirsiniz. Benim Hikaye Kitab\u0131m defterine \u00e7ocu\u011funuz kendine ait hikayeler yaz\u0131p \u00f6zg\u00fcvenini artt\u0131rabilir. -Hikayelerin hepsi sesli olarak dinlenmekte ve ak\u0131ll\u0131 tahta uyumludur. <\/p>\n","protected":false},"excerpt":{"rendered":"<p>Set i\u00e7eri\u011fi 1 adet hikaye kitab\u0131 1 adet (3 boyutlu hikaye ile uyumlu maket) 1 adet (2 boyutlu hikaye ile uyumlu maket) 3 adet \u015eekil maketleri<span class=\"excerpt-hellip\"> [\u2026]<\/span><\/p>\n","protected":false},"featured_media":0,"template":"","meta":{"_monsterinsights_skip_tracking":false,"_monsterinsights_sitenote_active":false,"_monsterinsights_sitenote_note":"","_monsterinsights_sitenote_category":0},"product_brand":[],"product_cat":[12274,12284],"product_tag":[],"class_list":{"0":"post-760348","1":"product","2":"type-product","3":"status-publish","5":"product_cat-cocuk-ve-genclik-kitaplari","6":"product_cat-hikayeler","7":"pa_cilt-ciltsiz","8":"pa_tur-kitap","9":"pa_yayinevi-pisa-yayinevi","10":"pa_yazar-kolektif","12":"first","13":"instock","14":"sale","15":"shipping-taxable","16":"purchasable","17":"product-type-simple"},"_links":{"self":[{"href":"https:\/\/roveyayinevi.com.tr\/index.php\/wp-json\/wp\/v2\/product\/760348","targetHints":{"allow":["GET"]}}],"collection":[{"href":"https:\/\/roveyayinevi.com.tr\/index.php\/wp-json\/wp\/v2\/product"}],"about":[{"href":"https:\/\/roveyayinevi.com.tr\/index.php\/wp-json\/wp\/v2\/types\/product"}],"wp:attachment":[{"href":"https:\/\/roveyayinevi.com.tr\/index.php\/wp-json\/wp\/v2\/media?parent=760348"}],"wp:term":[{"taxonomy":"product_brand","embeddable":true,"href":"https:\/\/roveyayinevi.com.tr\/index.php\/wp-json\/wp\/v2\/product_brand?post=760348"},{"taxonomy":"product_cat","embeddable":true,"href":"https:\/\/roveyayinevi.com.tr\/index.php\/wp-json\/wp\/v2\/product_cat?post=760348"},{"taxonomy":"product_tag","embeddable":true,"href":"https:\/\/roveyayinevi.com.tr\/index.php\/wp-json\/wp\/v2\/product_tag?post=760348"}],"curies":[{"name":"wp","href":"https:\/\/api.w.org\/{rel}","templated":true}]}}