{"id":760345,"date":"2025-08-28T09:02:49","date_gmt":"2025-08-28T06:02:49","guid":{"rendered":"https:\/\/roveyayinevi.com.tr\/index.php\/urun\/ortadoguda-uluslararasi-iliskiler\/"},"modified":"2026-04-16T03:13:08","modified_gmt":"2026-04-16T00:13:08","slug":"ortadoguda-uluslararasi-iliskiler","status":"publish","type":"product","link":"https:\/\/roveyayinevi.com.tr\/index.php\/urun\/ortadoguda-uluslararasi-iliskiler\/","title":{"rendered":"Ortado\u011fu\u2019da Uluslararas\u0131 \u0130li\u015fkiler"},"content":{"rendered":"<p>Ortado\u011fu&#8217;yu jeopolitik bir satran\u00e7 tahtas\u0131 olarak g\u00f6r\u00fcp, buna g\u00f6re siyasetini ve teorisini \u00fcretenlerin aksine bu \u00e7al\u0131\u015fma, b\u00f6lgenin kendi tarihsel katmanlar\u0131n\u0131 analiz ediyor. M\u0131s\u0131r&#8217;dan T\u00fcrkiye&#8217;ye kadar uzanan co\u011frafyada d\u0131\u015f politika dinamiklerinin merce\u011finden ulusal ve uluslararas\u0131 arenada ya\u015fanan g\u00fc\u00e7 oyunlar\u0131n\u0131n ard\u0131ndaki ger\u00e7ekleri a\u00e7\u0131\u011fa \u00e7\u0131kar\u0131yor. Sava\u015flar ve ittifaklar aras\u0131nda kaynayan bu b\u00f6lgede siyasetin iki temel stratejisini de g\u00f6zler \u00f6n\u00fcne seriyor: rekabet\u00e7i destek aray\u0131\u015f\u0131 ve ideolojik d\u0131\u015fsalla\u015ft\u0131rma. Ewan Stein, t\u00fcm bunlar\u0131 anlamak i\u00e7in b\u00f6lgedeki g\u00fc\u00e7lerin hegemonya stratejilerine bakma gereklili\u011fini vurgularken ba\u015fka co\u011frafyalar\u0131n b\u00f6lgesel siyasetine dair de \u00f6nemli ipu\u00e7lar\u0131 veriyor. <\/p>\n","protected":false},"excerpt":{"rendered":"<p>Ortado\u011fu&#8217;yu jeopolitik bir satran\u00e7 tahtas\u0131 olarak g\u00f6r\u00fcp, buna g\u00f6re siyasetini ve teorisini \u00fcretenlerin aksine bu \u00e7al\u0131\u015fma, b\u00f6lgenin kendi tarihsel katmanlar\u0131n\u0131 analiz ediyor. M\u0131s\u0131r&#8217;dan T\u00fcrkiye&#8217;ye kadar uzanan<span class=\"excerpt-hellip\"> [\u2026]<\/span><\/p>\n","protected":false},"featured_media":0,"template":"","meta":{"_monsterinsights_skip_tracking":false,"_monsterinsights_sitenote_active":false,"_monsterinsights_sitenote_note":"","_monsterinsights_sitenote_category":0},"product_brand":[],"product_cat":[12337,17225],"product_tag":[],"class_list":{"0":"post-760345","1":"product","2":"type-product","3":"status-publish","5":"product_cat-politika-siyaset","6":"product_cat-uluslararasi-iliskiler","7":"pa_cilt-ciltsiz","8":"pa_tur-kitap","9":"pa_yayinevi-fol-kitap","10":"pa_yazar-ewan-stein","12":"first","13":"instock","14":"sale","15":"shipping-taxable","16":"purchasable","17":"product-type-simple"},"_links":{"self":[{"href":"https:\/\/roveyayinevi.com.tr\/index.php\/wp-json\/wp\/v2\/product\/760345","targetHints":{"allow":["GET"]}}],"collection":[{"href":"https:\/\/roveyayinevi.com.tr\/index.php\/wp-json\/wp\/v2\/product"}],"about":[{"href":"https:\/\/roveyayinevi.com.tr\/index.php\/wp-json\/wp\/v2\/types\/product"}],"wp:attachment":[{"href":"https:\/\/roveyayinevi.com.tr\/index.php\/wp-json\/wp\/v2\/media?parent=760345"}],"wp:term":[{"taxonomy":"product_brand","embeddable":true,"href":"https:\/\/roveyayinevi.com.tr\/index.php\/wp-json\/wp\/v2\/product_brand?post=760345"},{"taxonomy":"product_cat","embeddable":true,"href":"https:\/\/roveyayinevi.com.tr\/index.php\/wp-json\/wp\/v2\/product_cat?post=760345"},{"taxonomy":"product_tag","embeddable":true,"href":"https:\/\/roveyayinevi.com.tr\/index.php\/wp-json\/wp\/v2\/product_tag?post=760345"}],"curies":[{"name":"wp","href":"https:\/\/api.w.org\/{rel}","templated":true}]}}