{"id":760339,"date":"2025-08-28T09:02:40","date_gmt":"2025-08-28T06:02:40","guid":{"rendered":"https:\/\/roveyayinevi.com.tr\/index.php\/urun\/sarlman\/"},"modified":"2026-04-16T03:13:08","modified_gmt":"2026-04-16T00:13:08","slug":"sarlman","status":"publish","type":"product","link":"https:\/\/roveyayinevi.com.tr\/index.php\/urun\/sarlman\/","title":{"rendered":"\u015earlman"},"content":{"rendered":"<p>Orta \u00c7a\u011f Avrupas\u0131\u2019n\u0131n \u0130lk \u0130mparatoru, Avrupa\u2019n\u0131n Babas\u0131 \u015earlman&#8230;   \u015earlman, akla gelebilecek her alanda Orta \u00c7a\u011f Avrupas\u0131\u2019n\u0131n en \u00f6nemli h\u00fck\u00fcmdarlar\u0131ndand\u0131r. \u00dclkesinde adalet ve istikrar\u0131 tesis etmi\u015f, k\u00fclt\u00fcr ve medeniyeti canland\u0131rm\u0131\u015ft\u0131r. Karolenj R\u00f6nesans\u0131 ad\u0131 verilen, kelimeler aras\u0131na bo\u015fluk koyma, k\u00fc\u00e7\u00fck harflerle yazma, noktadan sonra b\u00fcy\u00fck harfle ba\u015flama gibi bug\u00fcn kulland\u0131\u011f\u0131m\u0131z pek \u00e7ok yaz\u0131m kural\u0131n\u0131 getiren k\u00fclt\u00fcrel uyan\u0131\u015f, bizzat onun \u00e7abalar\u0131yla ba\u015flam\u0131\u015ft\u0131r.   \u015earlman\u2019\u0131n yak\u0131n arkada\u015flar\u0131ndan olan Einhard, imparatorun hizmetinde ge\u00e7irdi\u011fi y\u0131llarda, pek \u00e7ok \u015feye tan\u0131k olmu\u015f, resm\u00ee belgelere ula\u015fm\u0131\u015f, olaylar\u0131n kahramanlar\u0131yla g\u00f6r\u00fc\u015fm\u00fc\u015ft\u00fcr. \u015earlman\u2019\u0131n hayat\u0131n\u0131 kaleme almay\u0131 g\u00f6rev edinerek B\u00fcy\u00fck Karolus\u2019un Hayat\u0131 (Vita Karoli Magni) adl\u0131 eseri yazm\u0131\u015ft\u0131r. Bu eser Avrupa tarihinde din adam\u0131 olmayan biri taraf\u0131ndan yaz\u0131lm\u0131\u015f ilk biyografi olmas\u0131n\u0131n yan\u0131 s\u0131ra Orta \u00c7a\u011f edebiyat\u0131n\u0131n en \u00fcnl\u00fc eserlerindendir. D\u00f6nemin tarih yaz\u0131m\u0131n\u0131 derinden etkileyen eser, XVI. y\u00fczy\u0131ldan itibaren yay\u0131mlanmaya ba\u015flanm\u0131\u015f, ulus dillere terc\u00fcme edilmi\u015f ve say\u0131s\u0131z kez yorumlanarak en \u00e7ok okunan tarihi biyografilerden biri olmu\u015ftur. Birle\u015fik Avrupa\/Avrupa Birli\u011fi fikrinin babas\u0131 \u015earlman\u2019\u0131n siyasi ba\u015far\u0131lar\u0131, asker\u00ee stratejisi, d\u0131\u015f ve i\u00e7 politikalar\u0131, dostlar\u0131, d\u00fc\u015fmanlar\u0131, ki\u015fisel al\u0131\u015fkanl\u0131klar\u0131 ve \u00f6zel hayat\u0131 hakk\u0131nda ba\u015fka yerde bulunmayan dikkat \u00e7ekici bilgiler sunan eser, destans\u0131 bir \u00f6zellik de ta\u015f\u0131maktad\u0131r.   \u00d6zlem Gen\u00e7\u2019in Latince asl\u0131ndan yapt\u0131\u011f\u0131 \u00e7evirisine ek olarak a\u00e7\u0131klamalar ve de\u011ferlendirmelerle zenginle\u015ftirdi\u011fi \u015earlman: Avrupa\u2019n\u0131n B\u00fcy\u00fck H\u00fck\u00fcmdar\u0131 (Vita Karoli Magni), Kronik Klasikler Serisi\u2019nin yeni kitab\u0131\u2026<\/p>\n","protected":false},"excerpt":{"rendered":"<p>Orta \u00c7a\u011f Avrupas\u0131\u2019n\u0131n \u0130lk \u0130mparatoru, Avrupa\u2019n\u0131n Babas\u0131 \u015earlman&#8230; \u015earlman, akla gelebilecek her alanda Orta \u00c7a\u011f Avrupas\u0131\u2019n\u0131n en \u00f6nemli h\u00fck\u00fcmdarlar\u0131ndand\u0131r. \u00dclkesinde adalet ve istikrar\u0131 tesis etmi\u015f, k\u00fclt\u00fcr<span class=\"excerpt-hellip\"> [\u2026]<\/span><\/p>\n","protected":false},"featured_media":0,"template":"","meta":{"_monsterinsights_skip_tracking":false,"_monsterinsights_sitenote_active":false,"_monsterinsights_sitenote_note":"","_monsterinsights_sitenote_category":0},"product_brand":[],"product_cat":[13946,12304],"product_tag":[],"class_list":{"0":"post-760339","1":"product","2":"type-product","3":"status-publish","5":"product_cat-biyografi-otobiyografi","6":"product_cat-tarih","7":"pa_cilt-ciltsiz","8":"pa_tur-kitap","9":"pa_yayinevi-kronik-kitap","10":"pa_yazar-einhard","12":"first","13":"instock","14":"sale","15":"shipping-taxable","16":"purchasable","17":"product-type-simple"},"_links":{"self":[{"href":"https:\/\/roveyayinevi.com.tr\/index.php\/wp-json\/wp\/v2\/product\/760339","targetHints":{"allow":["GET"]}}],"collection":[{"href":"https:\/\/roveyayinevi.com.tr\/index.php\/wp-json\/wp\/v2\/product"}],"about":[{"href":"https:\/\/roveyayinevi.com.tr\/index.php\/wp-json\/wp\/v2\/types\/product"}],"wp:attachment":[{"href":"https:\/\/roveyayinevi.com.tr\/index.php\/wp-json\/wp\/v2\/media?parent=760339"}],"wp:term":[{"taxonomy":"product_brand","embeddable":true,"href":"https:\/\/roveyayinevi.com.tr\/index.php\/wp-json\/wp\/v2\/product_brand?post=760339"},{"taxonomy":"product_cat","embeddable":true,"href":"https:\/\/roveyayinevi.com.tr\/index.php\/wp-json\/wp\/v2\/product_cat?post=760339"},{"taxonomy":"product_tag","embeddable":true,"href":"https:\/\/roveyayinevi.com.tr\/index.php\/wp-json\/wp\/v2\/product_tag?post=760339"}],"curies":[{"name":"wp","href":"https:\/\/api.w.org\/{rel}","templated":true}]}}