{"id":760327,"date":"2025-08-28T09:02:20","date_gmt":"2025-08-28T06:02:20","guid":{"rendered":"https:\/\/roveyayinevi.com.tr\/index.php\/urun\/beyin\/"},"modified":"2026-04-16T03:13:08","modified_gmt":"2026-04-16T00:13:08","slug":"beyin","status":"publish","type":"product","link":"https:\/\/roveyayinevi.com.tr\/index.php\/urun\/beyin\/","title":{"rendered":"Beyin"},"content":{"rendered":"<p>G\u00fcnl\u00fck hayattaki konu\u015fmalar\u0131m\u0131zda \u201cKafam da\u011f\u0131n\u0131k.\u201d, \u201cKafam bozuk.\u201d, \u201cKafam rahatlad\u0131.\u201d gibi ifadeleri s\u0131k s\u0131k kullan\u0131yoruz. V\u00fccudumuzu y\u00f6neten beynimiz kafam\u0131z\u0131n i\u00e7inde oldu\u011fundan bu t\u00fcr g\u00f6ndermeler yap\u0131yoruz. Sabah uyan\u0131p kahvalt\u0131 yapmak, okula gitmek, ders \u00e7al\u0131\u015fmak, m\u00fczik dinlemek, oyun oynamak gibi g\u00fcn i\u00e7inde yapt\u0131\u011f\u0131m\u0131z her aktiviteyi beynimiz sayesinde yap\u0131yoruz. Peki, ama t\u00fcm bunlar\u0131 beynimiz nas\u0131l yap\u0131yor? Pek \u00e7ok merakl\u0131 \u00e7ocu\u011fun kafas\u0131nda bu sorular\u0131n d\u00f6n\u00fcp durdu\u011funu biliyoruz. Bu kitap, bilime ve \u00f6\u011frenmeye merakl\u0131 \u00e7ocuklar\u0131n heyecan\u0131n\u0131 payla\u015fmak i\u00e7in haz\u0131rland\u0131. Bu kitapta, beynin yap\u0131s\u0131, beynin di\u011fer organlarla nas\u0131l ileti\u015fim kurdu\u011fu, beyin hasar ald\u0131\u011f\u0131nda neler oldu\u011fu, beyin sa\u011fl\u0131 i\u00e7in neler yapmak gerekti\u011fi, insan gibi d\u00fc\u015f\u00fcnebilen makinelerin yap\u0131l\u0131p yap\u0131lamayaca\u011f\u0131 gibi bir\u00e7ok ilgi \u00e7ekici i\u00e7eri\u011fe yer verildi. Bu kitapta beyin hakk\u0131ndaki bilimsel ger\u00e7ekler \u00e7ocuklar\u0131n anlayabilece\u011fi sadelikte derlendi.<\/p>\n","protected":false},"excerpt":{"rendered":"<p>G\u00fcnl\u00fck hayattaki konu\u015fmalar\u0131m\u0131zda \u201cKafam da\u011f\u0131n\u0131k.\u201d, \u201cKafam bozuk.\u201d, \u201cKafam rahatlad\u0131.\u201d gibi ifadeleri s\u0131k s\u0131k kullan\u0131yoruz. V\u00fccudumuzu y\u00f6neten beynimiz kafam\u0131z\u0131n i\u00e7inde oldu\u011fundan bu t\u00fcr g\u00f6ndermeler yap\u0131yoruz. Sabah uyan\u0131p<span class=\"excerpt-hellip\"> [\u2026]<\/span><\/p>\n","protected":false},"featured_media":0,"template":"","meta":{"_monsterinsights_skip_tracking":false,"_monsterinsights_sitenote_active":false,"_monsterinsights_sitenote_note":"","_monsterinsights_sitenote_category":0},"product_brand":[],"product_cat":[13829,12274],"product_tag":[],"class_list":{"0":"post-760327","1":"product","2":"type-product","3":"status-publish","5":"product_cat-bilimsel-kitaplar","6":"product_cat-cocuk-ve-genclik-kitaplari","7":"pa_cilt-ciltsiz","8":"pa_tur-kitap","9":"pa_yayinevi-erdem-cocuk","10":"pa_yazar-selen-fettahoglu","12":"first","13":"instock","14":"sale","15":"shipping-taxable","16":"purchasable","17":"product-type-simple"},"_links":{"self":[{"href":"https:\/\/roveyayinevi.com.tr\/index.php\/wp-json\/wp\/v2\/product\/760327","targetHints":{"allow":["GET"]}}],"collection":[{"href":"https:\/\/roveyayinevi.com.tr\/index.php\/wp-json\/wp\/v2\/product"}],"about":[{"href":"https:\/\/roveyayinevi.com.tr\/index.php\/wp-json\/wp\/v2\/types\/product"}],"wp:attachment":[{"href":"https:\/\/roveyayinevi.com.tr\/index.php\/wp-json\/wp\/v2\/media?parent=760327"}],"wp:term":[{"taxonomy":"product_brand","embeddable":true,"href":"https:\/\/roveyayinevi.com.tr\/index.php\/wp-json\/wp\/v2\/product_brand?post=760327"},{"taxonomy":"product_cat","embeddable":true,"href":"https:\/\/roveyayinevi.com.tr\/index.php\/wp-json\/wp\/v2\/product_cat?post=760327"},{"taxonomy":"product_tag","embeddable":true,"href":"https:\/\/roveyayinevi.com.tr\/index.php\/wp-json\/wp\/v2\/product_tag?post=760327"}],"curies":[{"name":"wp","href":"https:\/\/api.w.org\/{rel}","templated":true}]}}