{"id":760319,"date":"2025-08-28T09:02:06","date_gmt":"2025-08-28T06:02:06","guid":{"rendered":"https:\/\/roveyayinevi.com.tr\/index.php\/urun\/osmanli-tarihi-nasil-incelenir\/"},"modified":"2026-04-16T03:13:08","modified_gmt":"2026-04-16T00:13:08","slug":"osmanli-tarihi-nasil-incelenir","status":"publish","type":"product","link":"https:\/\/roveyayinevi.com.tr\/index.php\/urun\/osmanli-tarihi-nasil-incelenir\/","title":{"rendered":"Osmanl\u0131 Tarihi Nas\u0131l \u0130ncelenir?"},"content":{"rendered":"<p>600 YILLIK B\u0130R \u0130MPARATORLU\u011eUN TAR\u0130H\u0130 NASIL \u0130NCELEN\u0130R?   Tarih yaz\u0131c\u0131l\u0131\u011f\u0131 nedir? Tarih\u00ee bilginin s\u0131n\u0131rlar\u0131 var m\u0131d\u0131r? Tarih\u00ee kaynaklar nelerdir ve bu kaynaklar nas\u0131l kullan\u0131l\u0131r? Politika, biyografi, ekonomi, toplum ve zihniyet ekseninde tarih biliminden nas\u0131l yararlan\u0131l\u0131r? Ara\u015ft\u0131rmac\u0131lar Osmanl\u0131 ar\u015fivlerinde neler bulabilir? Osmanl\u0131 co\u011frafyas\u0131 nerede ba\u015flar nerede biter? Marksist Osmanl\u0131 tarih\u00e7ili\u011finin T\u00fcrkiye\u2019deki seyri nas\u0131l geli\u015fmi\u015ftir? Osmanl\u0131 tarihine dair hangi \u00fclkelerde ne tarz belgeler bulunur? Osmanl\u0131 padi\u015fahlar\u0131n\u0131n tebaas\u0131 do\u011fal \u00e7evresiyle ne gibi bir etkile\u015fime girmi\u015ftir? \u0130mparatorlu\u011fu olu\u015fturan toplumlarda erkek ve kad\u0131n tebaan\u0131n rol\u00fc ne olmu\u015ftur?&#8230;   Yeni b\u00f6l\u00fcmler ve kaynaklarla g\u00fcncellenen Osmanl\u0131 Tarihi Nas\u0131l \u0130ncelenir?, geni\u015fletilmi\u015f bask\u0131s\u0131yla bir kez daha T\u00fcrk okuyucusunun kar\u015f\u0131s\u0131na \u00e7\u0131k\u0131yor.   20. y\u00fczy\u0131la kadar varl\u0131\u011f\u0131n\u0131 s\u00fcrd\u00fcren Osmanl\u0131lar, arkalar\u0131nda devasa bir k\u00fclt\u00fcrel miras b\u0131rakm\u0131\u015f; ar\u015fiv belgeleri, kronikler, mimari yap\u0131lar hem T\u00fcrkiye\u2019den hem de yurt d\u0131\u015f\u0131ndan bir\u00e7ok ara\u015ft\u0131rmac\u0131n\u0131n ilgisini \u00e7ekmi\u015ftir. Peki ama bu ara\u015ft\u0131rmalar nas\u0131l yap\u0131lmal\u0131d\u0131r? Osmanl\u0131 medeniyeti ara\u015ft\u0131rmalar\u0131 konusunda uzun s\u00fcre \u00e7al\u0131\u015fm\u0131\u015f olan Suraiya Faroqhi, bu alandaki tecr\u00fcbesiyle ara\u015ft\u0131rmac\u0131lara yol g\u00f6steriyor. Bu kitapta bilgi y\u0131\u011f\u0131nlar\u0131 yerine bilgilere nas\u0131l ula\u015faca\u011f\u0131n\u0131z\u0131 ve onlar\u0131 nas\u0131l kullanaca\u011f\u0131n\u0131z\u0131 bulacaks\u0131n\u0131z.   Osmanl\u0131 Tarihi Nas\u0131l \u0130ncelenir?\u2019de Suraiya Faroqhi, Osmanl\u0131 tarihin yorumlanmas\u0131nda birincil ve ikincil kaynaklar\u0131n nas\u0131l kullan\u0131labilece\u011fini \u00f6rneklerle okurlara sunuyor. Ar\u015fiv belgelerinin yan\u0131nda anlat\u0131sal ve g\u00f6rsel kaynaklar\u0131 inceleyerek, bu materyallerin ortaya \u00e7\u0131k\u0131\u015f ama\u00e7lar\u0131n\u0131 a\u00e7\u0131kl\u0131yor ve okuyucular\u0131 ellerindeki kaynaklara ele\u015ftirel bir bak\u0131\u015f a\u00e7\u0131s\u0131 kazanmalar\u0131 konusunda y\u00f6nlendiriyor. Osmanl\u0131 tarihine \u00e7e\u015fitli perspektiflerle yakla\u015farak, metodolojik a\u00e7\u0131dan en ilgin\u00e7 olanlar\u0131 vurgulay\u0131p; Avrupa, Hindistan ve hatta Japonya ve \u00c7in tarihi \u00fczerinde yap\u0131lan \u00e7al\u0131\u015fmalar\u0131n Osmanl\u0131 tarih\u00e7ileri i\u00e7in nas\u0131l bir esin kayna\u011f\u0131 olabilece\u011fi konusunda \u00f6nerilerde bulunuyor.   Osmanl\u0131 Tarihi Nas\u0131l \u0130ncelenir?, Osmanl\u0131 tarihinin zengin ve karma\u015f\u0131k kaynaklar\u0131na yeni ad\u0131m i\u00e7in bir rehber olacak; deneyimli uzmanlar i\u00e7inse yeni bak\u0131\u015f a\u00e7\u0131lar\u0131, kaynaklar ve yorumlar sunacak. Suraiya Faroqhi bu titizlikle in\u015fa etti\u011fi kitab\u0131nda, tarih\u00e7ilerin en \u00e7ok tercih etti\u011fi kelimelerin neden \u201cacaba?\u201d ve \u201cbelki\u201d olmas\u0131 gerekti\u011fini detayl\u0131 bi\u00e7imde g\u00f6steriyor.<\/p>\n","protected":false},"excerpt":{"rendered":"<p>600 YILLIK B\u0130R \u0130MPARATORLU\u011eUN TAR\u0130H\u0130 NASIL \u0130NCELEN\u0130R? Tarih yaz\u0131c\u0131l\u0131\u011f\u0131 nedir? Tarih\u00ee bilginin s\u0131n\u0131rlar\u0131 var m\u0131d\u0131r? Tarih\u00ee kaynaklar nelerdir ve bu kaynaklar nas\u0131l kullan\u0131l\u0131r? Politika, biyografi, ekonomi,<span class=\"excerpt-hellip\"> [\u2026]<\/span><\/p>\n","protected":false},"featured_media":0,"template":"","meta":{"_monsterinsights_skip_tracking":false,"_monsterinsights_sitenote_active":false,"_monsterinsights_sitenote_note":"","_monsterinsights_sitenote_category":0},"product_brand":[],"product_cat":[13517,12304],"product_tag":[],"class_list":{"0":"post-760319","1":"product","2":"type-product","3":"status-publish","5":"product_cat-osmanli-tarihi","6":"product_cat-tarih","7":"pa_cilt-ciltsiz","8":"pa_tur-kitap","9":"pa_yayinevi-kronik-kitap","10":"pa_yazar-suraiya-faroqhi","12":"first","13":"instock","14":"sale","15":"shipping-taxable","16":"purchasable","17":"product-type-simple"},"_links":{"self":[{"href":"https:\/\/roveyayinevi.com.tr\/index.php\/wp-json\/wp\/v2\/product\/760319","targetHints":{"allow":["GET"]}}],"collection":[{"href":"https:\/\/roveyayinevi.com.tr\/index.php\/wp-json\/wp\/v2\/product"}],"about":[{"href":"https:\/\/roveyayinevi.com.tr\/index.php\/wp-json\/wp\/v2\/types\/product"}],"wp:attachment":[{"href":"https:\/\/roveyayinevi.com.tr\/index.php\/wp-json\/wp\/v2\/media?parent=760319"}],"wp:term":[{"taxonomy":"product_brand","embeddable":true,"href":"https:\/\/roveyayinevi.com.tr\/index.php\/wp-json\/wp\/v2\/product_brand?post=760319"},{"taxonomy":"product_cat","embeddable":true,"href":"https:\/\/roveyayinevi.com.tr\/index.php\/wp-json\/wp\/v2\/product_cat?post=760319"},{"taxonomy":"product_tag","embeddable":true,"href":"https:\/\/roveyayinevi.com.tr\/index.php\/wp-json\/wp\/v2\/product_tag?post=760319"}],"curies":[{"name":"wp","href":"https:\/\/api.w.org\/{rel}","templated":true}]}}