{"id":760311,"date":"2025-08-28T09:01:53","date_gmt":"2025-08-28T06:01:53","guid":{"rendered":"https:\/\/roveyayinevi.com.tr\/index.php\/urun\/dusuncelerinizi-degistirin-hayatiniz-degissin\/"},"modified":"2026-04-03T03:17:18","modified_gmt":"2026-04-03T00:17:18","slug":"dusuncelerinizi-degistirin-hayatiniz-degissin","status":"publish","type":"product","link":"https:\/\/roveyayinevi.com.tr\/index.php\/urun\/dusuncelerinizi-degistirin-hayatiniz-degissin\/","title":{"rendered":"D\u00fc\u015f\u00fcncelerinizi De\u011fi\u015ftirin Hayat\u0131n\u0131z De\u011fi\u015fsin"},"content":{"rendered":"<p>\u00c7al\u0131\u015fmalar\u0131 d\u00fcnya \u00e7ap\u0131nda milyonlara ilham kayna\u011f\u0131 olan Louise Hay, hayat\u0131n\u0131z\u0131 iyile\u015ftirme g\u00fcc\u00fcn\u00fcn kendi i\u00e7inizde oldu\u011funu hat\u0131rlat\u0131yor ve size sevgi dolu g\u00fc\u00e7l\u00fc bir rehberlik sunuyor. Hay&#8217;in en ilham verici \u00f6\u011fretilerinin yer ald\u0131\u011f\u0131 bu kitaptaki 365 olumlama ve teknikle onun bilgeli\u011fini her g\u00fcn yan\u0131n\u0131zda hissederek ya\u015fam\u0131n ak\u0131\u015f\u0131na g\u00fcveneceksiniz. Hay&#8217;in de dedi\u011fi gibi:   &#8220;Ne verirsek onu geri ald\u0131\u011f\u0131m\u0131za inan\u0131yorum; hepimiz hayat\u0131m\u0131zda meydana gelen olaylardan sorumluyuz. S\u00f6yledi\u011fimiz s\u00f6zlere ve d\u00fc\u015f\u00fcnd\u00fcklerimize dayanarak deneyimlerimizi biz yarat\u0131r\u0131z. Zihnimizde huzur ve uyum yaratt\u0131\u011f\u0131m\u0131zda ve olumlu d\u00fc\u015f\u00fcnd\u00fc\u011f\u00fcm\u00fczde, olumlu deneyimleri ve benzer d\u00fc\u015f\u00fcnen insanlar\u0131 kendimize \u00e7ekeriz. Esas\u0131nda s\u00f6ylemek istedi\u011fim \u015fey \u015fu: Kendimiz ve ya\u015fam hakk\u0131nda neye inan\u0131rsak, bizim i\u00e7in o ger\u00e7ek olur.&#8221; <\/p>\n","protected":false},"excerpt":{"rendered":"<p>\u00c7al\u0131\u015fmalar\u0131 d\u00fcnya \u00e7ap\u0131nda milyonlara ilham kayna\u011f\u0131 olan Louise Hay, hayat\u0131n\u0131z\u0131 iyile\u015ftirme g\u00fcc\u00fcn\u00fcn kendi i\u00e7inizde oldu\u011funu hat\u0131rlat\u0131yor ve size sevgi dolu g\u00fc\u00e7l\u00fc bir rehberlik sunuyor. Hay&#8217;in en<span class=\"excerpt-hellip\"> [\u2026]<\/span><\/p>\n","protected":false},"featured_media":0,"template":"","meta":{"_monsterinsights_skip_tracking":false,"_monsterinsights_sitenote_active":false,"_monsterinsights_sitenote_note":"","_monsterinsights_sitenote_category":0},"product_brand":[],"product_cat":[12364,12376],"product_tag":[],"class_list":{"0":"post-760311","1":"product","2":"type-product","3":"status-publish","5":"product_cat-genel-konular","6":"product_cat-kisisel-gelisim","7":"pa_cilt-ciltsiz","8":"pa_tur-kitap","9":"pa_yayinevi-diyojen-yayincilik","10":"pa_yazar-louise-l-hay","12":"first","13":"instock","14":"sale","15":"shipping-taxable","16":"purchasable","17":"product-type-simple"},"_links":{"self":[{"href":"https:\/\/roveyayinevi.com.tr\/index.php\/wp-json\/wp\/v2\/product\/760311","targetHints":{"allow":["GET"]}}],"collection":[{"href":"https:\/\/roveyayinevi.com.tr\/index.php\/wp-json\/wp\/v2\/product"}],"about":[{"href":"https:\/\/roveyayinevi.com.tr\/index.php\/wp-json\/wp\/v2\/types\/product"}],"wp:attachment":[{"href":"https:\/\/roveyayinevi.com.tr\/index.php\/wp-json\/wp\/v2\/media?parent=760311"}],"wp:term":[{"taxonomy":"product_brand","embeddable":true,"href":"https:\/\/roveyayinevi.com.tr\/index.php\/wp-json\/wp\/v2\/product_brand?post=760311"},{"taxonomy":"product_cat","embeddable":true,"href":"https:\/\/roveyayinevi.com.tr\/index.php\/wp-json\/wp\/v2\/product_cat?post=760311"},{"taxonomy":"product_tag","embeddable":true,"href":"https:\/\/roveyayinevi.com.tr\/index.php\/wp-json\/wp\/v2\/product_tag?post=760311"}],"curies":[{"name":"wp","href":"https:\/\/api.w.org\/{rel}","templated":true}]}}