{"id":760309,"date":"2025-08-28T09:01:51","date_gmt":"2025-08-28T06:01:51","guid":{"rendered":"https:\/\/roveyayinevi.com.tr\/index.php\/urun\/insan-olma-cesareti\/"},"modified":"2026-04-16T03:13:07","modified_gmt":"2026-04-16T00:13:07","slug":"insan-olma-cesareti","status":"publish","type":"product","link":"https:\/\/roveyayinevi.com.tr\/index.php\/urun\/insan-olma-cesareti\/","title":{"rendered":"\u0130nsan Olma Cesareti"},"content":{"rendered":"<p>Daniel. D\u0131\u015fta ba\u015far\u0131l\u0131 bir bilim insan\u0131, i\u00e7teyse duygulardan nasibini almam\u0131\u015f bir sarma\u015f\u0131k yuvas\u0131. \u0130stismar ve ihmalle b\u00fcy\u00fcm\u00fc\u015f bir \u00e7ocuk, birini sevmeyi yahut arzulamay\u0131 hi\u00e7 deneyimlememi\u015f bir yeti\u015fkin. Kendi aleminin p\u00fcr\u00fczs\u00fcz k\u0131y\u0131lar\u0131nda ya\u015famaya al\u0131\u015fm\u0131\u015fken otuz be\u015finde psikoterapist Michael Shoshani-Rosenbaum\u2019un divan\u0131nda buluyor kendini. Rosenbaum\u2019un ustal\u0131kl\u0131 dokunu\u015fu ona iyi geliyor. Bu sayede terapi ve analizin imkanlar\u0131 kitap boyunca sergilenirken, okur da kendi korkular\u0131yla y\u00fczle\u015fmeye, ba\u011flanma ihtiyac\u0131n\u0131 kucaklamaya davet ediliyor. \u0130nsan Olma Cesareti, insan\u0131 insan yapan k\u0131r\u0131lganl\u0131klar\u0131n cesurca kucakland\u0131\u011f\u0131 bir hik\u00e2ye. T\u00fcm\u00fcyle \u00e7arp\u0131c\u0131, t\u00fcm\u00fcyle ger\u00e7ek.<\/p>\n","protected":false},"excerpt":{"rendered":"<p>Daniel. D\u0131\u015fta ba\u015far\u0131l\u0131 bir bilim insan\u0131, i\u00e7teyse duygulardan nasibini almam\u0131\u015f bir sarma\u015f\u0131k yuvas\u0131. \u0130stismar ve ihmalle b\u00fcy\u00fcm\u00fc\u015f bir \u00e7ocuk, birini sevmeyi yahut arzulamay\u0131 hi\u00e7 deneyimlememi\u015f bir<span class=\"excerpt-hellip\"> [\u2026]<\/span><\/p>\n","protected":false},"featured_media":0,"template":"","meta":{"_monsterinsights_skip_tracking":false,"_monsterinsights_sitenote_active":false,"_monsterinsights_sitenote_note":"","_monsterinsights_sitenote_category":0},"product_brand":[],"product_cat":[12357],"product_tag":[],"class_list":{"0":"post-760309","1":"product","2":"type-product","3":"status-publish","5":"product_cat-psikoloji","6":"pa_cilt-ciltsiz","7":"pa_tur-kitap","8":"pa_yayinevi-okuyan-us-yayin","9":"pa_yazar-michael-shoshani-rosenbaum","11":"first","12":"instock","13":"sale","14":"shipping-taxable","15":"purchasable","16":"product-type-simple"},"_links":{"self":[{"href":"https:\/\/roveyayinevi.com.tr\/index.php\/wp-json\/wp\/v2\/product\/760309","targetHints":{"allow":["GET"]}}],"collection":[{"href":"https:\/\/roveyayinevi.com.tr\/index.php\/wp-json\/wp\/v2\/product"}],"about":[{"href":"https:\/\/roveyayinevi.com.tr\/index.php\/wp-json\/wp\/v2\/types\/product"}],"wp:attachment":[{"href":"https:\/\/roveyayinevi.com.tr\/index.php\/wp-json\/wp\/v2\/media?parent=760309"}],"wp:term":[{"taxonomy":"product_brand","embeddable":true,"href":"https:\/\/roveyayinevi.com.tr\/index.php\/wp-json\/wp\/v2\/product_brand?post=760309"},{"taxonomy":"product_cat","embeddable":true,"href":"https:\/\/roveyayinevi.com.tr\/index.php\/wp-json\/wp\/v2\/product_cat?post=760309"},{"taxonomy":"product_tag","embeddable":true,"href":"https:\/\/roveyayinevi.com.tr\/index.php\/wp-json\/wp\/v2\/product_tag?post=760309"}],"curies":[{"name":"wp","href":"https:\/\/api.w.org\/{rel}","templated":true}]}}