{"id":760300,"date":"2025-08-28T09:01:35","date_gmt":"2025-08-28T06:01:35","guid":{"rendered":"https:\/\/roveyayinevi.com.tr\/index.php\/urun\/medusanin-olu-kumlari-1-ciltli-ozel-baski\/"},"modified":"2026-04-16T03:13:07","modified_gmt":"2026-04-16T00:13:07","slug":"medusanin-olu-kumlari-1-ciltli-ozel-baski","status":"publish","type":"product","link":"https:\/\/roveyayinevi.com.tr\/index.php\/urun\/medusanin-olu-kumlari-1-ciltli-ozel-baski\/","title":{"rendered":"Medusa\u2019n\u0131n \u00d6l\u00fc Kumlar\u0131 1 (Ciltli-\u00d6zel Bask\u0131)"},"content":{"rendered":"<p>YED\u0130 KLAN B\u0130R OYUN BOZAN   YARALASAR VE \u00d6TANAZ\u0130 OKULU&#8217;NUN YAZARINDAN MEDUSA&#8217;NIN \u00d6L\u00dc KUMLARI EFSANES\u0130   Elzem, bir \u00e7ar\u015famba gecesinde korkun\u00e7 bir rit\u00fcele kurban edildi\u011finde g\u00f6zlerini bamba\u015fka bir d\u00fcnyada a\u00e7ar. Orta \u00c7a\u011f\u2019\u0131n korkun\u00e7 hiyerar\u015fisinin i\u00e7inde hapsolmu\u015fken eve d\u00f6nmek hi\u00e7 de m\u00fcmk\u00fcn g\u00f6r\u00fcnmemektedir. Kendi d\u00fcnyas\u0131nda bir kona\u011f\u0131n sayg\u0131n bir han\u0131m\u0131 ve ba\u015far\u0131l\u0131 bir \u00f6\u011fretmenken \u00d6l\u00fcms\u00fczler\u2019in d\u00fcnyas\u0131ndaki rol\u00fc bir akademide hizmet\u00e7i olmakt\u0131r. S\u0131n\u0131f fark\u0131n\u0131n ac\u0131mas\u0131z ger\u00e7ekleriyle y\u00fczle\u015fti\u011finde sadece onlar hakk\u0131nda de\u011fil, kendi hakk\u0131nda da bir\u00e7ok gizemi \u00e7\u00f6zmeye ba\u015flar. En alt s\u0131n\u0131fa d\u00fc\u015fm\u00fc\u015fken ya t\u00fcm basamaklar\u0131 tek tek \u00e7\u0131kacak ya da d\u00fc\u015ft\u00fc\u011f\u00fc yerde kalacakt\u0131r.   B\u0130R KRAL\u0130\u00c7EY\u0130 TAHTTAN \u0130ND\u0130REB\u0130L\u0130RS\u0130N\u0130Z AMA ONDAN SIRADAN B\u0130R\u0130 OLMASINI BEKLEYEMEZS\u0130N\u0130Z. <\/p>\n","protected":false},"excerpt":{"rendered":"<p>YED\u0130 KLAN B\u0130R OYUN BOZAN YARALASAR VE \u00d6TANAZ\u0130 OKULU&#8217;NUN YAZARINDAN MEDUSA&#8217;NIN \u00d6L\u00dc KUMLARI EFSANES\u0130 Elzem, bir \u00e7ar\u015famba gecesinde korkun\u00e7 bir rit\u00fcele kurban edildi\u011finde g\u00f6zlerini bamba\u015fka bir<span class=\"excerpt-hellip\"> [\u2026]<\/span><\/p>\n","protected":false},"featured_media":0,"template":"","meta":{"_monsterinsights_skip_tracking":false,"_monsterinsights_sitenote_active":false,"_monsterinsights_sitenote_note":"","_monsterinsights_sitenote_category":0},"product_brand":[],"product_cat":[12291,12711],"product_tag":[],"class_list":{"0":"post-760300","1":"product","2":"type-product","3":"status-publish","5":"product_cat-edebiyat","6":"product_cat-roman-oyku","7":"pa_cilt-ciltli","8":"pa_tur-kitap","9":"pa_yayinevi-ephesus-yayinlari","10":"pa_yazar-maral-atmaca","12":"first","13":"instock","14":"sale","15":"shipping-taxable","16":"purchasable","17":"product-type-simple"},"_links":{"self":[{"href":"https:\/\/roveyayinevi.com.tr\/index.php\/wp-json\/wp\/v2\/product\/760300","targetHints":{"allow":["GET"]}}],"collection":[{"href":"https:\/\/roveyayinevi.com.tr\/index.php\/wp-json\/wp\/v2\/product"}],"about":[{"href":"https:\/\/roveyayinevi.com.tr\/index.php\/wp-json\/wp\/v2\/types\/product"}],"wp:attachment":[{"href":"https:\/\/roveyayinevi.com.tr\/index.php\/wp-json\/wp\/v2\/media?parent=760300"}],"wp:term":[{"taxonomy":"product_brand","embeddable":true,"href":"https:\/\/roveyayinevi.com.tr\/index.php\/wp-json\/wp\/v2\/product_brand?post=760300"},{"taxonomy":"product_cat","embeddable":true,"href":"https:\/\/roveyayinevi.com.tr\/index.php\/wp-json\/wp\/v2\/product_cat?post=760300"},{"taxonomy":"product_tag","embeddable":true,"href":"https:\/\/roveyayinevi.com.tr\/index.php\/wp-json\/wp\/v2\/product_tag?post=760300"}],"curies":[{"name":"wp","href":"https:\/\/api.w.org\/{rel}","templated":true}]}}