{"id":760289,"date":"2025-08-28T09:01:16","date_gmt":"2025-08-28T06:01:16","guid":{"rendered":"https:\/\/roveyayinevi.com.tr\/index.php\/urun\/sosyolojiyi-kurmak\/"},"modified":"2026-04-16T03:13:07","modified_gmt":"2026-04-16T00:13:07","slug":"sosyolojiyi-kurmak","status":"publish","type":"product","link":"https:\/\/roveyayinevi.com.tr\/index.php\/urun\/sosyolojiyi-kurmak\/","title":{"rendered":"Sosyolojiyi Kurmak"},"content":{"rendered":"<p>Sosyolojinin kurucu isimlerinin \u00f6nemli bir k\u0131sm\u0131, canl\u0131 bir organizma olarak telakki ettikleri toplumun belirli evrensel yasalara tabi oldu\u011funu iddia etmekteydiler. Onlara g\u00f6re sosyolojinin birincil misyonu bu kanunlar\u0131 ke\u015ffetmekti. Toplumsal kanunlar bir kez ke\u015ffedildi\u011finde, toplumun hayatiyet ve i\u015fleyi\u015fine vak\u0131f olunacak, gidi\u015fat\u0131 \u00f6ng\u00f6r\u00fclebilecek yani gelece\u011fe dair spek\u00fclatif kestirimlerin \u00f6tesinde bilimsel h\u00fck\u00fcmlere varmak m\u00fcmk\u00fcn olacakt\u0131.\u201cTarihi bilinmedik\u00e7e, bir bilim tam olarak anla\u015f\u0131lamaz.\u201d Comte\u2019un bu lakonik ifadesi belki de en fazla, bizzat kurdu\u011fu ve \u201csosyoloji\u201d ad\u0131n\u0131 verdi\u011fi bilim i\u00e7in ge\u00e7erlidir. \u0130sim babas\u0131 taraf\u0131ndan bilimler hiyerar\u015fisinin zirvesine yerle\u015ftirilen bu yeni bilim Fransa\u2019da do\u011far, kurumsalla\u015f\u0131r ve yirminci y\u00fczy\u0131l ba\u015flar\u0131nda bilimsel me\u015fruiyet ve \u00f6zerklik kazanarak akademik bir disipline d\u00f6n\u00fc\u015f\u00fcr. Elinizdeki bu kitapta, Durkheim\u2019\u0131n ifadesiyle \u201cbir Frans\u0131z bilimi\u201d olarak on dokuzuncu y\u00fczy\u0131lda inki\u015faf eden sosyolojinin erken d\u00f6nem tarihi, d\u00f6rt kurucu d\u00fc\u015f\u00fcn\u00fcrden hareketle incelenmektedir. Sosyolojinin do\u011fu\u015f ve kurumsalla\u015fma s\u00fcrecine damgalar\u0131n\u0131 vuran Montesquieu, Tocqueville, Comte ve Durkheim; entelekt\u00fcel biyografileri, d\u00fc\u015f\u00fcnsel kaynaklar\u0131, siyasal pozisyonlar\u0131, toplumsal \u00e7\u00f6z\u00fcmlemeleri, kuram ve y\u00f6ntemleri itibar\u0131yla ele al\u0131nmaktad\u0131r. Sosyolojinin \u00f6nde gelen d\u00f6rt Frans\u0131z kurucusunun orijinal metinlerini merkeze alan bu sentetik \u00e7al\u0131\u015fma, onlar\u0131n bilim ve toplum anlay\u0131\u015flar\u0131ndaki farkl\u0131l\u0131klar\u0131 g\u00f6stermeyi ama\u00e7lamakla birlikte aralar\u0131ndaki benzerliklerin, d\u00fc\u015f\u00fcnsel ili\u015fki ve s\u00fcreklili\u011fin alt\u0131n\u0131 \u00e7izmeyi de ihmal etmemektedir.<\/p>\n","protected":false},"excerpt":{"rendered":"<p>Sosyolojinin kurucu isimlerinin \u00f6nemli bir k\u0131sm\u0131, canl\u0131 bir organizma olarak telakki ettikleri toplumun belirli evrensel yasalara tabi oldu\u011funu iddia etmekteydiler. Onlara g\u00f6re sosyolojinin birincil misyonu bu<span class=\"excerpt-hellip\"> [\u2026]<\/span><\/p>\n","protected":false},"featured_media":0,"template":"","meta":{"_monsterinsights_skip_tracking":false,"_monsterinsights_sitenote_active":false,"_monsterinsights_sitenote_note":"","_monsterinsights_sitenote_category":0},"product_brand":[],"product_cat":[12324],"product_tag":[],"class_list":{"0":"post-760289","1":"product","2":"type-product","3":"status-publish","5":"product_cat-sosyoloji","6":"pa_cilt-ciltsiz","7":"pa_tur-kitap","8":"pa_yayinevi-vakifbank-kultur-yayinlari","9":"pa_yazar-enes-kabakci","11":"first","12":"instock","13":"sale","14":"shipping-taxable","15":"purchasable","16":"product-type-simple"},"_links":{"self":[{"href":"https:\/\/roveyayinevi.com.tr\/index.php\/wp-json\/wp\/v2\/product\/760289","targetHints":{"allow":["GET"]}}],"collection":[{"href":"https:\/\/roveyayinevi.com.tr\/index.php\/wp-json\/wp\/v2\/product"}],"about":[{"href":"https:\/\/roveyayinevi.com.tr\/index.php\/wp-json\/wp\/v2\/types\/product"}],"wp:attachment":[{"href":"https:\/\/roveyayinevi.com.tr\/index.php\/wp-json\/wp\/v2\/media?parent=760289"}],"wp:term":[{"taxonomy":"product_brand","embeddable":true,"href":"https:\/\/roveyayinevi.com.tr\/index.php\/wp-json\/wp\/v2\/product_brand?post=760289"},{"taxonomy":"product_cat","embeddable":true,"href":"https:\/\/roveyayinevi.com.tr\/index.php\/wp-json\/wp\/v2\/product_cat?post=760289"},{"taxonomy":"product_tag","embeddable":true,"href":"https:\/\/roveyayinevi.com.tr\/index.php\/wp-json\/wp\/v2\/product_tag?post=760289"}],"curies":[{"name":"wp","href":"https:\/\/api.w.org\/{rel}","templated":true}]}}