{"id":760275,"date":"2025-08-28T09:00:54","date_gmt":"2025-08-28T06:00:54","guid":{"rendered":"https:\/\/roveyayinevi.com.tr\/index.php\/urun\/akis-dergisi-nazik-ihtilal-1960-3-cilt\/"},"modified":"2026-04-16T03:13:07","modified_gmt":"2026-04-16T00:13:07","slug":"akis-dergisi-nazik-ihtilal-1960-3-cilt","status":"publish","type":"product","link":"https:\/\/roveyayinevi.com.tr\/index.php\/urun\/akis-dergisi-nazik-ihtilal-1960-3-cilt\/","title":{"rendered":"Akis Dergisi Nazik \u0130htilal (1960) (3. Cilt)"},"content":{"rendered":"<p>Akis Dergisi serisinin \u00fc\u00e7\u00fcnc\u00fc cildi, derginin 27 May\u0131s\u2019\u0131 takip eden alt\u0131 ayda yay\u0131nlanan say\u0131lar\u0131n\u0131 inceliyor. Cemil Ko\u00e7ak bu ciltte T\u00fcrk demokrasi tarihinin \u00fczerinde vurguyla durulmas\u0131 gereken bu asker\u00ee darbenin zihniyet d\u00fcnyas\u0131n\u0131, d\u00f6nemin belki de en muhkem yay\u0131n organ\u0131 \u00fczerinden okuyor. Yass\u0131ada yarg\u0131lamalar\u0131n\u0131 anbean takip eden Akis\u2019in ayr\u0131nt\u0131l\u0131 tasvirleri yak\u0131n tarihin s\u00f6z konusu kritik meselesi i\u00e7in yeni bir ba\u015fvuru eseri.  Menderes ve Demokrat Parti d\u00f6neminin son aylar\u0131nda kapat\u0131lan dergi, 27 May\u0131s\u2019tan birka\u00e7 g\u00fcn sonra -elbette intikam h\u0131rs\u0131yla- tekrar yay\u0131na ba\u015flam\u0131\u015f ve ilk say\u0131s\u0131nda okurlar\u0131n\u0131 ihtilalin nas\u0131l ve kimler taraf\u0131ndan ger\u00e7ekle\u015ftirildi\u011fi ve hangi amaca hizmet etti\u011fi hususunda bilgilendirmi\u015ftir. Bu a\u00e7\u0131dan Akis kamuoyunda bu \u201cnazik ihtilali\u201d anlatan ve onun me\u015fruiyet zeminini olu\u015fturan en \u00f6nemli unsurlardan biriydi. Derginin, ihtilalin \u00fczerinden hen\u00fcz birka\u00e7 g\u00fcn ge\u00e7meden ve ancak ihtilali planlayanlar\u0131n bilebilece\u011fi ayr\u0131nt\u0131lara v\u00e2k\u0131f olmas\u0131 epey d\u00fc\u015f\u00fcnd\u00fcr\u00fcc\u00fcd\u00fcr ve tesad\u00fcfle izah\u0131 zordur.  Bu d\u00f6nemde Akis art\u0131k muhalefetin de\u011fil, iktidar\u0131n sesidir. \u0130htilal sonras\u0131nda y\u00fcz elli binlere ula\u015fan tiraj\u0131yla halk\u0131n ve siyaset\u00e7ilerin hadiselere bak\u0131\u015f\u0131n\u0131 kendi pozisyonuna g\u00f6re \u015fekillendiren dergi, tarih kitaplar\u0131nda DP iktidar\u0131n\u0131n kaleminin k\u0131r\u0131ld\u0131\u011f\u0131 Yass\u0131ada s\u00fcrecinin ele al\u0131n\u0131\u015f\u0131ndaki iticili\u011fin ve hafifli\u011fin de m\u00fcsebbidir. \u00d6yle ki Yass\u0131ada literat\u00fcr\u00fcn\u00fcn ba\u015fl\u0131klar\u0131, temel meseleleri, kavramlar\u0131 ve en \u00f6nemlisi de o naho\u015f \u00fcslubu Akis\u2019in yaz\u0131lar\u0131yla in\u015fa edilmi\u015ftir.  27 May\u0131s s\u00fcrecinin \u00e2deta r\u00f6ntgenini \u00e7eken, Cumhuriyet devrinin siyaset, toplum ve d\u00fc\u015f\u00fcnce iklimini incelikleriyle resmeden Akis Dergisi, \u201cNazik \u0130htilal\u201d, Yass\u0131ada\u2019da ger\u00e7ekte ne oldu\u011funu sorgulayan, T\u00fcrk siyasetinin ve demokrasisinin tarihini derin bir perspektifle okumak isteyen herkes i\u00e7in e\u015fsiz bir ba\u015fvuru kayna\u011f\u0131.<\/p>\n","protected":false},"excerpt":{"rendered":"<p>Akis Dergisi serisinin \u00fc\u00e7\u00fcnc\u00fc cildi, derginin 27 May\u0131s\u2019\u0131 takip eden alt\u0131 ayda yay\u0131nlanan say\u0131lar\u0131n\u0131 inceliyor. Cemil Ko\u00e7ak bu ciltte T\u00fcrk demokrasi tarihinin \u00fczerinde vurguyla durulmas\u0131 gereken<span class=\"excerpt-hellip\"> [\u2026]<\/span><\/p>\n","protected":false},"featured_media":0,"template":"","meta":{"_monsterinsights_skip_tracking":false,"_monsterinsights_sitenote_active":false,"_monsterinsights_sitenote_note":"","_monsterinsights_sitenote_category":0},"product_brand":[],"product_cat":[13527,14356],"product_tag":[],"class_list":{"0":"post-760275","1":"product","2":"type-product","3":"status-publish","5":"product_cat-sureli-yayinlar","6":"product_cat-tarih-sureli-yayinlar","7":"pa_cilt-ciltsiz","8":"pa_tur-dergi","9":"pa_yayinevi-vakifbank-kultur-yayinlari","10":"pa_yazar-cemil-kocak","12":"first","13":"instock","14":"sale","15":"shipping-taxable","16":"purchasable","17":"product-type-simple"},"_links":{"self":[{"href":"https:\/\/roveyayinevi.com.tr\/index.php\/wp-json\/wp\/v2\/product\/760275","targetHints":{"allow":["GET"]}}],"collection":[{"href":"https:\/\/roveyayinevi.com.tr\/index.php\/wp-json\/wp\/v2\/product"}],"about":[{"href":"https:\/\/roveyayinevi.com.tr\/index.php\/wp-json\/wp\/v2\/types\/product"}],"wp:attachment":[{"href":"https:\/\/roveyayinevi.com.tr\/index.php\/wp-json\/wp\/v2\/media?parent=760275"}],"wp:term":[{"taxonomy":"product_brand","embeddable":true,"href":"https:\/\/roveyayinevi.com.tr\/index.php\/wp-json\/wp\/v2\/product_brand?post=760275"},{"taxonomy":"product_cat","embeddable":true,"href":"https:\/\/roveyayinevi.com.tr\/index.php\/wp-json\/wp\/v2\/product_cat?post=760275"},{"taxonomy":"product_tag","embeddable":true,"href":"https:\/\/roveyayinevi.com.tr\/index.php\/wp-json\/wp\/v2\/product_tag?post=760275"}],"curies":[{"name":"wp","href":"https:\/\/api.w.org\/{rel}","templated":true}]}}

Akis Dergisi Nazik İhtilal (1960) (3. Cilt)

<p>Akis Dergisi serisinin üçüncü cildi, derginin 27 Mayıs’ı takip eden altı ayda yayınlanan sayılarını inceliyor. Cemil Koçak bu ciltte Türk demokrasi tarihinin üzerinde vurguyla durulması gereken bu askerî darbenin zihniyet dünyasını, dönemin belki de en muhkem yayın organı üzerinden okuyor. Yassıada yargılamalarını anbean takip eden Akis’in ayrıntılı tasvirleri yakın tarihin söz konusu kritik meselesi için yeni bir başvuru eseri.  Menderes ve Demokrat Parti döneminin son aylarında kapatılan dergi, 27 Mayıs’tan birkaç gün sonra -elbette intikam hırsıyla- tekrar yayına başlamış ve ilk sayısında okurlarını ihtilalin nasıl ve kimler tarafından gerçekleştirildiği ve hangi amaca hizmet ettiği hususunda bilgilendirmiştir. Bu açıdan Akis kamuoyunda bu “nazik ihtilali” anlatan ve onun meşruiyet zeminini oluşturan en önemli unsurlardan biriydi. Derginin, ihtilalin üzerinden henüz birkaç gün geçmeden ve ancak ihtilali planlayanların bilebileceği ayrıntılara vâkıf olması epey düşündürücüdür ve tesadüfle izahı zordur.  Bu dönemde Akis artık muhalefetin değil, iktidarın sesidir. İhtilal sonrasında yüz elli binlere ulaşan tirajıyla halkın ve siyasetçilerin hadiselere bakışını kendi pozisyonuna göre şekillendiren dergi, tarih kitaplarında DP iktidarının kaleminin kırıldığı Yassıada sürecinin ele alınışındaki iticiliğin ve hafifliğin de müsebbidir. Öyle ki Yassıada literatürünün başlıkları, temel meseleleri, kavramları ve en önemlisi de o nahoş üslubu Akis’in yazılarıyla inşa edilmiştir.  27 Mayıs sürecinin âdeta röntgenini çeken, Cumhuriyet devrinin siyaset, toplum ve düşünce iklimini incelikleriyle resmeden Akis Dergisi, “Nazik İhtilal”, Yassıada’da gerçekte ne olduğunu sorgulayan, Türk siyasetinin ve demokrasisinin tarihini derin bir perspektifle okumak isteyen herkes için eşsiz bir başvuru kaynağı.</p>

<p>Akis Dergisi serisinin üçüncü cildi, derginin 27 Mayıs’ı takip eden altı ayda yayınlanan sayılarını inceliyor. Cemil Koçak bu ciltte Türk demokrasi tarihinin üzerinde vurguyla durulması gereken<span class="excerpt-hellip"> […]</span></p>
