{"id":760248,"date":"2025-08-28T09:00:08","date_gmt":"2025-08-28T06:00:08","guid":{"rendered":"https:\/\/roveyayinevi.com.tr\/index.php\/urun\/ayasofyada-bir-ciglik\/"},"modified":"2026-04-16T03:13:06","modified_gmt":"2026-04-16T00:13:06","slug":"ayasofyada-bir-ciglik","status":"publish","type":"product","link":"https:\/\/roveyayinevi.com.tr\/index.php\/urun\/ayasofyada-bir-ciglik\/","title":{"rendered":"Ayasofya\u2019da Bir \u00c7\u0131\u011fl\u0131k"},"content":{"rendered":"<p>\u00c7\u0131\u011fl\u0131klar sahipsiz mi kalacak?25 \u015eubat 1943\u2026 \u00dc\u00e7\u00fcnc\u00fc Reich&#8217;\u0131n \u00f6zel treni, \u00fcst\u00fcnde gamal\u0131 ha\u00e7larla sabah yedi sular\u0131nda Sirkeci Gar\u0131&#8217;na vard\u0131. \u0130ttihat ve Terakki&#8217;nin efsane liderlerinden Talat Pa\u015fa&#8217;n\u0131n kemiklerini Naziler b\u00fcy\u00fck bir \u00f6zen ve sayg\u0131yla anayurduna getirmi\u015flerdi. Osmanl\u0131 \u0130mparatorlu\u011fu&#8217;nun son d\u00f6nemlerine damgas\u0131n\u0131 vurmu\u015f g\u00f6rkemli sadrazam\u0131n naa\u015f\u0131n\u0131 heyecanla bekleyen \u0130stanbullular di\u011fer yandan da \u00fclke s\u0131n\u0131rlar\u0131n\u0131n d\u0131\u015f\u0131nda devam eden \u0130kinci D\u00fcnya Sava\u015f\u0131&#8217;n\u0131n vah\u015fetini korkuyla izliyorlard\u0131. Naa\u015f\u0131n topra\u011fa verilmesinden bir g\u00fcn sonra Ayasofya&#8217;da ya\u015fanan gizemli olaylar kadim \u015fehri sarsmaya ba\u015flad\u0131.Ayasofya as\u0131rlar\u0131n ard\u0131ndan yine yazg\u0131lar\u0131 belirlemeye ve hayatlar\u0131 sonland\u0131rmaya m\u0131 haz\u0131rlanmaktayd\u0131?T\u00fcrklerin, Almanlar\u0131n, \u0130ngilizlerin ve Ruslar\u0131n ger\u00e7ekleri ve d\u00fc\u015fleri ayn\u0131 kayg\u0131larda m\u0131 bulu\u015facakt\u0131?\u00dc\u00e7 semavi dinin elem ve korkuda birle\u015fmeye zorland\u0131\u011f\u0131; \u00fcz\u00fcnt\u00fcleri, hayal k\u0131r\u0131kl\u0131klar\u0131n\u0131 ve sevin\u00e7leri birlikte ya\u015fad\u0131\u011f\u0131 s\u0131rlarla dolu bir hik\u00e2ye. Sultanahmet Camisi&#8217;nin hocas\u0131, Aya Yorgi Kilisesi&#8217;nin papaz\u0131 ve bir Karay T\u00fcrk&#8217;\u00fcn\u00fcn hayat \u00e7izgilerine deh\u015fet i\u00e7inde tan\u0131k olaca\u011f\u0131n\u0131z, sizi 1943 senesi \u0130stanbul&#8217;una g\u00f6t\u00fcrecek \u00e7ok da uzaklarda kalmam\u0131\u015f bir eski zamanlar roman\u0131.Bireylerin ve devletlerin ayn\u0131 sahneyi, Ayasofya&#8217;y\u0131 payla\u015ft\u0131\u011f\u0131 bir dram!<\/p>\n","protected":false},"excerpt":{"rendered":"<p>\u00c7\u0131\u011fl\u0131klar sahipsiz mi kalacak?25 \u015eubat 1943\u2026 \u00dc\u00e7\u00fcnc\u00fc Reich&#8217;\u0131n \u00f6zel treni, \u00fcst\u00fcnde gamal\u0131 ha\u00e7larla sabah yedi sular\u0131nda Sirkeci Gar\u0131&#8217;na vard\u0131. \u0130ttihat ve Terakki&#8217;nin efsane liderlerinden Talat Pa\u015fa&#8217;n\u0131n<span class=\"excerpt-hellip\"> [\u2026]<\/span><\/p>\n","protected":false},"featured_media":0,"template":"","meta":{"_monsterinsights_skip_tracking":false,"_monsterinsights_sitenote_active":false,"_monsterinsights_sitenote_note":"","_monsterinsights_sitenote_category":0},"product_brand":[],"product_cat":[12291,12745],"product_tag":[],"class_list":{"0":"post-760248","1":"product","2":"type-product","3":"status-publish","5":"product_cat-edebiyat","6":"product_cat-tarihi-roman","7":"pa_cilt-ciltsiz","8":"pa_tur-kitap","9":"pa_yayinevi-altin-kitaplar","10":"pa_yazar-melih-esen-cengiz","12":"first","13":"instock","14":"sale","15":"shipping-taxable","16":"purchasable","17":"product-type-simple"},"_links":{"self":[{"href":"https:\/\/roveyayinevi.com.tr\/index.php\/wp-json\/wp\/v2\/product\/760248","targetHints":{"allow":["GET"]}}],"collection":[{"href":"https:\/\/roveyayinevi.com.tr\/index.php\/wp-json\/wp\/v2\/product"}],"about":[{"href":"https:\/\/roveyayinevi.com.tr\/index.php\/wp-json\/wp\/v2\/types\/product"}],"wp:attachment":[{"href":"https:\/\/roveyayinevi.com.tr\/index.php\/wp-json\/wp\/v2\/media?parent=760248"}],"wp:term":[{"taxonomy":"product_brand","embeddable":true,"href":"https:\/\/roveyayinevi.com.tr\/index.php\/wp-json\/wp\/v2\/product_brand?post=760248"},{"taxonomy":"product_cat","embeddable":true,"href":"https:\/\/roveyayinevi.com.tr\/index.php\/wp-json\/wp\/v2\/product_cat?post=760248"},{"taxonomy":"product_tag","embeddable":true,"href":"https:\/\/roveyayinevi.com.tr\/index.php\/wp-json\/wp\/v2\/product_tag?post=760248"}],"curies":[{"name":"wp","href":"https:\/\/api.w.org\/{rel}","templated":true}]}}