{"id":760244,"date":"2025-08-28T09:00:01","date_gmt":"2025-08-28T06:00:01","guid":{"rendered":"https:\/\/roveyayinevi.com.tr\/index.php\/urun\/sevda-karasi\/"},"modified":"2026-04-16T03:13:06","modified_gmt":"2026-04-16T00:13:06","slug":"sevda-karasi","status":"publish","type":"product","link":"https:\/\/roveyayinevi.com.tr\/index.php\/urun\/sevda-karasi\/","title":{"rendered":"Sevda Karas\u0131"},"content":{"rendered":"<p>K\u00f6r gibiyim dolan\u0131yorum art\u0131k Kapatt\u0131 g\u00f6zlerimi yar sevdas\u0131. Bindi\u011fim gemi de san\u0131r\u0131m bat\u0131k \u00c7\u0131rp\u0131n\u0131yorum yok sevda karas\u0131.   G\u00f6n\u00fcl denizinde batarsan e\u011fer Orda ya\u015farken \u00f6l\u00fcn\u00fcrm\u00fc\u015f me\u011fer Ad\u0131n\u0131 da koymu\u015flar yazg\u0131 kader \u00c7\u0131ld\u0131rt\u0131yor beni sevda belas\u0131.   Seviniyorum ald\u0131\u011f\u0131m nefese Nas\u0131l girmi\u015fim ki ben bu kafese Sende b\u00f6yle kap\u0131l\u0131rsan hevese Geceye s\u0131\u011fd\u0131rmaz sevda r\u00fcyas\u0131.   \u015eark\u0131l\u0131 t\u00fcrk\u00fcl\u00fc olsayd\u0131 hayat \u015eiir mi yaz\u0131l\u0131rd\u0131 rahat, rahat A\u015fk yolunda \u015fayet olmazsa cihat Kabul olmaz bence sevda duas\u0131.   Tan\u0131nmayan \u015fair hat\u0131rlanacak Bir tek \u015fey sevgi ak\u0131lda kalacak Onca ya\u015fad\u0131\u011f\u0131n r\u00fcya olacak Silinmeyecek hi\u00e7 sevda an\u0131s\u0131. <\/p>\n","protected":false},"excerpt":{"rendered":"<p>K\u00f6r gibiyim dolan\u0131yorum art\u0131k Kapatt\u0131 g\u00f6zlerimi yar sevdas\u0131. Bindi\u011fim gemi de san\u0131r\u0131m bat\u0131k \u00c7\u0131rp\u0131n\u0131yorum yok sevda karas\u0131. G\u00f6n\u00fcl denizinde batarsan e\u011fer Orda ya\u015farken \u00f6l\u00fcn\u00fcrm\u00fc\u015f me\u011fer Ad\u0131n\u0131<span class=\"excerpt-hellip\"> [\u2026]<\/span><\/p>\n","protected":false},"featured_media":0,"template":"","meta":{"_monsterinsights_skip_tracking":false,"_monsterinsights_sitenote_active":false,"_monsterinsights_sitenote_note":"","_monsterinsights_sitenote_category":0},"product_brand":[],"product_cat":[12291,12509],"product_tag":[],"class_list":{"0":"post-760244","1":"product","2":"type-product","3":"status-publish","5":"product_cat-edebiyat","6":"product_cat-siir","7":"pa_cilt-ciltsiz","8":"pa_tur-kitap","9":"pa_yayinevi-efsun-yayincilik","10":"pa_yazar-rifat-kara","12":"first","13":"instock","14":"sale","15":"shipping-taxable","16":"purchasable","17":"product-type-simple"},"_links":{"self":[{"href":"https:\/\/roveyayinevi.com.tr\/index.php\/wp-json\/wp\/v2\/product\/760244","targetHints":{"allow":["GET"]}}],"collection":[{"href":"https:\/\/roveyayinevi.com.tr\/index.php\/wp-json\/wp\/v2\/product"}],"about":[{"href":"https:\/\/roveyayinevi.com.tr\/index.php\/wp-json\/wp\/v2\/types\/product"}],"wp:attachment":[{"href":"https:\/\/roveyayinevi.com.tr\/index.php\/wp-json\/wp\/v2\/media?parent=760244"}],"wp:term":[{"taxonomy":"product_brand","embeddable":true,"href":"https:\/\/roveyayinevi.com.tr\/index.php\/wp-json\/wp\/v2\/product_brand?post=760244"},{"taxonomy":"product_cat","embeddable":true,"href":"https:\/\/roveyayinevi.com.tr\/index.php\/wp-json\/wp\/v2\/product_cat?post=760244"},{"taxonomy":"product_tag","embeddable":true,"href":"https:\/\/roveyayinevi.com.tr\/index.php\/wp-json\/wp\/v2\/product_tag?post=760244"}],"curies":[{"name":"wp","href":"https:\/\/api.w.org\/{rel}","templated":true}]}}