{"id":760240,"date":"2025-08-28T08:59:56","date_gmt":"2025-08-28T05:59:56","guid":{"rendered":"https:\/\/roveyayinevi.com.tr\/index.php\/urun\/turkiyede-askeri-yenilik\/"},"modified":"2026-04-16T03:13:06","modified_gmt":"2026-04-16T00:13:06","slug":"turkiyede-askeri-yenilik","status":"publish","type":"product","link":"https:\/\/roveyayinevi.com.tr\/index.php\/urun\/turkiyede-askeri-yenilik\/","title":{"rendered":"T\u00fcrkiye&#8217;de Askeri Yenilik"},"content":{"rendered":"<p>T\u00fcrk asker\u00ee yenili\u011fi nedir ve hangi \u015fartlarda ger\u00e7ekle\u015ftirilmi\u015ftir? Sonu\u00e7lar\u0131 ve asker\u00ee alan\u0131n \u00f6tesine ta\u015fan etkileri nelerdir? T\u00fcrkiye\u2019de Asker\u00ee Yenilik bu sorulara cevap bulmak amac\u0131yla ba\u015flat\u0131lan bir projenin sonu\u00e7lar\u0131n\u0131 aktar\u0131yor. Ambargolarla m\u00fccadele etmek durumunda kalan \u00fclkemizde \u00fcretilen sistemler, ordunun te\u015fkilat yap\u0131s\u0131ndan doktrine, uluslararas\u0131 etkinlikten toplumsal de\u011ferlere kadar bir\u00e7ok alanda de\u011fi\u015fimi tetikleyen b\u00fct\u00fcnc\u00fcl bir yenilik ortaya \u00e7\u0131kard\u0131. Elinizdeki esere g\u00f6re bu ba\u015far\u0131da temel belirleyici etken, alana kendini adayan sivil ve asker uzmanlar\u0131n olu\u015fturdu\u011fu uyumlu sosyal a\u011flar olmu\u015ftur. Kitapta bu iddia, konuyla ilgili d\u00fc\u015f\u00fcnen ve ara\u015ft\u0131rma yapan akademisyenlerin kaleme ald\u0131\u011f\u0131 makalelerle temellendiriliyor ve asker\u00ee yenili\u011fin T\u00fcrkiye\u2019deki tarihinden olumlu-olumsuz \u00f6rneklerle somutla\u015ft\u0131r\u0131l\u0131yor. Bar\u0131\u015f Ate\u015f\u2019in edit\u00f6rl\u00fc\u011f\u00fcnde haz\u0131rlanan ve ilk olarak \u0130ngilizce\u2019de yay\u0131mlanan eser Vak\u0131fBank K\u00fclt\u00fcr Yay\u0131nlar\u0131 arac\u0131l\u0131\u011f\u0131yla T\u00fcrk okuruyla bulu\u015fuyor. <\/p>\n","protected":false},"excerpt":{"rendered":"<p>T\u00fcrk asker\u00ee yenili\u011fi nedir ve hangi \u015fartlarda ger\u00e7ekle\u015ftirilmi\u015ftir? Sonu\u00e7lar\u0131 ve asker\u00ee alan\u0131n \u00f6tesine ta\u015fan etkileri nelerdir? T\u00fcrkiye\u2019de Asker\u00ee Yenilik bu sorulara cevap bulmak amac\u0131yla ba\u015flat\u0131lan bir<span class=\"excerpt-hellip\"> [\u2026]<\/span><\/p>\n","protected":false},"featured_media":0,"template":"","meta":{"_monsterinsights_skip_tracking":false,"_monsterinsights_sitenote_active":false,"_monsterinsights_sitenote_note":"","_monsterinsights_sitenote_category":0},"product_brand":[],"product_cat":[14787,13488],"product_tag":[],"class_list":{"0":"post-760240","1":"product","2":"type-product","3":"status-publish","5":"product_cat-diger-toplum-ve-insan","6":"product_cat-toplum-ve-insan","7":"pa_cilt-ciltsiz","8":"pa_tur-kitap","9":"pa_yayinevi-vakifbank-kultur-yayinlari","10":"pa_yazar-kolektif","12":"first","13":"instock","14":"sale","15":"shipping-taxable","16":"purchasable","17":"product-type-simple"},"_links":{"self":[{"href":"https:\/\/roveyayinevi.com.tr\/index.php\/wp-json\/wp\/v2\/product\/760240","targetHints":{"allow":["GET"]}}],"collection":[{"href":"https:\/\/roveyayinevi.com.tr\/index.php\/wp-json\/wp\/v2\/product"}],"about":[{"href":"https:\/\/roveyayinevi.com.tr\/index.php\/wp-json\/wp\/v2\/types\/product"}],"wp:attachment":[{"href":"https:\/\/roveyayinevi.com.tr\/index.php\/wp-json\/wp\/v2\/media?parent=760240"}],"wp:term":[{"taxonomy":"product_brand","embeddable":true,"href":"https:\/\/roveyayinevi.com.tr\/index.php\/wp-json\/wp\/v2\/product_brand?post=760240"},{"taxonomy":"product_cat","embeddable":true,"href":"https:\/\/roveyayinevi.com.tr\/index.php\/wp-json\/wp\/v2\/product_cat?post=760240"},{"taxonomy":"product_tag","embeddable":true,"href":"https:\/\/roveyayinevi.com.tr\/index.php\/wp-json\/wp\/v2\/product_tag?post=760240"}],"curies":[{"name":"wp","href":"https:\/\/api.w.org\/{rel}","templated":true}]}}