{"id":760234,"date":"2025-08-28T08:59:46","date_gmt":"2025-08-28T05:59:46","guid":{"rendered":"https:\/\/roveyayinevi.com.tr\/index.php\/urun\/yok-boyle-sevda\/"},"modified":"2026-04-16T03:13:05","modified_gmt":"2026-04-16T00:13:05","slug":"yok-boyle-sevda","status":"publish","type":"product","link":"https:\/\/roveyayinevi.com.tr\/index.php\/urun\/yok-boyle-sevda\/","title":{"rendered":"Yok B\u00f6yle Sevda"},"content":{"rendered":"<p>Sen beni hep \u015fiirlerimle hat\u0131rla Bir de seni sevdi\u011fimi unutma Yaz mektubunu ver postaya Ula\u015f\u0131r bana Bazen de G\u00fcvercinin aya\u011f\u0131na ba\u011fla S\u00fcz\u00fclerek g\u00f6ky\u00fcz\u00fcnde Sonsuz mavileri   Beyaz bulutlar\u0131 da takarak kanatlar\u0131na   Getirirler bana. \u00c7\u00fcnk\u00fc biz eski zaman \u00e7ocuklar\u0131y\u0131z Kalmad\u0131 b\u00f6yle bir a\u015fk Yok b\u00f6yle sevda!.. <\/p>\n","protected":false},"excerpt":{"rendered":"<p>Sen beni hep \u015fiirlerimle hat\u0131rla Bir de seni sevdi\u011fimi unutma Yaz mektubunu ver postaya Ula\u015f\u0131r bana Bazen de G\u00fcvercinin aya\u011f\u0131na ba\u011fla S\u00fcz\u00fclerek g\u00f6ky\u00fcz\u00fcnde Sonsuz mavileri Beyaz<span class=\"excerpt-hellip\"> [\u2026]<\/span><\/p>\n","protected":false},"featured_media":0,"template":"","meta":{"_monsterinsights_skip_tracking":false,"_monsterinsights_sitenote_active":false,"_monsterinsights_sitenote_note":"","_monsterinsights_sitenote_category":0},"product_brand":[],"product_cat":[12291,12509],"product_tag":[],"class_list":{"0":"post-760234","1":"product","2":"type-product","3":"status-publish","5":"product_cat-edebiyat","6":"product_cat-siir","7":"pa_cilt-ciltsiz","8":"pa_tur-kitap","9":"pa_yayinevi-gulnar-yayinlari","10":"pa_yazar-guler-tekesin-kabaoglu","12":"first","13":"instock","14":"sale","15":"shipping-taxable","16":"purchasable","17":"product-type-simple"},"_links":{"self":[{"href":"https:\/\/roveyayinevi.com.tr\/index.php\/wp-json\/wp\/v2\/product\/760234","targetHints":{"allow":["GET"]}}],"collection":[{"href":"https:\/\/roveyayinevi.com.tr\/index.php\/wp-json\/wp\/v2\/product"}],"about":[{"href":"https:\/\/roveyayinevi.com.tr\/index.php\/wp-json\/wp\/v2\/types\/product"}],"wp:attachment":[{"href":"https:\/\/roveyayinevi.com.tr\/index.php\/wp-json\/wp\/v2\/media?parent=760234"}],"wp:term":[{"taxonomy":"product_brand","embeddable":true,"href":"https:\/\/roveyayinevi.com.tr\/index.php\/wp-json\/wp\/v2\/product_brand?post=760234"},{"taxonomy":"product_cat","embeddable":true,"href":"https:\/\/roveyayinevi.com.tr\/index.php\/wp-json\/wp\/v2\/product_cat?post=760234"},{"taxonomy":"product_tag","embeddable":true,"href":"https:\/\/roveyayinevi.com.tr\/index.php\/wp-json\/wp\/v2\/product_tag?post=760234"}],"curies":[{"name":"wp","href":"https:\/\/api.w.org\/{rel}","templated":true}]}}