{"id":760226,"date":"2025-08-28T08:59:03","date_gmt":"2025-08-28T05:59:03","guid":{"rendered":"https:\/\/roveyayinevi.com.tr\/index.php\/urun\/tirmanan-fasizmin-kitle-psikolojisi\/"},"modified":"2026-04-16T03:13:05","modified_gmt":"2026-04-16T00:13:05","slug":"tirmanan-fasizmin-kitle-psikolojisi","status":"publish","type":"product","link":"https:\/\/roveyayinevi.com.tr\/index.php\/urun\/tirmanan-fasizmin-kitle-psikolojisi\/","title":{"rendered":"T\u0131rmanan Fa\u015fizmin Kitle Psikolojisi"},"content":{"rendered":"<p>D\u00fcnyan\u0131n farkl\u0131 co\u011frafyalar\u0131nda otoriter sa\u011f\u0131n ve fa\u015fist hareketlerin g\u00fc\u00e7lenmesine tan\u0131kl\u0131k ediyoruz. G\u00fcn\u00fcm\u00fcz d\u00fcnyas\u0131 fa\u015fist bir irrasyonalizm kas\u0131rgas\u0131n\u0131n etkisi alt\u0131nda. Dinmek bilmeyen bu kas\u0131rga otoriterlik, milliyet\u00e7ilik, \u0131rk\u00e7\u0131l\u0131k, kad\u0131n d\u00fc\u015fmanl\u0131\u011f\u0131, homofobi, narsisizm, komplo teorileri ve hakikatin \u00f6nemini yitirmesi t\u00fcr\u00fcnden belirtilerle d\u0131\u015favuruyor kendini. \u00dcnl\u00fc Marksist tarih\u00e7i Neil Faulkner bu k\u0131sa ve \u00f6zl\u00fc kitab\u0131nda, Marksist-Freudyen teoriden yararlanarak fa\u015fizmin kitle psikolojisinin g\u00fcncel bir analizini sunuyor. Faulkner, Marksizmi psikanalizle yo\u011fururken ikisinin de s\u0131n\u0131rlar\u0131n\u0131 geni\u015fleten; ancak bunu teorik bir cambazl\u0131k arzusuyla de\u011fil, g\u00fcn\u00fcm\u00fcz\u00fcn yayg\u0131n narsisistik-otoriter ki\u015fili\u011fini ge\u00e7er ak\u00e7e k\u0131lan \u00f6zg\u00fcrl\u00fck korkusu ve psikotik \u00f6fkenin sebeplerini kavrama maksad\u0131yla yap\u0131yor. Fa\u015fizm ile otoriterli\u011fin insanlar\u0131n zihinleri ve ruhlar\u0131na zoraki istikamet iddias\u0131yla \u00e7\u0131kard\u0131\u011f\u0131 bu celbin, esasen demokrasinin ba\u015f\u0131n\u0131 ezmeye \u00e7al\u0131\u015fan neoliberal s\u00f6m\u00fcr\u00fc ve bask\u0131 sistemine hizmet etti\u011fini g\u00f6zler \u00f6n\u00fcne seriyor. \u201cUmut s\u0131n\u0131f m\u00fccadelesindedir. Kapitalizm evreninde ya\u015fanan zihinsel \u0131st\u0131rab\u0131 sona erdirmek, yani narsisizme, otoriterli\u011fe ve fa\u015fizmin kitle psikolojisine yol a\u00e7an toplumsal ko\u015fullar\u0131 ortadan kald\u0131rmak i\u00e7in m\u00fc\u015fterekleri yeniden halka vererek, iktisadi ve toplumsal ya\u015fam \u00fczerinde demokratik bir denetim kurarak, do\u011fa ile toplum aras\u0131ndaki metabolik kopu\u015fu tedavi ederek yabanc\u0131la\u015fman\u0131n \u00fcstesinden gelmek zorunday\u0131z. Sevgi ile eme\u011fin -i\u015fbirli\u011fi, dayan\u0131\u015fma ve \u00f6zg\u00fcrl\u00fc\u011fe dayanan- yeni topluluklarda \u00e7i\u00e7ek a\u00e7abilece\u011fi bir d\u00fcnya yaratmak zorunday\u0131z.\u201d Neil Faulkner <\/p>\n","protected":false},"excerpt":{"rendered":"<p>D\u00fcnyan\u0131n farkl\u0131 co\u011frafyalar\u0131nda otoriter sa\u011f\u0131n ve fa\u015fist hareketlerin g\u00fc\u00e7lenmesine tan\u0131kl\u0131k ediyoruz. G\u00fcn\u00fcm\u00fcz d\u00fcnyas\u0131 fa\u015fist bir irrasyonalizm kas\u0131rgas\u0131n\u0131n etkisi alt\u0131nda. Dinmek bilmeyen bu kas\u0131rga otoriterlik, milliyet\u00e7ilik, \u0131rk\u00e7\u0131l\u0131k,<span class=\"excerpt-hellip\"> [\u2026]<\/span><\/p>\n","protected":false},"featured_media":0,"template":"","meta":{"_monsterinsights_skip_tracking":false,"_monsterinsights_sitenote_active":false,"_monsterinsights_sitenote_note":"","_monsterinsights_sitenote_category":0},"product_brand":[],"product_cat":[13590,12337],"product_tag":[],"class_list":{"0":"post-760226","1":"product","2":"type-product","3":"status-publish","5":"product_cat-arastirma-inceleme-politika-siyaset","6":"product_cat-politika-siyaset","7":"pa_cilt-ciltsiz","8":"pa_tur-kitap","9":"pa_yayinevi-yordam-kitap","10":"pa_yazar-neil-faulkner","12":"first","13":"instock","14":"sale","15":"shipping-taxable","16":"purchasable","17":"product-type-simple"},"_links":{"self":[{"href":"https:\/\/roveyayinevi.com.tr\/index.php\/wp-json\/wp\/v2\/product\/760226","targetHints":{"allow":["GET"]}}],"collection":[{"href":"https:\/\/roveyayinevi.com.tr\/index.php\/wp-json\/wp\/v2\/product"}],"about":[{"href":"https:\/\/roveyayinevi.com.tr\/index.php\/wp-json\/wp\/v2\/types\/product"}],"wp:attachment":[{"href":"https:\/\/roveyayinevi.com.tr\/index.php\/wp-json\/wp\/v2\/media?parent=760226"}],"wp:term":[{"taxonomy":"product_brand","embeddable":true,"href":"https:\/\/roveyayinevi.com.tr\/index.php\/wp-json\/wp\/v2\/product_brand?post=760226"},{"taxonomy":"product_cat","embeddable":true,"href":"https:\/\/roveyayinevi.com.tr\/index.php\/wp-json\/wp\/v2\/product_cat?post=760226"},{"taxonomy":"product_tag","embeddable":true,"href":"https:\/\/roveyayinevi.com.tr\/index.php\/wp-json\/wp\/v2\/product_tag?post=760226"}],"curies":[{"name":"wp","href":"https:\/\/api.w.org\/{rel}","templated":true}]}}