{"id":760218,"date":"2025-08-28T08:58:49","date_gmt":"2025-08-28T05:58:49","guid":{"rendered":"https:\/\/roveyayinevi.com.tr\/index.php\/urun\/bir-kutu-bulursan\/"},"modified":"2026-04-16T03:13:05","modified_gmt":"2026-04-16T00:13:05","slug":"bir-kutu-bulursan","status":"publish","type":"product","link":"https:\/\/roveyayinevi.com.tr\/index.php\/urun\/bir-kutu-bulursan\/","title":{"rendered":"Bir Kutu Bulursan"},"content":{"rendered":"<p>Her \u015fey, Bilge\u2019nin bir KUTU bulmas\u0131 ile ba\u015flad\u0131 asl\u0131nda.Sonra neler mi oldu?Neler olup bitti\u011fini kitab\u0131n arka kapa\u011f\u0131nda anlatamam ama birka\u00e7 ipucu verebilirim: araba, b\u00fcy\u00fcte\u00e7, uzay gemisi, kaykay&#8230;Bunlar ne anlama geliyor dersen, sayfalar aras\u0131nda bir gezintiye \u00e7\u0131k ve ke\u015ffet.Hadi, iki arkada\u015f Bilge ve G\u00fcne\u015f\u2019in s\u0131n\u0131r tan\u0131maz hayal g\u00fcc\u00fc ile tan\u0131\u015f ve ya\u015fad\u0131klar\u0131 maceralara sen de kat\u0131l!<\/p>\n","protected":false},"excerpt":{"rendered":"<p>Her \u015fey, Bilge\u2019nin bir KUTU bulmas\u0131 ile ba\u015flad\u0131 asl\u0131nda.Sonra neler mi oldu?Neler olup bitti\u011fini kitab\u0131n arka kapa\u011f\u0131nda anlatamam ama birka\u00e7 ipucu verebilirim: araba, b\u00fcy\u00fcte\u00e7, uzay gemisi,<span class=\"excerpt-hellip\"> [\u2026]<\/span><\/p>\n","protected":false},"featured_media":0,"template":"","meta":{"_monsterinsights_skip_tracking":false,"_monsterinsights_sitenote_active":false,"_monsterinsights_sitenote_note":"","_monsterinsights_sitenote_category":0},"product_brand":[],"product_cat":[12274,15842],"product_tag":[],"class_list":{"0":"post-760218","1":"product","2":"type-product","3":"status-publish","5":"product_cat-cocuk-ve-genclik-kitaplari","6":"product_cat-egitici-kitaplar","7":"pa_cilt-ciltsiz","8":"pa_tur-kitap","9":"pa_yayinevi-vakifbank-kultur-yayinlari","10":"pa_yazar-ezgi-berk","12":"first","13":"instock","14":"sale","15":"shipping-taxable","16":"purchasable","17":"product-type-simple"},"_links":{"self":[{"href":"https:\/\/roveyayinevi.com.tr\/index.php\/wp-json\/wp\/v2\/product\/760218","targetHints":{"allow":["GET"]}}],"collection":[{"href":"https:\/\/roveyayinevi.com.tr\/index.php\/wp-json\/wp\/v2\/product"}],"about":[{"href":"https:\/\/roveyayinevi.com.tr\/index.php\/wp-json\/wp\/v2\/types\/product"}],"wp:attachment":[{"href":"https:\/\/roveyayinevi.com.tr\/index.php\/wp-json\/wp\/v2\/media?parent=760218"}],"wp:term":[{"taxonomy":"product_brand","embeddable":true,"href":"https:\/\/roveyayinevi.com.tr\/index.php\/wp-json\/wp\/v2\/product_brand?post=760218"},{"taxonomy":"product_cat","embeddable":true,"href":"https:\/\/roveyayinevi.com.tr\/index.php\/wp-json\/wp\/v2\/product_cat?post=760218"},{"taxonomy":"product_tag","embeddable":true,"href":"https:\/\/roveyayinevi.com.tr\/index.php\/wp-json\/wp\/v2\/product_tag?post=760218"}],"curies":[{"name":"wp","href":"https:\/\/api.w.org\/{rel}","templated":true}]}}