{"id":760178,"date":"2025-08-28T08:57:42","date_gmt":"2025-08-28T05:57:42","guid":{"rendered":"https:\/\/roveyayinevi.com.tr\/index.php\/urun\/igircik-vakti\/"},"modified":"2026-04-16T03:13:04","modified_gmt":"2026-04-16T00:13:04","slug":"igircik-vakti","status":"publish","type":"product","link":"https:\/\/roveyayinevi.com.tr\/index.php\/urun\/igircik-vakti\/","title":{"rendered":"I\u011f\u0131rc\u0131k Vakti"},"content":{"rendered":"<p>1980 T\u00fcrkiye\u2019si\u2026 \u0130dealist, heyecanl\u0131 stajyer bir \u00f6\u011fretmenin, Urfa\u2019n\u0131n Suru\u00e7 il\u00e7esindeki bir mezraya atanmas\u0131 ile ba\u015flayan hik\u00e2yesi. Tek amac\u0131 bilimin \u0131\u015f\u0131\u011f\u0131nda insanlar\u0131 e\u011fitmek olan ancak hi\u00e7 istemese de kendini \u201c\u015e\u0131h\u201d olarak bulan muallim, bu durumdan kurtulabilecek mi?   \u0130\u00e7ime biraz sevin\u00e7 biraz da h\u00fcz\u00fcn \u00e7\u00f6km\u00fc\u015ft\u00fc. Buralardan gidece\u011fim hissi sarm\u0131\u015ft\u0131 benli\u011fimi. Ruhumun derinliklerine yeni bir h\u00fcz\u00fcn daha yerle\u015fti. Fakat bu insanlara da \u00e7ok al\u0131\u015fm\u0131\u015ft\u0131m. Ayr\u0131l\u0131k zor olsa da zorunluluk da olmu\u015ftu. Y\u00fcre\u011fimde \u00f6ks\u00fcz bir \u015fekilde b\u00fcy\u00fctt\u00fc\u011f\u00fcm a\u015fk elbette benimle gelecekti. \u0130slim \u201cTenler \u00f6l\u00fcr, canlar \u00f6l\u00fcml\u00fc de\u011fil, a\u015fk\u0131m\u0131z \u00f6l\u00fcms\u00fcz,\u201d dememi\u015f miydi? Ya\u011f\u0131z ve Yolda\u015f benim y\u00e2renlerim. Onlar da ayr\u0131 bir s\u0131z\u0131 olarak duracakt\u0131 sinemde.<\/p>\n","protected":false},"excerpt":{"rendered":"<p>1980 T\u00fcrkiye\u2019si\u2026 \u0130dealist, heyecanl\u0131 stajyer bir \u00f6\u011fretmenin, Urfa\u2019n\u0131n Suru\u00e7 il\u00e7esindeki bir mezraya atanmas\u0131 ile ba\u015flayan hik\u00e2yesi. Tek amac\u0131 bilimin \u0131\u015f\u0131\u011f\u0131nda insanlar\u0131 e\u011fitmek olan ancak hi\u00e7 istemese<span class=\"excerpt-hellip\"> [\u2026]<\/span><\/p>\n","protected":false},"featured_media":0,"template":"","meta":{"_monsterinsights_skip_tracking":false,"_monsterinsights_sitenote_active":false,"_monsterinsights_sitenote_note":"","_monsterinsights_sitenote_category":0},"product_brand":[],"product_cat":[12291,12711],"product_tag":[],"class_list":{"0":"post-760178","1":"product","2":"type-product","3":"status-publish","5":"product_cat-edebiyat","6":"product_cat-roman-oyku","7":"pa_cilt-ciltsiz","8":"pa_tur-kitap","9":"pa_yayinevi-luna-yayinlari","10":"pa_yazar-selim-cakir","12":"first","13":"instock","14":"sale","15":"shipping-taxable","16":"purchasable","17":"product-type-simple"},"_links":{"self":[{"href":"https:\/\/roveyayinevi.com.tr\/index.php\/wp-json\/wp\/v2\/product\/760178","targetHints":{"allow":["GET"]}}],"collection":[{"href":"https:\/\/roveyayinevi.com.tr\/index.php\/wp-json\/wp\/v2\/product"}],"about":[{"href":"https:\/\/roveyayinevi.com.tr\/index.php\/wp-json\/wp\/v2\/types\/product"}],"wp:attachment":[{"href":"https:\/\/roveyayinevi.com.tr\/index.php\/wp-json\/wp\/v2\/media?parent=760178"}],"wp:term":[{"taxonomy":"product_brand","embeddable":true,"href":"https:\/\/roveyayinevi.com.tr\/index.php\/wp-json\/wp\/v2\/product_brand?post=760178"},{"taxonomy":"product_cat","embeddable":true,"href":"https:\/\/roveyayinevi.com.tr\/index.php\/wp-json\/wp\/v2\/product_cat?post=760178"},{"taxonomy":"product_tag","embeddable":true,"href":"https:\/\/roveyayinevi.com.tr\/index.php\/wp-json\/wp\/v2\/product_tag?post=760178"}],"curies":[{"name":"wp","href":"https:\/\/api.w.org\/{rel}","templated":true}]}}