{"id":760170,"date":"2025-08-28T08:57:27","date_gmt":"2025-08-28T05:57:27","guid":{"rendered":"https:\/\/roveyayinevi.com.tr\/index.php\/urun\/futbol-kulubu-felaketinin-gizemi-coscorron-kardesler-dediktiflik-ajansi\/"},"modified":"2026-04-16T03:13:04","modified_gmt":"2026-04-16T00:13:04","slug":"futbol-kulubu-felaketinin-gizemi-coscorron-kardesler-dediktiflik-ajansi","status":"publish","type":"product","link":"https:\/\/roveyayinevi.com.tr\/index.php\/urun\/futbol-kulubu-felaketinin-gizemi-coscorron-kardesler-dediktiflik-ajansi\/","title":{"rendered":"Futbol Kul\u00fcb\u00fc Felaketinin Gizemi &#8211; Coscorron Karde\u015fler Dediktiflik Ajans\u0131"},"content":{"rendered":"<p>Coscorr\u00f3n karde\u015flerin d\u00f6rd\u00fcnc\u00fc olay\u0131 burada! Bu kez tuttuklar\u0131 futbol tak\u0131m\u0131na yard\u0131m et- mek zorundalar. Katastr\u00f3fiko Futbol Kul\u00fcb\u00fc onlarca y\u0131ld\u0131r gol atam\u0131yor ve bu \u015fekilde devam ederlerse onuncu lige d\u00fc\u015fecekler. Ama futbol sahas\u0131nda g\u00f6r\u00fclen g\u00f6lge kimin g\u00f6lgesi? Futbol sa- has\u0131 m\u0131? Ve ne oluyor da \u015fiddetli bir r\u00fczg\u00e2r patl\u0131yor? Coscorr\u00f3n karde\u015fler bu gizemi de \u00e7\u00f6zecek! <\/p>\n","protected":false},"excerpt":{"rendered":"<p>Coscorr\u00f3n karde\u015flerin d\u00f6rd\u00fcnc\u00fc olay\u0131 burada! Bu kez tuttuklar\u0131 futbol tak\u0131m\u0131na yard\u0131m et- mek zorundalar. Katastr\u00f3fiko Futbol Kul\u00fcb\u00fc onlarca y\u0131ld\u0131r gol atam\u0131yor ve bu \u015fekilde devam ederlerse<span class=\"excerpt-hellip\"> [\u2026]<\/span><\/p>\n","protected":false},"featured_media":0,"template":"","meta":{"_monsterinsights_skip_tracking":false,"_monsterinsights_sitenote_active":false,"_monsterinsights_sitenote_note":"","_monsterinsights_sitenote_category":0},"product_brand":[],"product_cat":[12274,12284],"product_tag":[],"class_list":{"0":"post-760170","1":"product","2":"type-product","3":"status-publish","5":"product_cat-cocuk-ve-genclik-kitaplari","6":"product_cat-hikayeler","7":"pa_cilt-ciltsiz","8":"pa_tur-kitap","9":"pa_yayinevi-parmak-cocuk-yayinlari","10":"pa_yazar-anna-cabeza","12":"first","13":"instock","14":"sale","15":"shipping-taxable","16":"purchasable","17":"product-type-simple"},"_links":{"self":[{"href":"https:\/\/roveyayinevi.com.tr\/index.php\/wp-json\/wp\/v2\/product\/760170","targetHints":{"allow":["GET"]}}],"collection":[{"href":"https:\/\/roveyayinevi.com.tr\/index.php\/wp-json\/wp\/v2\/product"}],"about":[{"href":"https:\/\/roveyayinevi.com.tr\/index.php\/wp-json\/wp\/v2\/types\/product"}],"wp:attachment":[{"href":"https:\/\/roveyayinevi.com.tr\/index.php\/wp-json\/wp\/v2\/media?parent=760170"}],"wp:term":[{"taxonomy":"product_brand","embeddable":true,"href":"https:\/\/roveyayinevi.com.tr\/index.php\/wp-json\/wp\/v2\/product_brand?post=760170"},{"taxonomy":"product_cat","embeddable":true,"href":"https:\/\/roveyayinevi.com.tr\/index.php\/wp-json\/wp\/v2\/product_cat?post=760170"},{"taxonomy":"product_tag","embeddable":true,"href":"https:\/\/roveyayinevi.com.tr\/index.php\/wp-json\/wp\/v2\/product_tag?post=760170"}],"curies":[{"name":"wp","href":"https:\/\/api.w.org\/{rel}","templated":true}]}}