{"id":760159,"date":"2025-08-28T08:57:06","date_gmt":"2025-08-28T05:57:06","guid":{"rendered":"https:\/\/roveyayinevi.com.tr\/index.php\/urun\/erken-modern-avrupa-tarihi\/"},"modified":"2026-04-16T03:13:03","modified_gmt":"2026-04-16T00:13:03","slug":"erken-modern-avrupa-tarihi","status":"publish","type":"product","link":"https:\/\/roveyayinevi.com.tr\/index.php\/urun\/erken-modern-avrupa-tarihi\/","title":{"rendered":"Erken Modern Avrupa Tarihi"},"content":{"rendered":"<p>Avrupa\u2019n\u0131n modernli\u011fe giden uzun yolculu\u011funda, dinler ve kiliseler de b\u00fcy\u00fck de\u011fi\u015fimler ya\u015fad\u0131. Orta\u00e7a\u011flar\u0131n bask\u0131n Katolik Kilisesi \u00f6nce siyas\u00ee g\u00fcc\u00fcn\u00fc, sonra da evrensel din\u00ee otoritesini kaybederken, yeni mezhepler, kiliseler ve din yorumlar\u0131 b\u00fct\u00fcn Avrupa\u2019y\u0131 sard\u0131 ve sarst\u0131. Bununla birlikte 16. y\u00fczy\u0131l\u0131n sonunda kurumsalla\u015fan Katolik Reformu, ortaya \u00e7\u0131kan yeni kilse ve din yorumlar\u0131 toplumlar\u0131 b\u00f6len, sava\u015flar\u0131 ba\u015flatan ve bitiren esas unsurlar h\u00e2lini ald\u0131. H\u0131zla \u00e7o\u011falan Katolik tarikatlar, Protestan ve Kalvinist kiliseler erken modern zihniyet de\u011fi\u015fimlerinin k\u00e2h \u00f6nc\u00fcs\u00fc, k\u00e2h neticesi oldu. \u00d6te yandan Avrupa\u2019n\u0131n di\u011fer din ve kiliseleri, \u0130sl\u00e2m, Yahudilik ve Do\u011fu Kiliseleri de kendi i\u00e7lerinde \u00e7e\u015fitli de\u011fi\u015fimler ya\u015fad\u0131. T\u00fcm bunlar\u0131 erken modernite \u00e7er\u00e7evesinde ele alan, alan\u0131n\u0131n uzmanlar\u0131n\u0131 bir araya getiren Erken Modern Avrupa Tarihi, Kiliseler, \u0130nan\u00e7lar ve Mezhepler, Vak\u0131fBank K\u00fclt\u00fcr Yay\u0131nlar\u0131\u2019n\u0131n Erken Modern Avrupa Tarihi serisinin \u00fc\u00e7\u00fcnc\u00fc kitab\u0131.<\/p>\n","protected":false},"excerpt":{"rendered":"<p>Avrupa\u2019n\u0131n modernli\u011fe giden uzun yolculu\u011funda, dinler ve kiliseler de b\u00fcy\u00fck de\u011fi\u015fimler ya\u015fad\u0131. Orta\u00e7a\u011flar\u0131n bask\u0131n Katolik Kilisesi \u00f6nce siyas\u00ee g\u00fcc\u00fcn\u00fc, sonra da evrensel din\u00ee otoritesini kaybederken, yeni<span class=\"excerpt-hellip\"> [\u2026]<\/span><\/p>\n","protected":false},"featured_media":0,"template":"","meta":{"_monsterinsights_skip_tracking":false,"_monsterinsights_sitenote_active":false,"_monsterinsights_sitenote_note":"","_monsterinsights_sitenote_category":0},"product_brand":[],"product_cat":[12370,12304],"product_tag":[],"class_list":{"0":"post-760159","1":"product","2":"type-product","3":"status-publish","5":"product_cat-arastirma-inceleme","6":"product_cat-tarih","7":"pa_cilt-ciltsiz","8":"pa_tur-kitap","9":"pa_yayinevi-vakifbank-kultur-yayinlari","10":"pa_yazar-hamish-scott","12":"first","13":"instock","14":"sale","15":"shipping-taxable","16":"purchasable","17":"product-type-simple"},"_links":{"self":[{"href":"https:\/\/roveyayinevi.com.tr\/index.php\/wp-json\/wp\/v2\/product\/760159","targetHints":{"allow":["GET"]}}],"collection":[{"href":"https:\/\/roveyayinevi.com.tr\/index.php\/wp-json\/wp\/v2\/product"}],"about":[{"href":"https:\/\/roveyayinevi.com.tr\/index.php\/wp-json\/wp\/v2\/types\/product"}],"wp:attachment":[{"href":"https:\/\/roveyayinevi.com.tr\/index.php\/wp-json\/wp\/v2\/media?parent=760159"}],"wp:term":[{"taxonomy":"product_brand","embeddable":true,"href":"https:\/\/roveyayinevi.com.tr\/index.php\/wp-json\/wp\/v2\/product_brand?post=760159"},{"taxonomy":"product_cat","embeddable":true,"href":"https:\/\/roveyayinevi.com.tr\/index.php\/wp-json\/wp\/v2\/product_cat?post=760159"},{"taxonomy":"product_tag","embeddable":true,"href":"https:\/\/roveyayinevi.com.tr\/index.php\/wp-json\/wp\/v2\/product_tag?post=760159"}],"curies":[{"name":"wp","href":"https:\/\/api.w.org\/{rel}","templated":true}]}}

<p>Avrupa’nın modernliğe giden uzun yolculuğunda, dinler ve kiliseler de büyük değişimler yaşadı. Ortaçağların baskın Katolik Kilisesi önce siyasî gücünü, sonra da evrensel dinî otoritesini kaybederken, yeni mezhepler, kiliseler ve din yorumları bütün Avrupa’yı sardı ve sarstı. Bununla birlikte 16. yüzyılın sonunda kurumsallaşan Katolik Reformu, ortaya çıkan yeni kilse ve din yorumları toplumları bölen, savaşları başlatan ve bitiren esas unsurlar hâlini aldı. Hızla çoğalan Katolik tarikatlar, Protestan ve Kalvinist kiliseler erken modern zihniyet değişimlerinin kâh öncüsü, kâh neticesi oldu. Öte yandan Avrupa’nın diğer din ve kiliseleri, İslâm, Yahudilik ve Doğu Kiliseleri de kendi içlerinde çeşitli değişimler yaşadı. Tüm bunları erken modernite çerçevesinde ele alan, alanının uzmanlarını bir araya getiren Erken Modern Avrupa Tarihi, Kiliseler, İnançlar ve Mezhepler, VakıfBank Kültür Yayınları’nın Erken Modern Avrupa Tarihi serisinin üçüncü kitabı.</p>

<p>Avrupa’nın modernliğe giden uzun yolculuğunda, dinler ve kiliseler de büyük değişimler yaşadı. Ortaçağların baskın Katolik Kilisesi önce siyasî gücünü, sonra da evrensel dinî otoritesini kaybederken, yeni<span class="excerpt-hellip"> […]</span></p>
