{"id":760157,"date":"2025-08-28T08:57:01","date_gmt":"2025-08-28T05:57:01","guid":{"rendered":"https:\/\/roveyayinevi.com.tr\/index.php\/urun\/guven-ve-ihanet-citir-citir-felsefe\/"},"modified":"2026-04-16T03:13:03","modified_gmt":"2026-04-16T00:13:03","slug":"guven-ve-ihanet-citir-citir-felsefe","status":"publish","type":"product","link":"https:\/\/roveyayinevi.com.tr\/index.php\/urun\/guven-ve-ihanet-citir-citir-felsefe\/","title":{"rendered":"G\u00fcven ve \u0130hanet &#8211; C\u0327\u0131t\u0131r C\u0327\u0131t\u0131r Felsefe"},"content":{"rendered":"<p>G\u00fcvenme ihtiyac\u0131 m\u0131ihanet korkusu mu daha g\u00fc\u00e7l\u00fc? Ku\u0308c\u0327u\u0308k bu\u0308yu\u0308k herkesin hayat\u0131 sorgulama rehberi, tu\u0308m du\u0308nyan\u0131n okudug\u0306u &#8220;C\u0327\u0131t\u0131r C\u0327\u0131t\u0131r Felsefe&#8221; dizisinin Tu\u0308rkc\u0327e&#8217;deki 34. kitab\u0131 &#8220;gu\u0308ven&#8221; ve &#8220;ihanet&#8221; kavramlar\u0131n\u0131 ele al\u0131yor. Dizinin yarat\u0131c\u0131s\u0131 Brigitte Labbe\u0301, tercihlerimizi belirleyen ve birbirini etkileyenbu iki zor kavram\u0131, yine gu\u0308nlu\u0308k yas\u0327amdan o\u0308rneklerle du\u0308s\u0327u\u0308ndu\u0308ru\u0308yor. Bazen geleceg\u0306imizi belirleyecek bir kararda bazen de ku\u0308c\u0327u\u0308k ama o\u0308nemli ayr\u0131nt\u0131larda beliren gu\u0308venme ihtiyac\u0131n\u0131n ve ihanet korkusunun belirleyici anlam\u0131n\u0131 dog\u0306ru sorular\u0131 sorarak c\u0327okboyutlu irdeliyor.Jacques Azam&#8217;\u0131n zengin mizah anlay\u0131\u015f\u0131n\u0131 yans\u0131tt\u0131\u011f\u0131 desenleriyle renklenen dizinin her kitab\u0131nda, farkl\u0131 bir felsefi kavram ya da temel bir konu ele al\u0131n\u0131yor. Kavramlar, minik \u00f6yk\u00fcler, k\u0131sa k\u0131sa \u00f6rnek durumlar, diyaloglar ya da sorular sayesinde, \u00e7ocuklar\u0131n kolayca anlayabilece\u011fi sadelikte aktar\u0131l\u0131yor. Dizi, \u00e7ocuklar ve felsefe \u00fczerine yap\u0131lan bir\u00e7ok \u00e7al\u0131\u015fmaya da ilham veriyor. \u00c7ok az insana ve sadece iyi tan\u0131d\u0131klar\u0131m\u0131za g\u00fcvendi\u011fimizi san\u0131r\u0131z, ama asl\u0131nda hay\u0131r: Toplumsal ya\u015famda \u00e7ok say\u0131da yabanc\u0131ya g\u00fcveniriz. \u0130lac\u0131m\u0131z\u0131 veren doktora, kombiyi denetleyen tamirciye, param\u0131z\u0131 emanet etti\u011fimiz bankac\u0131ya, yeme\u011fimizi haz\u0131rlayan a\u015f\u00e7\u0131lara\u2026 g\u00fcveniriz. G\u00fcven, kap\u0131lar\u0131n\u0131 kocaman a\u00e7an bir d\u00fcnya kurar. Ancak ihanet, bu kap\u0131lar\u0131 kapat\u0131r, kendimize g\u00fcvenimizi k\u0131rar.<\/p>\n","protected":false},"excerpt":{"rendered":"<p>G\u00fcvenme ihtiyac\u0131 m\u0131ihanet korkusu mu daha g\u00fc\u00e7l\u00fc? Ku\u0308c\u0327u\u0308k bu\u0308yu\u0308k herkesin hayat\u0131 sorgulama rehberi, tu\u0308m du\u0308nyan\u0131n okudug\u0306u &#8220;C\u0327\u0131t\u0131r C\u0327\u0131t\u0131r Felsefe&#8221; dizisinin Tu\u0308rkc\u0327e&#8217;deki 34. kitab\u0131 &#8220;gu\u0308ven&#8221; ve &#8220;ihanet&#8221;<span class=\"excerpt-hellip\"> [\u2026]<\/span><\/p>\n","protected":false},"featured_media":0,"template":"","meta":{"_monsterinsights_skip_tracking":false,"_monsterinsights_sitenote_active":false,"_monsterinsights_sitenote_note":"","_monsterinsights_sitenote_category":0},"product_brand":[],"product_cat":[12275,12274],"product_tag":[],"class_list":{"0":"post-760157","1":"product","2":"type-product","3":"status-publish","5":"product_cat-6-12-yas-kitaplari","6":"product_cat-cocuk-ve-genclik-kitaplari","7":"pa_cilt-ciltsiz","8":"pa_tur-kitap","9":"pa_yayinevi-gunisigi-kitapligi","10":"pa_yazar-brigitte-labbe","12":"first","13":"instock","14":"sale","15":"shipping-taxable","16":"purchasable","17":"product-type-simple"},"_links":{"self":[{"href":"https:\/\/roveyayinevi.com.tr\/index.php\/wp-json\/wp\/v2\/product\/760157","targetHints":{"allow":["GET"]}}],"collection":[{"href":"https:\/\/roveyayinevi.com.tr\/index.php\/wp-json\/wp\/v2\/product"}],"about":[{"href":"https:\/\/roveyayinevi.com.tr\/index.php\/wp-json\/wp\/v2\/types\/product"}],"wp:attachment":[{"href":"https:\/\/roveyayinevi.com.tr\/index.php\/wp-json\/wp\/v2\/media?parent=760157"}],"wp:term":[{"taxonomy":"product_brand","embeddable":true,"href":"https:\/\/roveyayinevi.com.tr\/index.php\/wp-json\/wp\/v2\/product_brand?post=760157"},{"taxonomy":"product_cat","embeddable":true,"href":"https:\/\/roveyayinevi.com.tr\/index.php\/wp-json\/wp\/v2\/product_cat?post=760157"},{"taxonomy":"product_tag","embeddable":true,"href":"https:\/\/roveyayinevi.com.tr\/index.php\/wp-json\/wp\/v2\/product_tag?post=760157"}],"curies":[{"name":"wp","href":"https:\/\/api.w.org\/{rel}","templated":true}]}}