{"id":760134,"date":"2025-08-28T08:56:16","date_gmt":"2025-08-28T05:56:16","guid":{"rendered":"https:\/\/roveyayinevi.com.tr\/index.php\/urun\/boya-sil-boya-4-kitap-set\/"},"modified":"2025-11-21T10:21:15","modified_gmt":"2025-11-21T07:21:15","slug":"boya-sil-boya-4-kitap-set","status":"publish","type":"product","link":"https:\/\/roveyayinevi.com.tr\/index.php\/urun\/boya-sil-boya-4-kitap-set\/","title":{"rendered":"Boya-Sil-Boya (4 Kitap Set)"},"content":{"rendered":"<p>Silinebilen dayan\u0131kl\u0131 sayfalar\u0131 ile Boya-Sil-Boya serisi, \u00e7ocuklar\u0131n el becerilerini geli\u015ftirir. Her seferinde diledikleri gibi renklendirdikleri sayfalar ile yarat\u0131c\u0131l\u0131klar\u0131n\u0131 destekler.Uyar\u0131: Hediye kalemler k\u00fc\u00e7\u00fck par\u00e7alar i\u00e7erir. 3 ya\u015f\u0131n alt\u0131ndaki \u00e7ocuklar\u0131n yeti\u015fkin g\u00f6zetiminde kullanmalar\u0131 uygundur.<\/p>\n","protected":false},"excerpt":{"rendered":"<p>Silinebilen dayan\u0131kl\u0131 sayfalar\u0131 ile Boya-Sil-Boya serisi, \u00e7ocuklar\u0131n el becerilerini geli\u015ftirir. Her seferinde diledikleri gibi renklendirdikleri sayfalar ile yarat\u0131c\u0131l\u0131klar\u0131n\u0131 destekler.Uyar\u0131: Hediye kalemler k\u00fc\u00e7\u00fck par\u00e7alar i\u00e7erir. 3 ya\u015f\u0131n<span class=\"excerpt-hellip\"> [\u2026]<\/span><\/p>\n","protected":false},"featured_media":0,"template":"","meta":{"_monsterinsights_skip_tracking":false,"_monsterinsights_sitenote_active":false,"_monsterinsights_sitenote_note":"","_monsterinsights_sitenote_category":0},"product_brand":[],"product_cat":[12644,12274],"product_tag":[],"class_list":{"0":"post-760134","1":"product","2":"type-product","3":"status-publish","5":"product_cat-boyama-kitaplari","6":"product_cat-cocuk-ve-genclik-kitaplari","7":"pa_cilt-set","8":"pa_tur-kitap","9":"pa_yayinevi-ucan-kitap","10":"pa_yazar-nur-ozdemir","12":"first","13":"instock","14":"sale","15":"shipping-taxable","16":"purchasable","17":"product-type-simple"},"_links":{"self":[{"href":"https:\/\/roveyayinevi.com.tr\/index.php\/wp-json\/wp\/v2\/product\/760134","targetHints":{"allow":["GET"]}}],"collection":[{"href":"https:\/\/roveyayinevi.com.tr\/index.php\/wp-json\/wp\/v2\/product"}],"about":[{"href":"https:\/\/roveyayinevi.com.tr\/index.php\/wp-json\/wp\/v2\/types\/product"}],"wp:attachment":[{"href":"https:\/\/roveyayinevi.com.tr\/index.php\/wp-json\/wp\/v2\/media?parent=760134"}],"wp:term":[{"taxonomy":"product_brand","embeddable":true,"href":"https:\/\/roveyayinevi.com.tr\/index.php\/wp-json\/wp\/v2\/product_brand?post=760134"},{"taxonomy":"product_cat","embeddable":true,"href":"https:\/\/roveyayinevi.com.tr\/index.php\/wp-json\/wp\/v2\/product_cat?post=760134"},{"taxonomy":"product_tag","embeddable":true,"href":"https:\/\/roveyayinevi.com.tr\/index.php\/wp-json\/wp\/v2\/product_tag?post=760134"}],"curies":[{"name":"wp","href":"https:\/\/api.w.org\/{rel}","templated":true}]}}